{"id":62,"date":"2015-06-12T20:20:02","date_gmt":"2015-06-12T23:20:02","guid":{"rendered":"http:\/\/www.saopaulo.sp.leg.br\/zoneamento\/?page_id=62"},"modified":"2016-03-02T16:29:08","modified_gmt":"2016-03-02T19:29:08","slug":"pl-2722015","status":"publish","type":"page","link":"https:\/\/www.saopaulo.sp.leg.br\/zoneamento\/pl-2722015\/","title":{"rendered":"PL 272\/2015"},"content":{"rendered":"<h2>Texto da Lei, mapas e quadros<\/h2>\n<p style=\"text-align: justify\">A Lei de Parcelamento, Uso e Ocupa\u00e7\u00e3o do Solo (PL 272\/2015) est\u00e1 em debate na C\u00e2mara Municipal desde 2 de junho de 2015, quando o Executivo encaminhou o projeto para discuss\u00e3o e vota\u00e7\u00e3o. Foram realizadas mais de 40 audi\u00eancias p\u00fablicas em toda a cidade de S\u00e3o Paulo (<a href=\"http:\/\/www.saopaulo.sp.leg.br\/zoneamento\/audiencias\/\" target=\"_blank\">veja aqui<\/a>) e ap\u00f3s aprova\u00e7\u00e3o,\u00a0com emendas, em primeira vota\u00e7\u00e3o pelo Plen\u00e1rio da C\u00e2mara Municipal de S\u00e3o Paulo, na 300\u00aa Sess\u00e3o Extraordin\u00e1ria realizada\u00a016\/12\/2015, a relatoria da Comiss\u00e3o de Pol\u00edtica Urbana, Metropolitana e Meio Ambiente apresentou, em 20\/2\/2016, uma\u00a0Minuta do Relat\u00f3rio ao PL 272\/15, em conformidade com os vereadores, t\u00e9cnicos e a sociedade. Em 25\/2\/2016 a relatoria publicou o\u00a0<strong>Substitutivo ao Projeto de Lei N\u00ba 272\/15 \u2013 LEI DE ZONEAMENTO<\/strong>,<strong>\u00a0<\/strong>que foi aprovado em segunda vota\u00e7\u00e3o em plen\u00e1rio. Abaixo \u00e9 poss\u00edvel conferir ao parecer da Comiss\u00e3o de Pol\u00edtica Urbana propondo a reda\u00e7\u00e3o final da lei, com os respectivos quadros e mapas.<\/p>\n","protected":false},"excerpt":{"rendered":"<p>Texto da Lei, mapas e quadros A Lei de Parcelamento, Uso e Ocupa\u00e7\u00e3o do Solo (PL 272\/2015) est\u00e1 em debate na C\u00e2mara Municipal desde 2 de junho de 2015, quando o Executivo encaminhou o projeto para discuss\u00e3o e vota\u00e7\u00e3o. Foram realizadas mais de 40 audi\u00eancias p\u00fablicas em toda a cidade de S\u00e3o Paulo (veja aqui)&#8230;  <a class=\"excerpt-read-more\" href=\"https:\/\/www.saopaulo.sp.leg.br\/zoneamento\/pl-2722015\/\" title=\"Read PL 272\/2015\">Ler mais &raquo;<\/a><\/p>\n","protected":false},"author":74,"featured_media":0,"parent":0,"menu_order":0,"comment_status":"open","ping_status":"open","template":"page-arquivos.php","meta":{"footnotes":""},"class_list":["post-62","page","type-page","status-publish","hentry"],"_links":{"self":[{"href":"https:\/\/www.saopaulo.sp.leg.br\/zoneamento\/wp-json\/wp\/v2\/pages\/62","targetHints":{"allow":["GET"]}}],"collection":[{"href":"https:\/\/www.saopaulo.sp.leg.br\/zoneamento\/wp-json\/wp\/v2\/pages"}],"about":[{"href":"https:\/\/www.saopaulo.sp.leg.br\/zoneamento\/wp-json\/wp\/v2\/types\/page"}],"author":[{"embeddable":true,"href":"https:\/\/www.saopaulo.sp.leg.br\/zoneamento\/wp-json\/wp\/v2\/users\/74"}],"replies":[{"embeddable":true,"href":"https:\/\/www.saopaulo.sp.leg.br\/zoneamento\/wp-json\/wp\/v2\/comments?post=62"}],"version-history":[{"count":0,"href":"https:\/\/www.saopaulo.sp.leg.br\/zoneamento\/wp-json\/wp\/v2\/pages\/62\/revisions"}],"wp:attachment":[{"href":"https:\/\/www.saopaulo.sp.leg.br\/zoneamento\/wp-json\/wp\/v2\/media?parent=62"}],"curies":[{"name":"wp","href":"https:\/\/api.w.org\/{rel}","templated":true}]}}