{"id":21,"date":"2015-06-12T17:52:21","date_gmt":"2015-06-12T20:52:21","guid":{"rendered":"http:\/\/www.saopaulo.sp.leg.br\/zoneamento\/?page_id=21"},"modified":"2015-12-14T16:44:26","modified_gmt":"2015-12-14T18:44:26","slug":"agenda","status":"publish","type":"page","link":"https:\/\/www.saopaulo.sp.leg.br\/zoneamento\/agenda\/","title":{"rendered":"Agenda"},"content":{"rendered":"<h2>23\/\u00a0novembro<\/h2>\n<p>A Comiss\u00e3o de Pol\u00edtica Urbana, Metropolitana e meio Ambiente convida para a Audi\u00eancia P\u00fablica Devolutiva que ter\u00e1 como objeto o <strong>\u201cTEXTO PROVIS\u00d3RIO DE RELAT\u00d3RIO COM PROPOSTA DE SUBSTITUTIVO AO PROJETO DE LEI N\u00ba 272\/2015, ENVIADO PELO EXECUTIVO.\u201d<\/strong><br \/>\nLOCAL: C\u00e2mara Municipal de S\u00e3o Paulo \u2013 Sal\u00e3o Nobre \u2013 8\u00ba andar<br \/>\nHOR\u00c1RIO: 19h<\/p>\n<h2>06\/ agosto<\/h2>\n<p>AUDI\u00caNCIA P\u00daBLICA DO PROJETO DE LEI N\u00ba 272\/2015, QUE TRATA DA DISCIPLINA DO PARCELAMENTO, USO E OCUPA\u00c7\u00c3O DO SOLO NO MUNIC\u00cdPIO DE S\u00c3O PAULO<br \/>\nLOCAL \u2013 CEU Caminho do Mar &#8211; Avenida Engenheiro Armando de Arruda Pereira, 5241 &#8211; Regi\u00e3o do Jabaquara<br \/>\nHOR\u00c1RIO: 19h \u00e0s 22h<\/p>\n<h2>08\/ agosto<\/h2>\n<p>AUDI\u00caNCIA P\u00daBLICA DO PROJETO DE LEI N\u00ba 272\/2015, QUE TRATA DA DISCIPLINA DO PARCELAMENTO, USO E OCUPA\u00c7\u00c3O DO SOLO NO MUNIC\u00cdPIO DE S\u00c3O PAULO<br \/>\nLOCAL: Universidade S\u00e3o Francisco \u2013 Rua Antonieta Leit\u00e3o, 129 \u2013 Regi\u00e3o da Freguesia do \u00d3 <i><b>(aguardando confirma\u00e7\u00e3o)<\/b><\/i><br \/>\nHOR\u00c1RIO: 9h30 \u00c0S 12h30<\/p>\n<h2>08\/ agosto<\/h2>\n<p>AUDI\u00caNCIA P\u00daBLICA DO PROJETO DE LEI N\u00ba 272\/2015, QUE TRATA DA DISCIPLINA DO PARCELAMENTO, USO E OCUPA\u00c7\u00c3O DO SOLO NO MUNIC\u00cdPIO DE S\u00c3O PAULO<br \/>\nLOCAL: Centro da Juventude Ruth Cardoso \u2013 Av. Deputado Em\u00edlio Carlos, 3641 \u2013 Regi\u00e3o da Casa Verde <i><b>(aguardando confirma\u00e7\u00e3o)<\/b><\/i><br \/>\nHOR\u00c1RIO: 14h \u00e0s 17h<\/p>\n<h2>10\/ agosto<\/h2>\n<p>TEM\u00c1TICA III &#8211; PROJETO DE LEI N\u00ba 272\/2015 (DISCIPLINA DO PARCELAMENTO, USO E OCUPA\u00c7\u00c3O DO SOLO NO MUNIC\u00cdPIO DE S\u00c3O PAULO)- Zonas relacionadas \u00e0s quest\u00f5es ambientais, de preserva\u00e7\u00e3o cultural e ocupa\u00e7\u00e3o especial: Zonas de Preserva\u00e7\u00e3o e Desenvolvimento Sustent\u00e1vel (ZPDS), Zona Especial de Preserva\u00e7\u00e3o Ambiental (ZEPAM), Zona Especial de Preserva\u00e7\u00e3o (ZEP), Zonas Especiais de Preserva\u00e7\u00e3o Cultural (ZEPECs), Zona de Ocupa\u00e7\u00e3o Especial (ZOE) \/ \u00c1reas P\u00fablicas e Sistema de \u00c1reas Protegidas, \u00c1reas Verdes e Espa\u00e7os Livres<br \/>\nLOCAL: C\u00e2mara Municipal de S\u00e3o Paulo \u2013 Sal\u00e3o Nobre \u2013 8\u00ba andar<br \/>\nHOR\u00c1RIO: 19h \u00e0s 22h<\/p>\n<h2>13\/ agosto<\/h2>\n<p>AUDI\u00caNCIA P\u00daBLICA DO PROJETO DE LEI N\u00ba 272\/2015, QUE TRATA DA DISCIPLINA DO PARCELAMENTO, USO E OCUPA\u00c7\u00c3O DO SOLO NO MUNIC\u00cdPIO DE S\u00c3O PAULO<br \/>\nLOCAL \u2013 FACULDADE S\u00c3O JUDAS &#8211; R. Taquari, 546 \u2013 Regi\u00e3o da Mooca <i><b>(aguardando confirma\u00e7\u00e3o)<\/b><\/i><br \/>\nHOR\u00c1RIO: 19h \u00e0s 22h<\/p>\n<h2>15\/ agosto<\/h2>\n<p>AUDI\u00caNCIA P\u00daBLICA DO PROJETO DE LEI N\u00ba 272\/2015, QUE TRATA DA DISCIPLINA DO PARCELAMENTO, USO E OCUPA\u00c7\u00c3O DO SOLO NO MUNIC\u00cdPIO DE S\u00c3O PAULO<br \/>\nLOCAL: CEU Parque S\u00e3o Carlos &#8211; R Clarear , 643 &#8211; Jardim S\u00e3o Carlos &#8211; Regi\u00e3o de S\u00e3o Miguel<br \/>\nHOR\u00c1RIO: 9h30 \u00c0S 12h30<\/p>\n<h2>15\/ agosto<\/h2>\n<p>AUDI\u00caNCIA P\u00daBLICA DO PROJETO DE LEI N\u00ba 272\/2015, QUE TRATA DA DISCIPLINA DO PARCELAMENTO, USO E OCUPA\u00c7\u00c3O DO SOLO NO MUNIC\u00cdPIO DE S\u00c3O PAULO<br \/>\nLOCAL: CEU Parque Veredas &#8211; Rua Daniel Muller, 347 &#8211; Ch\u00e1cara Dona Ol\u00edvia &#8211; Regi\u00e3o de Itaim Paulista<br \/>\nHOR\u00c1RIO: 14h \u00e0s 17h<\/p>\n<h2>17\/ agosto<\/h2>\n<p>TEM\u00c1TICA IV &#8211; PROJETO DE LEI N\u00ba 272\/2015 (DISCIPLINA DO PARCELAMENTO, USO E OCUPA\u00c7\u00c3O DO SOLO NO MUNIC\u00cdPIO DE S\u00c3O PAULO)- Zonas relacionadas \u00e0 quest\u00e3o do adensamento e da diversifica\u00e7\u00e3o de atividades: Zonas Eixo de Estrutura\u00e7\u00e3o da Transforma\u00e7\u00e3o Urbana (ZEU, ZEUa, ZEUP, ZEUPa), Zonas de Estrutura\u00e7\u00e3o da Transforma\u00e7\u00e3o Metropolitana (ZEM, ZEMP), Zonas Centralidade (ZC e ZCa) e Zonas Mistas (ZM, ZMa)<br \/>\nLOCAL: C\u00e2mara Municipal de S\u00e3o Paulo \u2013 Sal\u00e3o Nobre \u2013 8\u00ba andar<br \/>\nHOR\u00c1RIO: 19h \u00e0s 22h<\/p>\n<h2>20\/ agosto<\/h2>\n<p>AUDI\u00caNCIA P\u00daBLICA DO PROJETO DE LEI N\u00ba 272\/2015, QUE TRATA DA DISCIPLINA DO PARCELAMENTO, USO E OCUPA\u00c7\u00c3O DO SOLO NO MUNIC\u00cdPIO DE S\u00c3O PAULO<br \/>\nLOCAL \u2013 CEU JA\u00c7AN\u00c3 &#8211; Rua Antonio C\u00e9sar Neto, 105 \u2013 Jd. Guapira &#8211; Regi\u00e3o de Ja\u00e7an\u00e3 <i><b>(aguardando confirma\u00e7\u00e3o)<\/b><\/i><br \/>\nHOR\u00c1RIO: 19h \u00e0s 22h<\/p>\n<h2>22\/ agosto<\/h2>\n<p>AUDI\u00caNCIA P\u00daBLICA DO PROJETO DE LEI N\u00ba 272\/2015, QUE TRATA DA DISCIPLINA DO PARCELAMENTO, USO E OCUPA\u00c7\u00c3O DO SOLO NO MUNIC\u00cdPIO DE S\u00c3O PAULO<br \/>\nLOCAL: CEU Cidade Dutra &#8211; Av. Interlagos, 7350 &#8211; Cidade Dutra &#8211; Regi\u00e3o de Capela do Socorro<br \/>\nHOR\u00c1RIO: 9h30 \u00c0S 12h30<\/p>\n<h2>22\/ agosto<\/h2>\n<p>AUDI\u00caNCIA P\u00daBLICA DO PROJETO DE LEI N\u00ba 272\/2015, QUE TRATA DA DISCIPLINA DO PARCELAMENTO, USO E OCUPA\u00c7\u00c3O DO SOLO NO MUNIC\u00cdPIO DE S\u00c3O PAULO<br \/>\nLOCAL: CEU PARELHEIROS &#8211; Rua Jos\u00e9 Pedro de Borba, 20, Jd. Novo Parelheiros &#8211; Regi\u00e3o de Parelheiros<br \/>\nHOR\u00c1RIO: 14h \u00e0s 17h<\/p>\n<h2>24\/ agosto<\/h2>\n<p>TEM\u00c1TICA V &#8211; PROJETO DE LEI N\u00ba 272\/2015 (DISCIPLINA DO PARCELAMENTO, USO E OCUPA\u00c7\u00c3O DO SOLO NO MUNIC\u00cdPIO DE S\u00c3O PAULO)- Zonas relacionadas ao desenvolvimento das atividades produtivas: Zonas de Desenvolvimento Econ\u00f4mico (ZED-1 e ZED-2) e Zonas Predominantemente Industriais (ZPI-1 e ZPI-2).<br \/>\nLOCAL: C\u00e2mara Municipal de S\u00e3o Paulo \u2013 Sal\u00e3o Nobre \u2013 8\u00ba andar<br \/>\nHOR\u00c1RIO: 19h \u00e0s 22h<\/p>\n<h2>29\/ agosto<\/h2>\n<p>AUDI\u00caNCIA P\u00daBLICA DO PROJETO DE LEI N\u00ba 272\/2015, QUE TRATA DA DISCIPLINA DO PARCELAMENTO, USO E OCUPA\u00c7\u00c3O DO SOLO NO MUNIC\u00cdPIO DE S\u00c3O PAULO<br \/>\nLOCAL: CEU PERUS &#8211; Rua Bernardo Jos\u00e9 Lorena, s\/n &#8211; Vila Fanton &#8211; Regi\u00e3o de Perus<br \/>\nHOR\u00c1RIO: 9h30 \u00e0s 12h30<\/p>\n<h2>29\/ agosto<\/h2>\n<p>AUDI\u00caNCIA P\u00daBLICA DO PROJETO DE LEI N\u00ba 272\/2015, QUE TRATA DA DISCIPLINA DO PARCELAMENTO, USO E OCUPA\u00c7\u00c3O DO SOLO NO MUNIC\u00cdPIO DE S\u00c3O PAULO<br \/>\nLOCAL: CEU Vila Atl\u00e2ntica &#8211; Professor Jo\u00e3o Soares Filho &#8211; Rua Coronel Jos\u00e9 Ven\u00e2ncio Dias, 840 &#8211; Jaragu\u00e1- Regi\u00e3o de Pirituba<br \/>\nHOR\u00c1RIO: 14h \u00e0s 17h<\/p>\n<h2>31\/ agosto<\/h2>\n<p>TEM\u00c1TICA VI &#8211; PROJETO DE LEI N\u00ba 272\/2015 (DISCIPLINA DO PARCELAMENTO, USO E OCUPA\u00c7\u00c3O DO SOLO NO MUNIC\u00cdPIO DE S\u00c3O PAULO)- Zonas relacionadas \u00e0s \u00e1reas residenciais e de corredores: Zonas Exclusivamente Residenciais (ZER-1, ZER-2, ZERa), Zona predominantemente Residencial (ZPR) e Zonas Corredores (ZCOR-1, ZCOR-2 ZCOR-3, ZCORa)<br \/>\nLOCAL: C\u00e2mara Municipal de S\u00e3o Paulo \u2013 Sal\u00e3o Nobre \u2013 8\u00ba andar<br \/>\nHOR\u00c1RIO: 19h \u00e0s 22h<\/p>\n<h2>3\/ setembro<\/h2>\n<p>AUDI\u00caNCIA P\u00daBLICA DO PROJETO DE LEI N\u00ba 272\/2015, QUE TRATA DA DISCIPLINA DO PARCELAMENTO, USO E OCUPA\u00c7\u00c3O DO SOLO NO MUNIC\u00cdPIO DE S\u00c3O PAULO<br \/>\nLOCAL: Uninove &#8211; Regi\u00e3o de Vila Maria\/Vila Guilherme <i><b>(aguardando confirma\u00e7\u00e3o)<\/b><\/i><br \/>\nHOR\u00c1RIO: 19h \u00e0s 22h<\/p>\n<h2>10\/ setembro<\/h2>\n<p>AUDI\u00caNCIA P\u00daBLICA DO PROJETO DE LEI N\u00ba 272\/2015, QUE TRATA DA DISCIPLINA DO PARCELAMENTO, USO E OCUPA\u00c7\u00c3O DO SOLO NO MUNIC\u00cdPIO DE S\u00c3O PAULO<br \/>\nLOCAL: Uninove Vergueiro- Regi\u00e3o da S\u00e9 <i><b>(aguardando confirma\u00e7\u00e3o)<\/b><\/i><br \/>\nHOR\u00c1RIO: 19h \u00e0s 22h<\/p>\n<h2>12\/ setembro<\/h2>\n<p>AUDI\u00caNCIA P\u00daBLICA DO PROJETO DE LEI N\u00ba 272\/2015, QUE TRATA DA DISCIPLINA DO PARCELAMENTO, USO E OCUPA\u00c7\u00c3O DO SOLO NO MUNIC\u00cdPIO DE S\u00c3O PAULO<br \/>\nLOCAL: Escola C\u00e1ritas- Regi\u00e3o de S\u00e3o Mateus <i><b>(aguardando confirma\u00e7\u00e3o)<\/b><\/i><br \/>\nHOR\u00c1RIO: 9h30 \u00e0s 12h30<\/p>\n<h2>12\/ setembro<\/h2>\n<p>AUDI\u00caNCIA P\u00daBLICA DO PROJETO DE LEI N\u00ba 272\/2015, QUE TRATA DA DISCIPLINA DO PARCELAMENTO, USO E OCUPA\u00c7\u00c3O DO SOLO NO MUNIC\u00cdPIO DE S\u00c3O PAULO<br \/>\nLOCAL: Regi\u00e3o de Sapopemba <i><b>(aguardando confirma\u00e7\u00e3o)<\/b><\/i><br \/>\nHOR\u00c1RIO: 14h \u00e0s 17h<\/p>\n<h2>14\/ setembro<\/h2>\n<p>AUDI\u00caNCIA P\u00daBLICA DO PROJETO DE LEI N\u00ba 272\/2015, QUE TRATA DA DISCIPLINA DO PARCELAMENTO, USO E OCUPA\u00c7\u00c3O DO SOLO NO MUNIC\u00cdPIO DE S\u00c3O PAULO<br \/>\nLOCAL: Sesc Vila Mariana &#8211; Regi\u00e3o de Vila Mariana <i><b>(aguardando confirma\u00e7\u00e3o)<\/b><\/i><br \/>\nHOR\u00c1RIO: 19h \u00e0s 22h<\/p>\n<h2>17\/ setembro<\/h2>\n<p>AUDI\u00caNCIA P\u00daBLICA DO PROJETO DE LEI N\u00ba 272\/2015, QUE TRATA DA DISCIPLINA DO PARCELAMENTO, USO E OCUPA\u00c7\u00c3O DO SOLO NO MUNIC\u00cdPIO DE S\u00c3O PAULO<br \/>\nLOCAL: C\u00edrculo do Trabalhador Crist\u00e3o &#8211; Regi\u00e3o de Vila Prudente <i><b>(aguardando confirma\u00e7\u00e3o)<\/b><\/i><br \/>\nHOR\u00c1RIO: 19h \u00e0s 22h<\/p>\n<h2>19\/ setembro<\/h2>\n<p>AUDI\u00caNCIA P\u00daBLICA DO PROJETO DE LEI N\u00ba 272\/2015, QUE TRATA DA DISCIPLINA DO PARCELAMENTO, USO E OCUPA\u00c7\u00c3O DO SOLO NO MUNIC\u00cdPIO DE S\u00c3O PAULO<br \/>\nLOCAL: CEU Azul da Cor do Mar &#8211; Regi\u00e3o de Itaquera <i><b>(aguardando confirma\u00e7\u00e3o)<\/b><\/i><br \/>\nHOR\u00c1RIO: 9h30 \u00e0s 12h30<\/p>\n<h2>19\/ setembro<\/h2>\n<p>AUDI\u00caNCIA P\u00daBLICA DO PROJETO DE LEI N\u00ba 272\/2015, QUE TRATA DA DISCIPLINA DO PARCELAMENTO, USO E OCUPA\u00c7\u00c3O DO SOLO NO MUNIC\u00cdPIO DE S\u00c3O PAULO<br \/>\nLOCAL: CEU Aricanduva &#8211; Regi\u00e3o de Aricanduva <i><b>(aguardando confirma\u00e7\u00e3o)<\/b><\/i><br \/>\nHOR\u00c1RIO: 14h \u00e0s 17h<\/p>\n<h2>21\/ setembro<\/h2>\n<p>AUDI\u00caNCIA P\u00daBLICA DO PROJETO DE LEI N\u00ba 272\/2015, QUE TRATA DA DISCIPLINA DO PARCELAMENTO, USO E OCUPA\u00c7\u00c3O DO SOLO NO MUNIC\u00cdPIO DE S\u00c3O PAULO<br \/>\nLOCAL: Sesc Pinheiros &#8211; Regi\u00e3o de Pinheiros <i><b>(aguardando confirma\u00e7\u00e3o)<\/b><\/i><br \/>\nHOR\u00c1RIO: 19h \u00e0s 22h<\/p>\n<h2>24\/ setembro<\/h2>\n<p>AUDI\u00caNCIA P\u00daBLICA DO PROJETO DE LEI N\u00ba 272\/2015, QUE TRATA DA DISCIPLINA DO PARCELAMENTO, USO E OCUPA\u00c7\u00c3O DO SOLO NO MUNIC\u00cdPIO DE S\u00c3O PAULO<br \/>\nLOCAL: Faculdade S\u00e3o Camilo &#8211; Regi\u00e3o de Ipiranga <i><b>(aguardando confirma\u00e7\u00e3o)<\/b><\/i><br \/>\nHOR\u00c1RIO: 19h \u00e0s 22h<\/p>\n<h2>26\/ setembro<\/h2>\n<p>AUDI\u00caNCIA P\u00daBLICA DO PROJETO DE LEI N\u00ba 272\/2015, QUE TRATA DA DISCIPLINA DO PARCELAMENTO, USO E OCUPA\u00c7\u00c3O DO SOLO NO MUNIC\u00cdPIO DE S\u00c3O PAULO<br \/>\nLOCAL: CEU Quinta do Sol &#8211; Av. Luis Imparato, 564 &#8211; Regi\u00e3o de Ermelino Matarazzo <i><b>(aguardando confirma\u00e7\u00e3o)<\/b><\/i><br \/>\nHOR\u00c1RIO: 9h30 \u00e0s 12h30<\/p>\n<h2>26\/ setembro<\/h2>\n<p>AUDI\u00caNCIA P\u00daBLICA DO PROJETO DE LEI N\u00ba 272\/2015, QUE TRATA DA DISCIPLINA DO PARCELAMENTO, USO E OCUPA\u00c7\u00c3O DO SOLO NO MUNIC\u00cdPIO DE S\u00c3O PAULO<br \/>\nLOCAL: CEU Tiquatira &#8211; Av. Condessa Elisabeth de Robiano, s\/n \u2013 Regi\u00e3o da Penha <i><b>(aguardando confirma\u00e7\u00e3o)<\/b><\/i><br \/>\nHOR\u00c1RIO: 14h \u00e0s 17h<\/p>\n<h2>28\/ setembro<\/h2>\n<p>AUDI\u00caNCIA P\u00daBLICA DO PROJETO DE LEI N\u00ba 272\/2015, QUE TRATA DA DISCIPLINA DO PARCELAMENTO, USO E OCUPA\u00c7\u00c3O DO SOLO NO MUNIC\u00cdPIO DE S\u00c3O PAULO<br \/>\nLOCAL: Sesc Pomp\u00e9ia \u2013 Regi\u00e3o da Lapa <i><b>(aguardando confirma\u00e7\u00e3o)<\/b><\/i><br \/>\nHOR\u00c1RIO: 19h \u00e0s 22h<\/p>\n<h2>3\/ outubro<\/h2>\n<p>AUDI\u00caNCIA P\u00daBLICA DO PROJETO DE LEI N\u00ba 272\/2015, QUE TRATA DA DISCIPLINA DO PARCELAMENTO, USO E OCUPA\u00c7\u00c3O DO SOLO NO MUNIC\u00cdPIO DE S\u00c3O PAULO<br \/>\nLOCAL: \u2013 Regi\u00e3o de Santo Amaro <i><b>(aguardando confirma\u00e7\u00e3o)<\/b><\/i><br \/>\nHOR\u00c1RIO: 9h30 \u00e0s 12h30<\/p>\n<h2>3\/ outubro<\/h2>\n<p>AUDI\u00caNCIA P\u00daBLICA DO PROJETO DE LEI N\u00ba 272\/2015, QUE TRATA DA DISCIPLINA DO PARCELAMENTO, USO E OCUPA\u00c7\u00c3O DO SOLO NO MUNIC\u00cdPIO DE S\u00c3O PAULO<br \/>\nLOCAL: CEU BUTANT\u00c3 \u2013 Rua Eng. Heitor Antonio Eiras Garcia, 1700 \/ 1870 \u2013 Jd. Esmeralda &#8211; Regi\u00e3o de Butant\u00e3 <i><b>(aguardando confirma\u00e7\u00e3o)<\/b><\/i><br \/>\nHOR\u00c1RIO: 14h \u00e0s 17h<\/p>\n<h2>A Agenda das Audi\u00eancias Devolutivas ser\u00e1 divulgada em breve<\/h2>\n<p>&nbsp;<\/p>\n<p>TESTEEEEEEEEEEEEE<\/p>\n<h2><\/h2>\n","protected":false},"excerpt":{"rendered":"<p>23\/\u00a0novembro A Comiss\u00e3o de Pol\u00edtica Urbana, Metropolitana e meio Ambiente convida para a Audi\u00eancia P\u00fablica Devolutiva que ter\u00e1 como objeto o \u201cTEXTO PROVIS\u00d3RIO DE RELAT\u00d3RIO COM PROPOSTA DE SUBSTITUTIVO AO PROJETO DE LEI N\u00ba 272\/2015, ENVIADO PELO EXECUTIVO.\u201d LOCAL: C\u00e2mara Municipal de S\u00e3o Paulo \u2013 Sal\u00e3o Nobre \u2013 8\u00ba andar HOR\u00c1RIO: 19h 06\/ agosto AUDI\u00caNCIA&#8230;  <a class=\"excerpt-read-more\" href=\"https:\/\/www.saopaulo.sp.leg.br\/zoneamento\/agenda\/\" title=\"Read Agenda\">Ler mais &raquo;<\/a><\/p>\n","protected":false},"author":74,"featured_media":0,"parent":0,"menu_order":0,"comment_status":"open","ping_status":"open","template":"page-audiencias-agenda.php","meta":{"footnotes":""},"class_list":["post-21","page","type-page","status-publish","hentry"],"_links":{"self":[{"href":"https:\/\/www.saopaulo.sp.leg.br\/zoneamento\/wp-json\/wp\/v2\/pages\/21","targetHints":{"allow":["GET"]}}],"collection":[{"href":"https:\/\/www.saopaulo.sp.leg.br\/zoneamento\/wp-json\/wp\/v2\/pages"}],"about":[{"href":"https:\/\/www.saopaulo.sp.leg.br\/zoneamento\/wp-json\/wp\/v2\/types\/page"}],"author":[{"embeddable":true,"href":"https:\/\/www.saopaulo.sp.leg.br\/zoneamento\/wp-json\/wp\/v2\/users\/74"}],"replies":[{"embeddable":true,"href":"https:\/\/www.saopaulo.sp.leg.br\/zoneamento\/wp-json\/wp\/v2\/comments?post=21"}],"version-history":[{"count":0,"href":"https:\/\/www.saopaulo.sp.leg.br\/zoneamento\/wp-json\/wp\/v2\/pages\/21\/revisions"}],"wp:attachment":[{"href":"https:\/\/www.saopaulo.sp.leg.br\/zoneamento\/wp-json\/wp\/v2\/media?parent=21"}],"curies":[{"name":"wp","href":"https:\/\/api.w.org\/{rel}","templated":true}]}}