{"id":27,"date":"2025-04-11T15:37:31","date_gmt":"2025-04-11T18:37:31","guid":{"rendered":"https:\/\/www.saopaulo.sp.leg.br\/orcamento2026\/?page_id=27"},"modified":"2025-10-30T14:30:48","modified_gmt":"2025-10-30T17:30:48","slug":"audiencias-publicas","status":"publish","type":"page","link":"https:\/\/www.saopaulo.sp.leg.br\/orcamento2026\/audiencias-publicas\/","title":{"rendered":"Audi\u00eancias P\u00fablicas"},"content":{"rendered":"<p style=\"text-align: center\">Participe do <strong>Or\u00e7amento 2026!<\/strong> Envie suas sugest\u00f5es online <a href=\"https:\/\/www.saopaulo.sp.leg.br\/orcamento2026\/participe\/\">aqui<\/a>. Fa\u00e7a suas <a href=\"https:\/\/www.saopaulo.sp.leg.br\/audienciaspublicas\/\" target=\"_blank\" rel=\"noopener\">inscri\u00e7\u00f5es para as videoconfer\u00eancias<\/a>.<\/p>\n<h3 style=\"margin-top: 40px;text-align: center\">Calend\u00e1rio das Audi\u00eancias P\u00fablicas para o Or\u00e7amento 2026<br \/>\n<span style=\"margin-top: 20px;font-weight: normal\">PL 1168\/2025 \u2013 PPA e PL 1169\/2025 \u2013 OR\u00c7AMENTO 2026<\/span><\/h3>\n","protected":false},"excerpt":{"rendered":"<p>Participe do Or\u00e7amento 2026! Envie suas sugest\u00f5es online aqui. Fa\u00e7a suas inscri\u00e7\u00f5es para as videoconfer\u00eancias. Calend\u00e1rio das Audi\u00eancias P\u00fablicas para o Or\u00e7amento 2026 PL 1168\/2025 \u2013 PPA e PL 1169\/2025 \u2013 OR\u00c7AMENTO 2026<\/p>\n","protected":false},"author":733,"featured_media":0,"parent":0,"menu_order":0,"comment_status":"closed","ping_status":"closed","template":"page-audiencias-realizadas.php","meta":{"_acf_changed":false,"footnotes":""},"class_list":["post-27","page","type-page","status-publish","hentry"],"acf":[],"_links":{"self":[{"href":"https:\/\/www.saopaulo.sp.leg.br\/orcamento2026\/wp-json\/wp\/v2\/pages\/27","targetHints":{"allow":["GET"]}}],"collection":[{"href":"https:\/\/www.saopaulo.sp.leg.br\/orcamento2026\/wp-json\/wp\/v2\/pages"}],"about":[{"href":"https:\/\/www.saopaulo.sp.leg.br\/orcamento2026\/wp-json\/wp\/v2\/types\/page"}],"author":[{"embeddable":true,"href":"https:\/\/www.saopaulo.sp.leg.br\/orcamento2026\/wp-json\/wp\/v2\/users\/733"}],"replies":[{"embeddable":true,"href":"https:\/\/www.saopaulo.sp.leg.br\/orcamento2026\/wp-json\/wp\/v2\/comments?post=27"}],"version-history":[{"count":5,"href":"https:\/\/www.saopaulo.sp.leg.br\/orcamento2026\/wp-json\/wp\/v2\/pages\/27\/revisions"}],"predecessor-version":[{"id":298,"href":"https:\/\/www.saopaulo.sp.leg.br\/orcamento2026\/wp-json\/wp\/v2\/pages\/27\/revisions\/298"}],"wp:attachment":[{"href":"https:\/\/www.saopaulo.sp.leg.br\/orcamento2026\/wp-json\/wp\/v2\/media?parent=27"}],"curies":[{"name":"wp","href":"https:\/\/api.w.org\/{rel}","templated":true}]}}