{"id":261,"date":"2021-10-06T17:38:16","date_gmt":"2021-10-06T20:38:16","guid":{"rendered":"https:\/\/www.saopaulo.sp.leg.br\/orcamento2022\/?page_id=261"},"modified":"2021-11-18T16:00:23","modified_gmt":"2021-11-18T19:00:23","slug":"videoconferencia","status":"publish","type":"page","link":"https:\/\/www.saopaulo.sp.leg.br\/orcamento2022\/participe-ppa-orcamento2022\/videoconferencia\/","title":{"rendered":"Videoconfer\u00eancia"},"content":{"rendered":"<h2><strong>Audi\u00eancias P\u00fablicas da Comiss\u00e3o de Finan\u00e7as e Or\u00e7amento<\/strong><\/h2>\n<div class=\"aup_calendario\">\n<div class=\"semana\"><span class=\"data\">20\/10\/2021<\/span><span class=\"hora\">Quarta-feira &#8211; 10h<\/span><\/div>\n<div class=\"info\"><strong>Tema\/Pauta:<\/strong> <a href=\"https:\/\/splegisconsulta.saopaulo.sp.leg.br\/Pesquisa\/DetailsDetalhado?COD_MTRA_LEGL=1&amp;COD_PCSS_CMSP=669&amp;ANO_PCSS_CMSP=2021\" target=\"_blank\" rel=\"noopener\"> PL 669\/2021<\/a> &#8220;Estima a receita e fixa a despesa do Munic\u00edpio de S\u00e3o Paulo para o exerc\u00edcio de 2022.&#8221;<br \/>\n<span class=\"saiba\">Contato:\u00a0<a href=\"mailto:financas@saopaulo.sp.leg.br\" target=\"_blank\" rel=\"noopener\">financas@saopaulo.sp.leg.br <\/a><br \/>\n<\/span><\/div>\n<\/div>\n<div class=\"aup_calendario\">\n<div class=\"semana\"><span class=\"data\">21\/10\/2021<\/span><span class=\"hora\">Quinta-feira &#8211; 10h<\/span><\/div>\n<div class=\"info\"><strong>Tema\/Pauta:<\/strong> <a href=\"https:\/\/splegisconsulta.saopaulo.sp.leg.br\/Pesquisa\/DetailsDetalhado?COD_MTRA_LEGL=1&amp;COD_PCSS_CMSP=676&amp;ANO_PCSS_CMSP=2021\" target=\"_blank\" rel=\"noopener\"> PL 676\/2021<\/a> &#8220;Disp\u00f5e sobre o Plano Plurianual para o quadri\u00eanio 2022-2025.&#8221;<br \/>\n<span class=\"saiba\">Contato:\u00a0<a href=\"mailto:financas@saopaulo.sp.leg.br\" target=\"_blank\" rel=\"noopener\">financas@saopaulo.sp.leg.br <\/a><\/span><\/div>\n<\/div>\n<div class=\"aup_calendario\">\n<div class=\"semana\"><span class=\"data\">26\/10\/2021<\/span><span class=\"hora\">Ter\u00e7a-feira &#8211; 10h<\/span><\/div>\n<div class=\"info\"><strong>Tema\/Pauta:<\/strong> 1\u00aa Audi\u00eancia P\u00fablica Tem\u00e1tica PL <a href=\"https:\/\/splegisconsulta.saopaulo.sp.leg.br\/Pesquisa\/DetailsDetalhado?COD_MTRA_LEGL=1&amp;COD_PCSS_CMSP=669&amp;ANO_PCSS_CMSP=2021\" target=\"_blank\" rel=\"noopener\">669\/2021<\/a> e<a href=\"https:\/\/splegisconsulta.saopaulo.sp.leg.br\/Pesquisa\/DetailsDetalhado?COD_MTRA_LEGL=1&amp;COD_PCSS_CMSP=676&amp;ANO_PCSS_CMSP=2021\" target=\"_blank\" rel=\"noopener\"> 676\/2021<\/a> &#8211; <strong>Cultura e Turismo<\/strong><br \/>\n<span class=\"saiba\">Contato:<a href=\"mailto:financas@saopaulo.sp.leg.br\" target=\"_blank\" rel=\"noopener\"> financas@saopaulo.sp.leg.br <\/a><\/span><\/div>\n<\/div>\n<div class=\"aup_calendario\">\n<div class=\"semana\"><span class=\"data\">27\/10\/2021<\/span><span class=\"hora\">Quarta-feira &#8211; 10h<\/span><\/div>\n<div class=\"info\"><strong>Tema\/Pauta:<\/strong> 2\u00aa Audi\u00eancia P\u00fablica Tem\u00e1tica PL <a href=\"https:\/\/splegisconsulta.saopaulo.sp.leg.br\/Pesquisa\/DetailsDetalhado?COD_MTRA_LEGL=1&amp;COD_PCSS_CMSP=669&amp;ANO_PCSS_CMSP=2021\" target=\"_blank\" rel=\"noopener\">669\/2021<\/a> e<a href=\"https:\/\/splegisconsulta.saopaulo.sp.leg.br\/Pesquisa\/DetailsDetalhado?COD_MTRA_LEGL=1&amp;COD_PCSS_CMSP=676&amp;ANO_PCSS_CMSP=2021\" target=\"_blank\" rel=\"noopener\"> 676\/2021<\/a> &#8211; <strong>Educa\u00e7\u00e3o e Esportes<\/strong><br \/>\n<span class=\"saiba\">Contato:<a href=\"mailto:financas@saopaulo.sp.leg.br\" target=\"_blank\" rel=\"noopener\"> financas@saopaulo.sp.leg.br <\/a><\/span><\/div>\n<\/div>\n<div class=\"aup_calendario\">\n<div class=\"semana\"><span class=\"data\">03\/11\/2021<\/span><span class=\"hora\">Quarta-feira &#8211; 10h<\/span><\/div>\n<div class=\"info\"><strong>Tema\/Pauta:<\/strong> 3\u00aa Audi\u00eancia P\u00fablica Tem\u00e1tica PL <a href=\"https:\/\/splegisconsulta.saopaulo.sp.leg.br\/Pesquisa\/DetailsDetalhado?COD_MTRA_LEGL=1&amp;COD_PCSS_CMSP=669&amp;ANO_PCSS_CMSP=2021\" target=\"_blank\" rel=\"noopener\">669\/2021<\/a> e<a href=\"https:\/\/splegisconsulta.saopaulo.sp.leg.br\/Pesquisa\/DetailsDetalhado?COD_MTRA_LEGL=1&amp;COD_PCSS_CMSP=676&amp;ANO_PCSS_CMSP=2021\" target=\"_blank\" rel=\"noopener\"> 676\/2021<\/a> &#8211; <strong>Meio ambiente e Trabalho<\/strong><br \/>\n<span class=\"saiba\">Contato:<a href=\"mailto:financas@saopaulo.sp.leg.br\" target=\"_blank\" rel=\"noopener\"> financas@saopaulo.sp.leg.br <\/a><\/span><\/div>\n<\/div>\n<div class=\"aup_calendario\">\n<div class=\"semana\"><span class=\"data\">04\/11\/2021<\/span><span class=\"hora\">Quinta-feira &#8211; 10h<\/span><\/div>\n<div class=\"info\"><strong>Tema\/Pauta:<\/strong> 4\u00aa Audi\u00eancia P\u00fablica Tem\u00e1tica PL <a href=\"https:\/\/splegisconsulta.saopaulo.sp.leg.br\/Pesquisa\/DetailsDetalhado?COD_MTRA_LEGL=1&amp;COD_PCSS_CMSP=669&amp;ANO_PCSS_CMSP=2021\" target=\"_blank\" rel=\"noopener\">669\/2021<\/a> e<a href=\"https:\/\/splegisconsulta.saopaulo.sp.leg.br\/Pesquisa\/DetailsDetalhado?COD_MTRA_LEGL=1&amp;COD_PCSS_CMSP=676&amp;ANO_PCSS_CMSP=2021\" target=\"_blank\" rel=\"noopener\"> 676\/2021<\/a> &#8211; <strong>Sa\u00fade<\/strong><br \/>\n<span class=\"saiba\">Contato:<a href=\"mailto:financas@saopaulo.sp.leg.br\" target=\"_blank\" rel=\"noopener\"> financas@saopaulo.sp.leg.br <\/a><\/span><\/div>\n<\/div>\n<div class=\"aup_calendario\">\n<div class=\"semana\"><span class=\"data\">10\/11\/2021<\/span><span class=\"hora\">Quarta-feira &#8211; 10h<\/span><\/div>\n<div class=\"info\"><strong>Tema\/Pauta:<\/strong> 5\u00aa Audi\u00eancia P\u00fablica Tem\u00e1tica PL <a href=\"https:\/\/splegisconsulta.saopaulo.sp.leg.br\/Pesquisa\/DetailsDetalhado?COD_MTRA_LEGL=1&amp;COD_PCSS_CMSP=669&amp;ANO_PCSS_CMSP=2021\" target=\"_blank\" rel=\"noopener\">669\/2021<\/a> e<a href=\"https:\/\/splegisconsulta.saopaulo.sp.leg.br\/Pesquisa\/DetailsDetalhado?COD_MTRA_LEGL=1&amp;COD_PCSS_CMSP=676&amp;ANO_PCSS_CMSP=2021\" target=\"_blank\" rel=\"noopener\"> 676\/2021<\/a> &#8211; <strong>Subprefeituras e Obras<\/strong><br \/>\n<span class=\"saiba\">Contato:<a href=\"mailto:financas@saopaulo.sp.leg.br\" target=\"_blank\" rel=\"noopener\"> financas@saopaulo.sp.leg.br <\/a><\/span><\/div>\n<\/div>\n<div class=\"aup_calendario\">\n<div class=\"semana\"><span class=\"data\">11\/11\/2021<\/span><span class=\"hora\">Quinta-feira &#8211; 10h<\/span><\/div>\n<div class=\"info\"><strong>Tema\/Pauta:<\/strong> 6\u00aa Audi\u00eancia P\u00fablica Tem\u00e1tica PL <a href=\"https:\/\/splegisconsulta.saopaulo.sp.leg.br\/Pesquisa\/DetailsDetalhado?COD_MTRA_LEGL=1&amp;COD_PCSS_CMSP=669&amp;ANO_PCSS_CMSP=2021\" target=\"_blank\" rel=\"noopener\">669\/2021<\/a> e<a href=\"https:\/\/splegisconsulta.saopaulo.sp.leg.br\/Pesquisa\/DetailsDetalhado?COD_MTRA_LEGL=1&amp;COD_PCSS_CMSP=676&amp;ANO_PCSS_CMSP=2021\" target=\"_blank\" rel=\"noopener\"> 676\/2021<\/a> &#8211; <strong>Habita\u00e7\u00e3o, Pessoa com Defici\u00eancia e Inova\u00e7\u00e3o<\/strong><br \/>\n<span class=\"saiba\">Contato:<a href=\"mailto:financas@saopaulo.sp.leg.br\" target=\"_blank\" rel=\"noopener\"> financas@saopaulo.sp.leg.br <\/a><\/span><\/div>\n<\/div>\n<div class=\"aup_calendario\">\n<div class=\"semana\"><span class=\"data\">17\/11\/2021<\/span><span class=\"hora\">Quarta-feira &#8211; 10h<\/span><\/div>\n<div class=\"info\"><strong>Tema\/Pauta:<\/strong> 7\u00aa Audi\u00eancia P\u00fablica Tem\u00e1tica PL <a href=\"https:\/\/splegisconsulta.saopaulo.sp.leg.br\/Pesquisa\/DetailsDetalhado?COD_MTRA_LEGL=1&amp;COD_PCSS_CMSP=669&amp;ANO_PCSS_CMSP=2021\" target=\"_blank\" rel=\"noopener\">669\/2021<\/a> e<a href=\"https:\/\/splegisconsulta.saopaulo.sp.leg.br\/Pesquisa\/DetailsDetalhado?COD_MTRA_LEGL=1&amp;COD_PCSS_CMSP=676&amp;ANO_PCSS_CMSP=2021\" target=\"_blank\" rel=\"noopener\"> 676\/2021<\/a> &#8211; <strong>Transporte e Seguran\u00e7a<\/strong><br \/>\n<span class=\"saiba\">Contato:<a href=\"mailto:financas@saopaulo.sp.leg.br\" target=\"_blank\" rel=\"noopener\"> financas@saopaulo.sp.leg.br <\/a><\/span><\/div>\n<\/div>\n<div class=\"aup_calendario\">\n<div class=\"semana\"><span class=\"data\">18\/11\/2021<\/span><span class=\"hora\">Quinta-feira &#8211; 10h<\/span><\/div>\n<div class=\"info\"><strong>Tema\/Pauta:<\/strong> 8\u00aa Audi\u00eancia P\u00fablica Tem\u00e1tica PL <a href=\"https:\/\/splegisconsulta.saopaulo.sp.leg.br\/Pesquisa\/DetailsDetalhado?COD_MTRA_LEGL=1&amp;COD_PCSS_CMSP=669&amp;ANO_PCSS_CMSP=2021\" target=\"_blank\" rel=\"noopener\">669\/2021<\/a> e<a href=\"https:\/\/splegisconsulta.saopaulo.sp.leg.br\/Pesquisa\/DetailsDetalhado?COD_MTRA_LEGL=1&amp;COD_PCSS_CMSP=676&amp;ANO_PCSS_CMSP=2021\" target=\"_blank\" rel=\"noopener\"> 676\/2021<\/a> &#8211; <strong>Cultura<\/strong><br \/>\n<span class=\"saiba\">Contato:<a href=\"mailto:financas@saopaulo.sp.leg.br\" target=\"_blank\" rel=\"noopener\"> financas@saopaulo.sp.leg.br <\/a><\/span><\/div>\n<\/div>\n<div class=\"aup_calendario\">\n<div class=\"semana\"><span class=\"data\">23\/11\/2021<\/span><span class=\"hora\">Ter\u00e7a-feira &#8211; 10h<\/span><\/div>\n<div class=\"info\"><strong>Tema\/Pauta:<\/strong> 9\u00aa Audi\u00eancia P\u00fablica Tem\u00e1tica PL <a href=\"https:\/\/splegisconsulta.saopaulo.sp.leg.br\/Pesquisa\/DetailsDetalhado?COD_MTRA_LEGL=1&amp;COD_PCSS_CMSP=669&amp;ANO_PCSS_CMSP=2021\" target=\"_blank\" rel=\"noopener\">669\/2021<\/a> e<a href=\"https:\/\/splegisconsulta.saopaulo.sp.leg.br\/Pesquisa\/DetailsDetalhado?COD_MTRA_LEGL=1&amp;COD_PCSS_CMSP=676&amp;ANO_PCSS_CMSP=2021\" target=\"_blank\" rel=\"noopener\"> 676\/2021<\/a> &#8211; <strong>Assist\u00eancia Social e Direitos Humanos<\/strong><br \/>\n<span class=\"saiba\">Contato:<a href=\"mailto:financas@saopaulo.sp.leg.br\" target=\"_blank\" rel=\"noopener\"> financas@saopaulo.sp.leg.br <\/a><\/span><\/div>\n<\/div>\n<div class=\"aup_calendario\">\n<div class=\"semana\"><span class=\"data\">24\/11\/2021<\/span><span class=\"hora\">Quarta-feira &#8211; 10h<\/span><\/div>\n<div class=\"info\"><strong>Tema\/Pauta:<\/strong> 2\u00ba Audi\u00eancia Geral &#8211; PL <a href=\"https:\/\/splegisconsulta.saopaulo.sp.leg.br\/Pesquisa\/DetailsDetalhado?COD_MTRA_LEGL=1&amp;COD_PCSS_CMSP=669&amp;ANO_PCSS_CMSP=2021\" target=\"_blank\" rel=\"noopener\">669\/2021 Or\u00e7amento 2022<\/a> e <a href=\"https:\/\/splegisconsulta.saopaulo.sp.leg.br\/Pesquisa\/DetailsDetalhado?COD_MTRA_LEGL=1&amp;COD_PCSS_CMSP=676&amp;ANO_PCSS_CMSP=2021\" target=\"_blank\" rel=\"noopener\">676\/2021 &#8211; PPA 2022-2025<\/a><br \/>\n<span class=\"saiba\">Contato:<a href=\"mailto:financas@saopaulo.sp.leg.br\" target=\"_blank\" rel=\"noopener\"> financas@saopaulo.sp.leg.br <\/a><\/span><\/div>\n<\/div>\n<div style=\"padding: 20px 0 0\">\n<h2 style=\"text-align: center\">Instru\u00e7\u00f5es para participa\u00e7\u00e3o por videoconfer\u00eancia<br \/>\nnas Audi\u00eancias P\u00fablicas Virtuais<\/h2>\n<div style=\"padding: 0 20px;font-size: 14px;text-align: justify\">\n<p>1 \u2013 Preencha a ficha completa de inscri\u00e7\u00e3o abaixo. Os dados pessoais dos inscritos s\u00e3o confidenciais e n\u00e3o ser\u00e3o disponibilizados a terceiros, constando de lista p\u00fablica apenas o nome completo de cada orador.<\/p>\n<p>2 &#8211; As inscri\u00e7\u00f5es para fala ser\u00e3o registradas por ordem de recebimento, limitadas a uma inscri\u00e7\u00e3o por orador.<\/p>\n<p>3 &#8211; Os inscritos receber\u00e3o mensagem da Secretaria da Comiss\u00e3o pelo contato disponibilizado no cadastro. A mensagem conter\u00e1 instru\u00e7\u00f5es gerais e um link intransfer\u00edvel para acesso \u00e0 videoconfer\u00eancia.<\/p>\n<p>4 &#8211; No dia do evento, acesse o link recebido a partir de um dispositivo dotado de microfone, c\u00e2mera e conex\u00e3o \u00e0 internet. \u00c9 necess\u00e1rio instalar previamente o aplicativo Microsoft Teams (<a href=\"https:\/\/www.microsoft.com\/pt-br\/microsoft-365\/microsoft-teams\/download-app\" target=\"_blank\" rel=\"noopener noreferrer\">clique aqui para baixar<\/a>).<\/p>\n<p>5 &#8211; O evento ser\u00e1 transmitido ao vivo pelo portal da C\u00e2mara Municipal de S\u00e3o Paulo (<a href=\"http:\/\/www.saopaulo.sp.leg.br\/transparencia\/auditorios-online\/\" target=\"_blank\" rel=\"noopener noreferrer\">na Se\u00e7\u00e3o Audit\u00f3rios Online<\/a>) e pelo\u00a0<a href=\"https:\/\/www.youtube.com\/camarasaopaulo\" target=\"_blank\" rel=\"noopener noreferrer\">canal de Youtube da C\u00e2mara<\/a>.<\/p>\n<p>6 &#8211; Cada orador dispor\u00e1 de 3 minutos para se manifestar.<\/p>\n<p>7 &#8211; <strong>Ser\u00e3o registradas para participa\u00e7\u00e3o as primeiras 20 inscri\u00e7\u00f5es recebidas<\/strong>. O orador ser\u00e1 informado de sua posi\u00e7\u00e3o na fila. Atingido o limite de inscritos, novas inscri\u00e7\u00f5es ser\u00e3o bloqueadas.<\/p>\n<p>8 &#8211; No dia da Audi\u00eancia Publica Virtual, havendo tempo dispon\u00edvel e\/ou diante da aus\u00eancia ou desist\u00eancia de oradores cadastrados, as inscri\u00e7\u00f5es poder\u00e3o ser reabertas pelo site durante o evento, para credenciamento imediato de novos interessados em participar que estejam acompanhando o evento ao vivo.<\/p>\n<p>9 \u2013 Manifesta\u00e7\u00f5es desrespeitosas ou que perturbem o regular andamento dos trabalhos implicar\u00e3o na remo\u00e7\u00e3o do orador do ambiente virtual.<\/p>\n<\/div>\n<\/div>\n<h2><strong>Formul\u00e1rio de Inscri\u00e7\u00e3o<\/strong><\/h2>\n<div>\n<div style=\"padding: 10px 20px 5px;font-size: 14px;text-align: justify\">\n<p>1 \u2013 O preenchimento correto da inscri\u00e7\u00e3o \u00e9 <strong>fundamental para a participa\u00e7\u00e3o<\/strong>.<\/p>\n<p>2 \u2013 <strong>Todos os campos s\u00e3o obrigat\u00f3rios<\/strong>.<\/p>\n<p>3 \u2013 N\u00e3o escolha Audi\u00eancia diferente da que voc\u00ea deseja participar. <strong>Sua manifesta\u00e7\u00e3o ser\u00e1 inviabilizada<\/strong>.<\/p>\n<p>4 \u2013 Caso a Audi\u00eancia escolhida j\u00e1 esteja com as inscri\u00e7\u00f5es para participa\u00e7\u00e3o virtual encerradas, n\u00e3o se encontrando no Menu de op\u00e7\u00f5es, ainda h\u00e1 possibilidade de participa\u00e7\u00e3o via formul\u00e1rio digital. <strong>Acesso via link abaixo do formul\u00e1rio.<\/strong><\/p>\n<\/div>\n\n<div class=\"wpcf7 no-js\" id=\"wpcf7-f259-o1\" lang=\"pt-BR\" dir=\"ltr\" data-wpcf7-id=\"259\">\n<div class=\"screen-reader-response\"><p role=\"status\" aria-live=\"polite\" aria-atomic=\"true\"><\/p> <ul><\/ul><\/div>\n<form action=\"\/orcamento2022\/wp-json\/wp\/v2\/pages\/261#wpcf7-f259-o1\" method=\"post\" class=\"wpcf7-form init\" aria-label=\"Formul\u00e1rios de contato\" novalidate=\"novalidate\" data-status=\"init\">\n<fieldset class=\"hidden-fields-container\"><input type=\"hidden\" name=\"_wpcf7\" value=\"259\" \/><input type=\"hidden\" name=\"_wpcf7_version\" value=\"6.1.5\" \/><input type=\"hidden\" name=\"_wpcf7_locale\" value=\"pt_BR\" \/><input type=\"hidden\" name=\"_wpcf7_unit_tag\" value=\"wpcf7-f259-o1\" \/><input type=\"hidden\" name=\"_wpcf7_container_post\" value=\"0\" \/><input type=\"hidden\" name=\"_wpcf7_posted_data_hash\" value=\"\" \/>\n<\/fieldset>\n<p><label> Selecione aqui a audi\u00eancia da qual deseja participar (* OBRIGAT\u00d3RIO) <\/label><br \/>\n<span class=\"wpcf7-form-control-wrap\" data-name=\"escolha-aud\"><span class=\"wpcf7-form-control wpcf7-radio\"><\/span><\/span>\n<\/p>\n<p><label style=\"padding-top: 10px\"> Nome Completo<br \/>\n<span class=\"wpcf7-form-control-wrap\" data-name=\"partic-nome\"><input size=\"40\" maxlength=\"400\" class=\"wpcf7-form-control wpcf7-text wpcf7-validates-as-required\" aria-required=\"true\" aria-invalid=\"false\" value=\"\" type=\"text\" name=\"partic-nome\" \/><\/span> <\/label>\n<\/p>\n<p><label> Associa\u00e7\u00e3o\/Entidade\/Coletivo<br \/>\n<span class=\"wpcf7-form-control-wrap\" data-name=\"partic-inst\"><input size=\"40\" maxlength=\"400\" class=\"wpcf7-form-control wpcf7-text\" aria-invalid=\"false\" value=\"\" type=\"text\" name=\"partic-inst\" \/><\/span> <\/label>\n<\/p>\n<p><label> E-mail<br \/>\n<span class=\"wpcf7-form-control-wrap\" data-name=\"partic-email\"><input size=\"40\" maxlength=\"400\" class=\"wpcf7-form-control wpcf7-email wpcf7-validates-as-required wpcf7-text wpcf7-validates-as-email\" aria-required=\"true\" aria-invalid=\"false\" value=\"\" type=\"email\" name=\"partic-email\" \/><\/span> <\/label>\n<\/p>\n<p><label> N\u00ba de Documento (CPF ou RG)<br \/>\n<span class=\"wpcf7-form-control-wrap\" data-name=\"partic-doc\"><input size=\"40\" maxlength=\"400\" class=\"wpcf7-form-control wpcf7-text wpcf7-validates-as-required\" aria-required=\"true\" aria-invalid=\"false\" value=\"\" type=\"text\" name=\"partic-doc\" \/><\/span> <\/label>\n<\/p>\n<p><label> Contato\/WhatsApp<br \/>\n<span class=\"wpcf7-form-control-wrap\" data-name=\"partic-tel\"><input size=\"40\" maxlength=\"400\" class=\"wpcf7-form-control wpcf7-text wpcf7-validates-as-required\" aria-required=\"true\" aria-invalid=\"false\" value=\"\" type=\"text\" name=\"partic-tel\" \/><\/span> <\/label>\n<\/p>\n<p><label> Selecione o item sobre o qual deseja se manifestar: (* OBRIGAT\u00d3RIO) <\/label><br \/>\n<span class=\"wpcf7-form-control-wrap\" data-name=\"Propostapara\"><span class=\"wpcf7-form-control wpcf7-radio\"><span class=\"wpcf7-list-item first\"><input type=\"radio\" name=\"Propostapara\" value=\"Or\u00e7amento 2022\" \/><span class=\"wpcf7-list-item-label\">Or\u00e7amento 2022<\/span><\/span><span class=\"wpcf7-list-item last\"><input type=\"radio\" name=\"Propostapara\" value=\"PPA 2022 - 2025\" \/><span class=\"wpcf7-list-item-label\">PPA 2022 - 2025<\/span><\/span><\/span><\/span>\n<\/p>\n<p><label>Termo de Consentimento<\/label>\n<\/p>\n<p style=\"text-align:justify\">Nos termos da <b>Lei Geral de Prote\u00e7\u00e3o de Dados (lei 13.709, de 2018)<\/b> e da Pol\u00edtica de Privacidade deste s\u00edtio (<a href=\"https:\/\/www.saopaulo.sp.leg.br\/lgpd\/\" target=\"_blank\">link<\/a>), para registro de sua mensagem \u00e9 necess\u00e1rio que o titular consinta que a C\u00e2mara Municipal de S\u00e3o Paulo colha seu nome, e-mail, telefone e CPF\/CNPJ, com as seguintes finalidades:\n<\/p>\n<ul>\n\t<li>\n\t\t<p><b>Nome:<\/b> permitir a identifica\u00e7\u00e3o do usu\u00e1rio;\n\t\t<\/p>\n\t<\/li>\n\t<li>\n\t\t<p><b>E-mail:<\/b> permitir o envio de resposta \u00e0 mensagem;\n\t\t<\/p>\n\t<\/li>\n\t<li>\n\t\t<p><b>Telefone:<\/b> permitir o envio de resposta \u00e0 mensagem;\n\t\t<\/p>\n\t<\/li>\n\t<li>\n\t\t<p><b>CPF\/CNPJ:<\/b> permitir a identifica\u00e7\u00e3o do usu\u00e1rio.\n\t\t<\/p>\n\t<\/li>\n<\/ul>\n<p>Os dados ficar\u00e3o retidos, salvo pedido expresso em contr\u00e1rio.\n<\/p>\n<p><span class=\"wpcf7-form-control-wrap\" data-name=\"consentimento-lgpd\"><span class=\"wpcf7-form-control wpcf7-acceptance\"><span class=\"wpcf7-list-item\"><label><input type=\"checkbox\" name=\"consentimento-lgpd\" value=\"1\" aria-invalid=\"false\" \/><span class=\"wpcf7-list-item-label\"><span><b>Eu concordo.<\/b> <small>A concord\u00e2ncia \u00e9 indispens\u00e1vel \u00e0 continuidade do atendimento.<\/small><\/span><\/span><\/label><\/span><\/span><\/span>\n<\/p>\n<p><label>C\u00f3digo captcha<\/label><br \/>\n<strong>Warning:<\/strong> The <a href=\"https:\/\/wordpress.org\/plugins\/really-simple-captcha\/\">Really Simple CAPTCHA<\/a> plugin is not active.\n<\/p>\n<p><label>Digite o c\u00f3digo acima:<\/label><br \/>\n<span class=\"wpcf7-form-control-wrap\" data-name=\"your-captcha\"><input size=\"40\" class=\"wpcf7-form-control wpcf7-captchar\" autocomplete=\"off\" aria-invalid=\"false\" value=\"\" type=\"text\" name=\"your-captcha\" \/><\/span>\n<\/p>\n<p><input class=\"wpcf7-form-control wpcf7-submit has-spinner\" type=\"submit\" value=\"Enviar\" \/>\n<\/p><div class=\"wpcf7-response-output\" aria-hidden=\"true\"><\/div>\n<\/form>\n<\/div>\n\n<\/div>\n<p>Independente da intera\u00e7\u00e3o ao vivo por videoconfer\u00eancia, a participa\u00e7\u00e3o ampla \u00e9 assegurada atrav\u00e9s das mensagens por escrito. Encaminhe sua manifesta\u00e7\u00e3o para a Comiss\u00e3o atrav\u00e9s do formul\u00e1rio eletr\u00f4nico dispon\u00edvel abaixo.<\/p>\n<p><a class=\"linkDestaque\" style=\"margin-top: 15px\" href=\"https:\/\/forms.gle\/7JhcqgBzx3y4aE9e9\" target=\"_blank\" rel=\"noopener noreferrer\">Envie a sua proposta para o Or\u00e7amento 2022 e PPA 2022-2025<\/a><br \/>\nCaso n\u00e3o possa, por qualquer motivo, participar da videoconfer\u00eancia ou se manifestar atrav\u00e9s do formul\u00e1rio, voc\u00ea pode entregar sua proposta pessoalmente no SGP 22 (protocolo legislativo) que fica no 1\u00ba andar, sala n\u00ba 142, ou enviar pelo e-mail <a href=\"mailto:orcamentosp2022@gmail.com\">orcamentosp2022@gmail.com<\/a> ou ainda na Secretaria da Comiss\u00e3o, 2\u00ba andar na sala 213 A ou 210.<\/p>\n<p>Ambos no seguinte endere\u00e7o: Viaduto Jacare\u00ed n\u00ba 100 no bairro da Bela Vista.<\/p>\n","protected":false},"excerpt":{"rendered":"<p>Audi\u00eancias P\u00fablicas da Comiss\u00e3o de Finan\u00e7as e Or\u00e7amento 20\/10\/2021Quarta-feira &#8211; 10h Tema\/Pauta: PL 669\/2021 &#8220;Estima a receita e fixa a despesa do Munic\u00edpio de S\u00e3o Paulo para o exerc\u00edcio de 2022.&#8221; Contato:\u00a0financas@saopaulo.sp.leg.br 21\/10\/2021Quinta-feira &#8211; 10h Tema\/Pauta: PL 676\/2021 &#8220;Disp\u00f5e sobre o Plano Plurianual para o quadri\u00eanio 2022-2025.&#8221; Contato:\u00a0financas@saopaulo.sp.leg.br 26\/10\/2021Ter\u00e7a-feira &#8211; 10h Tema\/Pauta: 1\u00aa Audi\u00eancia P\u00fablica&#8230;  <a class=\"excerpt-read-more\" href=\"https:\/\/www.saopaulo.sp.leg.br\/orcamento2022\/participe-ppa-orcamento2022\/videoconferencia\/\" title=\"Read Videoconfer\u00eancia\">Ler mais &raquo;<\/a><\/p>\n","protected":false},"author":733,"featured_media":0,"parent":33,"menu_order":0,"comment_status":"closed","ping_status":"closed","template":"","meta":{"_acf_changed":false,"footnotes":""},"class_list":["post-261","page","type-page","status-publish","hentry"],"acf":[],"_links":{"self":[{"href":"https:\/\/www.saopaulo.sp.leg.br\/orcamento2022\/wp-json\/wp\/v2\/pages\/261","targetHints":{"allow":["GET"]}}],"collection":[{"href":"https:\/\/www.saopaulo.sp.leg.br\/orcamento2022\/wp-json\/wp\/v2\/pages"}],"about":[{"href":"https:\/\/www.saopaulo.sp.leg.br\/orcamento2022\/wp-json\/wp\/v2\/types\/page"}],"author":[{"embeddable":true,"href":"https:\/\/www.saopaulo.sp.leg.br\/orcamento2022\/wp-json\/wp\/v2\/users\/733"}],"replies":[{"embeddable":true,"href":"https:\/\/www.saopaulo.sp.leg.br\/orcamento2022\/wp-json\/wp\/v2\/comments?post=261"}],"version-history":[{"count":0,"href":"https:\/\/www.saopaulo.sp.leg.br\/orcamento2022\/wp-json\/wp\/v2\/pages\/261\/revisions"}],"up":[{"embeddable":true,"href":"https:\/\/www.saopaulo.sp.leg.br\/orcamento2022\/wp-json\/wp\/v2\/pages\/33"}],"wp:attachment":[{"href":"https:\/\/www.saopaulo.sp.leg.br\/orcamento2022\/wp-json\/wp\/v2\/media?parent=261"}],"curies":[{"name":"wp","href":"https:\/\/api.w.org\/{rel}","templated":true}]}}