{"id":19,"date":"2014-11-04T15:01:32","date_gmt":"2014-11-04T18:01:32","guid":{"rendered":"http:\/\/www.saopaulo.sp.leg.br\/transparencia\/orcamentos-da-camara\/?page_id=19"},"modified":"2017-02-14T20:01:40","modified_gmt":"2017-02-14T20:01:40","slug":"contato","status":"publish","type":"page","link":"https:\/\/www.saopaulo.sp.leg.br\/orcamento2015\/contato\/","title":{"rendered":"Vereadores"},"content":{"rendered":"<p>Veja abaixo os membros da Comiss\u00e3o de Finan\u00e7as e Or\u00e7amento, os principais respons\u00e1veis por analisar e propor altera\u00e7\u00f5es na proposta or\u00e7ament\u00e1ria enviada pelo Executivo. Clicando nas imagens voc\u00ea ter\u00e1 acesso \u00e0 p\u00e1gina pessoal do parlamentar no portal da C\u00e2mara.<\/p>\n<table class=\"tg\">\n<tbody>\n<tr>\n<th class=\"tg-031e\" style=\"text-align: center\"><a href=\"http:\/\/www.saopaulo.sp.leg.br\/vereador\/milton-leite\" target=\"_blank\"><img loading=\"lazy\" decoding=\"async\" class=\"aligncenter size-full wp-image-111\" src=\"http:\/\/www.saopaulo.sp.leg.br\/orcamento2015\/wp-content\/uploads\/sites\/11\/2014\/11\/milton-leite.jpg\" alt=\"milton-leite\" width=\"200\" height=\"150\" srcset=\"https:\/\/www.saopaulo.sp.leg.br\/orcamento2015\/wp-content\/uploads\/sites\/11\/2014\/11\/milton-leite.jpg 200w, https:\/\/www.saopaulo.sp.leg.br\/orcamento2015\/wp-content\/uploads\/sites\/11\/2014\/11\/milton-leite-135x100.jpg 135w\" sizes=\"auto, (max-width: 200px) 100vw, 200px\" \/><\/a><a href=\"http:\/\/www.saopaulo.sp.leg.br\/vereador\/milton-leite\" target=\"_blank\">Presidente<\/a><br \/>\n<a href=\"http:\/\/www.saopaulo.sp.leg.br\/vereador\/milton-leite\" target=\"_blank\"> Milton Leite (DEM)<\/a><\/th>\n<th class=\"tg-031e\" style=\"text-align: center\"><a href=\"http:\/\/www.saopaulo.sp.leg.br\/vereador\/laercio-benko\" target=\"_blank\"><img loading=\"lazy\" decoding=\"async\" class=\"aligncenter size-full wp-image-110\" src=\"http:\/\/www.saopaulo.sp.leg.br\/orcamento2015\/wp-content\/uploads\/sites\/11\/2014\/11\/laercio-benko.jpg\" alt=\"laercio-benko\" width=\"200\" height=\"150\" srcset=\"https:\/\/www.saopaulo.sp.leg.br\/orcamento2015\/wp-content\/uploads\/sites\/11\/2014\/11\/laercio-benko.jpg 200w, https:\/\/www.saopaulo.sp.leg.br\/orcamento2015\/wp-content\/uploads\/sites\/11\/2014\/11\/laercio-benko-135x100.jpg 135w\" sizes=\"auto, (max-width: 200px) 100vw, 200px\" \/><\/a><a href=\"http:\/\/www.saopaulo.sp.leg.br\/vereador\/laercio-benko\" target=\"_blank\">Vice-Presidente<\/a><br \/>\n<a href=\"http:\/\/www.saopaulo.sp.leg.br\/vereador\/laercio-benko\" target=\"_blank\"> La\u00e9rcio Benko (PHS)<\/a><\/th>\n<th class=\"tg-031e\" style=\"text-align: center\"><a href=\"www.saopaulo.sp.leg.br\/vereador\/ricardo-nunes\" target=\"_blank\"><img loading=\"lazy\" decoding=\"async\" class=\"aligncenter size-full wp-image-113\" src=\"http:\/\/www.saopaulo.sp.leg.br\/orcamento2015\/wp-content\/uploads\/sites\/11\/2014\/11\/ricardo-nunes.jpg\" alt=\"ricardo-nunes\" width=\"200\" height=\"150\" srcset=\"https:\/\/www.saopaulo.sp.leg.br\/orcamento2015\/wp-content\/uploads\/sites\/11\/2014\/11\/ricardo-nunes.jpg 200w, https:\/\/www.saopaulo.sp.leg.br\/orcamento2015\/wp-content\/uploads\/sites\/11\/2014\/11\/ricardo-nunes-135x100.jpg 135w\" sizes=\"auto, (max-width: 200px) 100vw, 200px\" \/><\/a><a href=\"http:\/\/www.saopaulo.sp.leg.br\/vereador\/ricardo-nunes\" target=\"_blank\">Relator<\/a><br \/>\n<a href=\"http:\/\/www.saopaulo.sp.leg.br\/vereador\/ricardo-nunes\" target=\"_blank\"> Ricardo Nunes (PMDB)<\/a><\/th>\n<\/tr>\n<tr>\n<td class=\"tg-031e\" style=\"text-align: center\"><a href=\"http:\/\/www.saopaulo.sp.leg.br\/vereador\/abou-anni\" target=\"_blank\"><img loading=\"lazy\" decoding=\"async\" class=\"aligncenter size-full wp-image-105\" src=\"http:\/\/www.saopaulo.sp.leg.br\/orcamento2015\/wp-content\/uploads\/sites\/11\/2014\/11\/abou-anni.jpg\" alt=\"abou-anni\" width=\"200\" height=\"150\" srcset=\"https:\/\/www.saopaulo.sp.leg.br\/orcamento2015\/wp-content\/uploads\/sites\/11\/2014\/11\/abou-anni.jpg 200w, https:\/\/www.saopaulo.sp.leg.br\/orcamento2015\/wp-content\/uploads\/sites\/11\/2014\/11\/abou-anni-135x100.jpg 135w\" sizes=\"auto, (max-width: 200px) 100vw, 200px\" \/><\/a><a href=\"http:\/\/www.saopaulo.sp.leg.br\/vereador\/abou-anni\" target=\"_blank\">Abou Anni (PV)<\/a><\/td>\n<td class=\"tg-031e\" style=\"text-align: center\"><a href=\"http:\/\/www.saopaulo.sp.leg.br\/vereador\/adilson-amadeu\" target=\"_blank\"><img loading=\"lazy\" decoding=\"async\" class=\"aligncenter size-full wp-image-106\" src=\"http:\/\/www.saopaulo.sp.leg.br\/orcamento2015\/wp-content\/uploads\/sites\/11\/2014\/11\/adilson-amadeu.jpg\" alt=\"adilson-amadeu\" width=\"200\" height=\"150\" srcset=\"https:\/\/www.saopaulo.sp.leg.br\/orcamento2015\/wp-content\/uploads\/sites\/11\/2014\/11\/adilson-amadeu.jpg 200w, https:\/\/www.saopaulo.sp.leg.br\/orcamento2015\/wp-content\/uploads\/sites\/11\/2014\/11\/adilson-amadeu-135x100.jpg 135w\" sizes=\"auto, (max-width: 200px) 100vw, 200px\" \/><\/a><a href=\"http:\/\/www.saopaulo.sp.leg.br\/vereador\/adilson-amadeu\" target=\"_blank\">Adilson Amadeu (PTB)<\/a><\/td>\n<td class=\"tg-031e\" style=\"text-align: center\"><a href=\"http:\/\/www.saopaulo.sp.leg.br\/vereador\/aurelio-nomura\" target=\"_blank\"><img loading=\"lazy\" decoding=\"async\" class=\"aligncenter size-full wp-image-107\" src=\"http:\/\/www.saopaulo.sp.leg.br\/orcamento2015\/wp-content\/uploads\/sites\/11\/2014\/11\/aurelio-nomura.jpg\" alt=\"aurelio-nomura\" width=\"200\" height=\"150\" srcset=\"https:\/\/www.saopaulo.sp.leg.br\/orcamento2015\/wp-content\/uploads\/sites\/11\/2014\/11\/aurelio-nomura.jpg 200w, https:\/\/www.saopaulo.sp.leg.br\/orcamento2015\/wp-content\/uploads\/sites\/11\/2014\/11\/aurelio-nomura-135x100.jpg 135w\" sizes=\"auto, (max-width: 200px) 100vw, 200px\" \/><\/a><a href=\"http:\/\/www.saopaulo.sp.leg.br\/vereador\/aurelio-nomura\" target=\"_blank\">Aur\u00e9lio Nomura (PSDB)<\/a><\/td>\n<\/tr>\n<tr>\n<td class=\"tg-031e\" style=\"text-align: center\"><a href=\"http:\/\/www.saopaulo.sp.leg.br\/vereador\/david-soares\" target=\"_blank\"><img loading=\"lazy\" decoding=\"async\" class=\"aligncenter size-full wp-image-108\" src=\"http:\/\/www.saopaulo.sp.leg.br\/orcamento2015\/wp-content\/uploads\/sites\/11\/2014\/11\/david-soares.jpg\" alt=\"david-soares\" width=\"200\" height=\"150\" srcset=\"https:\/\/www.saopaulo.sp.leg.br\/orcamento2015\/wp-content\/uploads\/sites\/11\/2014\/11\/david-soares.jpg 200w, https:\/\/www.saopaulo.sp.leg.br\/orcamento2015\/wp-content\/uploads\/sites\/11\/2014\/11\/david-soares-135x100.jpg 135w\" sizes=\"auto, (max-width: 200px) 100vw, 200px\" \/><\/a><a href=\"http:\/\/www.saopaulo.sp.leg.br\/vereador\/david-soares\" target=\"_blank\">David Soares (PSD)<\/a><\/td>\n<td class=\"tg-031e\" style=\"text-align: center\"><a href=\"http:\/\/www.saopaulo.sp.leg.br\/vereador\/jair-tatto\" target=\"_blank\"><img loading=\"lazy\" decoding=\"async\" class=\"aligncenter size-full wp-image-109\" src=\"http:\/\/www.saopaulo.sp.leg.br\/orcamento2015\/wp-content\/uploads\/sites\/11\/2014\/11\/jair-tatto.jpg\" alt=\"jair-tatto\" width=\"200\" height=\"150\" srcset=\"https:\/\/www.saopaulo.sp.leg.br\/orcamento2015\/wp-content\/uploads\/sites\/11\/2014\/11\/jair-tatto.jpg 200w, https:\/\/www.saopaulo.sp.leg.br\/orcamento2015\/wp-content\/uploads\/sites\/11\/2014\/11\/jair-tatto-135x100.jpg 135w\" sizes=\"auto, (max-width: 200px) 100vw, 200px\" \/><\/a><a href=\"www.saopaulo.sp.leg.br\/vereador\/jair-tatto\" target=\"_blank\">Jair Tatto (PT)<\/a><\/td>\n<td class=\"tg-031e\" style=\"text-align: center\"><a href=\"http:\/\/www.saopaulo.sp.leg.br\/vereador\/paulo-fiorilo\" target=\"_blank\"><img loading=\"lazy\" decoding=\"async\" class=\"aligncenter size-full wp-image-112\" src=\"http:\/\/www.saopaulo.sp.leg.br\/orcamento2015\/wp-content\/uploads\/sites\/11\/2014\/11\/paulo-fiorilo.jpg\" alt=\"paulo-fiorilo\" width=\"200\" height=\"150\" srcset=\"https:\/\/www.saopaulo.sp.leg.br\/orcamento2015\/wp-content\/uploads\/sites\/11\/2014\/11\/paulo-fiorilo.jpg 200w, https:\/\/www.saopaulo.sp.leg.br\/orcamento2015\/wp-content\/uploads\/sites\/11\/2014\/11\/paulo-fiorilo-135x100.jpg 135w\" sizes=\"auto, (max-width: 200px) 100vw, 200px\" \/><\/a><a href=\"http:\/\/www.saopaulo.sp.leg.br\/vereador\/paulo-fiorilo\" target=\"_blank\">Paulo Fiorilo (PT)<\/a><\/td>\n<\/tr>\n<\/tbody>\n<\/table>\n","protected":false},"excerpt":{"rendered":"<p>Veja abaixo os membros da Comiss\u00e3o de Finan\u00e7as e Or\u00e7amento, os principais respons\u00e1veis por analisar e propor altera\u00e7\u00f5es na proposta or\u00e7ament\u00e1ria enviada pelo Executivo. Clicando nas imagens voc\u00ea ter\u00e1 acesso \u00e0 p\u00e1gina pessoal do parlamentar no portal da C\u00e2mara. Presidente Milton Leite (DEM) Vice-Presidente La\u00e9rcio Benko (PHS) Relator Ricardo Nunes (PMDB) Abou Anni (PV) Adilson [&hellip;]<\/p>\n","protected":false},"author":61,"featured_media":0,"parent":0,"menu_order":0,"comment_status":"open","ping_status":"open","template":"","meta":{"footnotes":""},"class_list":["post-19","page","type-page","status-publish","hentry"],"_links":{"self":[{"href":"https:\/\/www.saopaulo.sp.leg.br\/orcamento2015\/wp-json\/wp\/v2\/pages\/19","targetHints":{"allow":["GET"]}}],"collection":[{"href":"https:\/\/www.saopaulo.sp.leg.br\/orcamento2015\/wp-json\/wp\/v2\/pages"}],"about":[{"href":"https:\/\/www.saopaulo.sp.leg.br\/orcamento2015\/wp-json\/wp\/v2\/types\/page"}],"author":[{"embeddable":true,"href":"https:\/\/www.saopaulo.sp.leg.br\/orcamento2015\/wp-json\/wp\/v2\/users\/61"}],"replies":[{"embeddable":true,"href":"https:\/\/www.saopaulo.sp.leg.br\/orcamento2015\/wp-json\/wp\/v2\/comments?post=19"}],"version-history":[{"count":0,"href":"https:\/\/www.saopaulo.sp.leg.br\/orcamento2015\/wp-json\/wp\/v2\/pages\/19\/revisions"}],"wp:attachment":[{"href":"https:\/\/www.saopaulo.sp.leg.br\/orcamento2015\/wp-json\/wp\/v2\/media?parent=19"}],"curies":[{"name":"wp","href":"https:\/\/api.w.org\/{rel}","templated":true}]}}