{"id":13,"date":"2014-11-04T15:00:03","date_gmt":"2014-11-04T18:00:03","guid":{"rendered":"http:\/\/www.saopaulo.sp.leg.br\/transparencia\/orcamentos-da-camara\/?page_id=13"},"modified":"2014-11-04T15:00:03","modified_gmt":"2014-11-04T18:00:03","slug":"agenda","status":"publish","type":"page","link":"https:\/\/www.saopaulo.sp.leg.br\/orcamento2015\/agenda\/","title":{"rendered":"Agenda"},"content":{"rendered":"<h3 style=\"text-align: center\"><span style=\"color: #639ed5\"><strong>\u00a0AUDI\u00caNCIAS P\u00daBLICAS TEM\u00c1TICAS<\/strong><\/span><\/h3>\n<p class=\"titulo2\"><strong>1\u00aa Audi\u00eancia P\u00fablica Tem\u00e1tica<\/strong><\/p>\n<p><strong>Dia:<\/strong> 20\/10\/2014<br \/>\n<strong>Hor\u00e1rio:<\/strong> 10:00<br \/>\n<strong>Local:<\/strong> Plen\u00e1rio 1\u00ba de Maio \u2013 1\u00ba andar<\/p>\n<p><strong>Temas:<\/strong><\/p>\n<ul>\n<li>Secretaria de Sa\u00fade<\/li>\n<li>Fundo de Sa\u00fade<\/li>\n<li>Autarquia Hospitalar Municipal<\/li>\n<li>Hospital do Servidor P\u00fablico<\/li>\n<li>Servi\u00e7o Funer\u00e1rio<\/li>\n<\/ul>\n<hr \/>\n<p><strong class=\"titulo2\">2\u00aa Audi\u00eancia P\u00fablica Tem\u00e1tica<\/strong><\/p>\n<p><strong>Dia:<\/strong> 21\/10\/2014<br \/>\n<strong>Hor\u00e1rio:<\/strong> 10:00<br \/>\n<strong>Local:<\/strong> Sal\u00e3o Nobre Presidente Jo\u00e3o Brasil Vita \u2013 8\u00ba andar<\/p>\n<p><strong>Temas:<\/strong><\/p>\n<ul>\n<li>Secretaria de Cultura<\/li>\n<li>Funda\u00e7\u00e3o Theatro Municipal de S\u00e3o Paulo<\/li>\n<li>Fundo de Preserva\u00e7\u00e3o do Patrim\u00f4nio Hist\u00f3rico e Cultural<\/li>\n<li>Fundo Especial de Promo\u00e7\u00e3o de Atividades Culturais<\/li>\n<li>Fundo de Prote\u00e7\u00e3o do Patrim\u00f4nio Cultural e Ambiental Paulistano<\/li>\n<li>Fundo de Turismo<\/li>\n<li>SPCine \u2013 Empresa de Cinema e Audiovisual de S\u00e3o Paulo<\/li>\n<li>SPTuris \u2013 Empresa de Turismo e Eventos de S\u00e3o Paulo<\/li>\n<\/ul>\n<hr \/>\n<p><strong class=\"titulo2\">3\u00aa Audi\u00eancia P\u00fablica Tem\u00e1tica<\/strong><\/p>\n<p><strong>Dia:<\/strong> 23\/10\/2014<br \/>\n<strong>Hor\u00e1rio: <\/strong>10:00<br \/>\n<strong>Local:<\/strong> Sal\u00e3o Nobre Presidente Jo\u00e3o Brasil Vita \u2013 8\u00ba andar<\/p>\n<p><strong>Temas:<\/strong><\/p>\n<ul>\n<li>Secretaria de Desenvolvimento, Trabalho e Empreendedorismo<\/li>\n<li>Secretaria de Assist\u00eancia e Desenvolvimento Social<\/li>\n<li>Fundo de Assist\u00eancia Social<\/li>\n<li>Secretaria de Promo\u00e7\u00e3o da Igualdade Racial<\/li>\n<\/ul>\n<hr \/>\n<p><span class=\"titulo2\"><strong>4\u00aa Audi\u00eancia P\u00fablica Tem\u00e1tica<\/strong><\/span><\/p>\n<p><strong>Dia:<\/strong> 30\/10\/2014<br \/>\n<strong>Hor\u00e1rio:<\/strong> 10:00<br \/>\n<strong>Local:<\/strong> Sal\u00e3o Nobre Presidente Jo\u00e3o Brasil Vita \u2013 8\u00ba andar<\/p>\n<p><strong>Temas:<\/strong><\/p>\n<ul>\n<li>Secretaria de Infraestrutura Urbana e Obras<\/li>\n<li>Secretaria de Desenvolvimento Urbano<\/li>\n<li>Fundo de Desenvolvimento Urbano<\/li>\n<li>SP-Obras \u2013 S\u00e3o Paulo Obras<\/li>\n<li>SP-Urbanismo \u2013 S\u00e3o Paulo Urbanismo<\/li>\n<\/ul>\n<hr \/>\n<p><span class=\"titulo2\"><strong>5\u00aa Audi\u00eancia P\u00fablica Tem\u00e1tica<\/strong><\/span><strong><br \/>\n<\/strong><\/p>\n<p><strong>Dia:<\/strong> 3\/11\/2014<br \/>\n<strong>Hor\u00e1rio:<\/strong> 10:00<br \/>\n<strong>Local: <\/strong>Sal\u00e3o Nobre Presidente Jo\u00e3o Brasil Vita \u2013 8\u00ba andar<\/p>\n<p><strong>Temas:<\/strong><\/p>\n<ul>\n<li>Secretaria de Educa\u00e7\u00e3o<\/li>\n<li>Funda\u00e7\u00e3o Paulistana de Educa\u00e7\u00e3o e Tecnologia<\/li>\n<\/ul>\n<hr \/>\n<p><span class=\"titulo2\"><strong>6\u00aa Audi\u00eancia P\u00fablica Tem\u00e1tica<\/strong><\/span><strong><br \/>\n<\/strong><\/p>\n<p><strong>Dia:<\/strong> 4\/11\/2014<br \/>\n<strong>Hor\u00e1rio:<\/strong> 10:00<br \/>\n<strong>Local:<\/strong> Sal\u00e3o Nobre Presidente Jo\u00e3o Brasil Vita \u2013 8\u00ba andar<\/p>\n<p><strong>Temas:<\/strong><\/p>\n<ul>\n<li>Secretaria de Habita\u00e7\u00e3o<\/li>\n<li>COHAB \u2013 Companhia Metropolitana de Habita\u00e7\u00e3o<\/li>\n<li>Fundo de Habita\u00e7\u00e3o<\/li>\n<li>Fundo de Saneamento Ambiental e Infraestrutura<\/li>\n<li>Secretaria do Verde e Meio Ambiente<\/li>\n<li>Fundo Especial do Meio Ambiente e Desenvolvimento Sustent\u00e1vel<\/li>\n<li>Fundo de Parques<\/li>\n<\/ul>\n<hr \/>\n<p><span class=\"titulo2\"><strong>7\u00aa Audi\u00eancia P\u00fablica Tem\u00e1tica<\/strong><\/span><strong><br \/>\n<\/strong><\/p>\n<p><strong>Dia:<\/strong> 5\/11\/2014<br \/>\n<strong>Hor\u00e1rio:<\/strong> 9:00<br \/>\n<strong>Local: <\/strong>Audit\u00f3rio Prestes Maia \u2013 1\u00ba andar<\/p>\n<p><strong>Temas:<\/strong><\/p>\n<ul>\n<li>Secretaria de Transportes<\/li>\n<li>Fundo de Desenvolvimento de Tr\u00e2nsito<\/li>\n<li>SPTrans \u2013 S\u00e3o Paulo Transporte<\/li>\n<li>CET \u2013 Companhia de Engenharia de Tr\u00e1fego<\/li>\n<li>SPUA \u2013 Superintend\u00eancia das Usinas de Asfalto<\/li>\n<li>Secretaria de Seguran\u00e7a Urbana<\/li>\n<li>Secretaria de Coordena\u00e7\u00e3o das Subprefeituras<\/li>\n<\/ul>\n<hr \/>\n<p><span class=\"titulo2\"><strong>8\u00aa Audi\u00eancia P\u00fablica Tem\u00e1tica<\/strong><\/span><strong><br \/>\n<\/strong><\/p>\n<p><strong>Dia: <\/strong>6\/11\/2014<br \/>\n<strong>Hor\u00e1rio:<\/strong> 10:00<br \/>\n<strong>Local:<\/strong> Plen\u00e1rio 1\u00ba de Maio \u2013 1\u00ba andar<\/p>\n<p><strong>Temas:<\/strong><\/p>\n<ul>\n<li>Secretaria do Governo Municipal<\/li>\n<li>Secretaria de Rela\u00e7\u00f5es Governamentais<\/li>\n<li>Secretaria de Planejamento Or\u00e7amento e Gest\u00e3o<\/li>\n<li>IPREM \u2013 Instituto de Previd\u00eancia Municipal<\/li>\n<li>Secretaria de Finan\u00e7as e Desenvolvimento Econ\u00f4mico<\/li>\n<li>Secretaria de Neg\u00f3cios Jur\u00eddicos<\/li>\n<li>Controladoria Geral do Munic\u00edpio<\/li>\n<li>Secretaria de Rela\u00e7\u00f5es Internacionais<\/li>\n<li>Secretaria Executiva de Comunica\u00e7\u00e3o<\/li>\n<li>SP Securitiza\u00e7\u00e3o \u2013 Companhia Paulistana de Securitiza\u00e7\u00e3o<\/li>\n<li>SPDA \u2013 Companhia S\u00e3o Paulo de Desenvolvimento e Mobiliza\u00e7\u00e3o de Ativos<\/li>\n<li>SP Neg\u00f3cios<\/li>\n<li>PRODAM \u2013 Empresa de Tecnologia da Informa\u00e7\u00e3o e Comunica\u00e7\u00e3o do Munic\u00edpio de S\u00e3o Paulo<\/li>\n<\/ul>\n<hr \/>\n<p><span class=\"titulo2\"><strong>9\u00aa Audi\u00eancia P\u00fablica Tem\u00e1tica<\/strong><\/span><strong><br \/>\n<\/strong><\/p>\n<p><strong>Dia:<\/strong> 10\/11\/2014<br \/>\n<strong>Hor\u00e1rio:<\/strong> 10:00<br \/>\n<strong>Local:<\/strong> Plen\u00e1rio 1\u00ba de Maio \u2013 1\u00ba andar<\/p>\n<p><strong>Temas:<\/strong><\/p>\n<ul>\n<li>Secretaria de Servi\u00e7os<\/li>\n<li>Fundo de Ilumina\u00e7\u00e3o P\u00fablica<\/li>\n<li>AMLURB \u2013 Autoridade Municipal de Limpeza Urbana<\/li>\n<li>Secretaria de Pol\u00edticas para Mulheres<\/li>\n<li><\/li>\n<li>Tribunal de Contas do Munic\u00edpio<\/li>\n<li>Fundo do Tribunal de Contas do Munic\u00edpio<\/li>\n<li>Secretaria da Pessoa com Defici\u00eancia e Mobilidade Reduzida<\/li>\n<li>Secretaria de Direitos Humanos e Cidadania<\/li>\n<li>FUMCAD &#8211; Fundo da Crian\u00e7a e do Adolescente<\/li>\n<li>Secretaria de Esportes, Lazer e Recrea\u00e7\u00e3o<\/li>\n<li>Fundo de Esportes, Lazer e Recrea\u00e7\u00e3o<\/li>\n<\/ul>\n<hr \/>\n<p class=\"titulo2\"><strong>10\u00aa Audi\u00eancia P\u00fablica Tem\u00e1tica<\/strong><\/p>\n<p><strong>Dia:<\/strong> 11\/11\/2014<br \/>\n<strong>Hor\u00e1rio:<\/strong> 10:00<br \/>\n<strong>Local:<\/strong> Sal\u00e3o Nobre Presidente Jo\u00e3o Brasil Vita \u2013 8\u00ba andar<\/p>\n<p><strong>Temas:<\/strong><\/p>\n<ul>\n<li>S\u00e3o Paulo Neg\u00f3cios<\/li>\n<li>PRODAM<\/li>\n<li>Secretaria de Coordena\u00e7\u00e3o das Subprefeituras<\/li>\n<li>Secretaria Executiva de Comunica\u00e7\u00e3o<\/li>\n<li>C\u00e2mara Municipal de S\u00e3o Paulo<\/li>\n<li>Fundo da C\u00e2mara Municipal de S\u00e3o Paulo<\/li>\n<li>Secretaria de Licenciamento<\/li>\n<\/ul>\n<hr \/>\n<h3 class=\"titulo4\" style=\"text-align: center\"><strong><span style=\"color: #639ed5\">AUDI\u00caNCIAS P\u00daBLICAS GERAIS<\/span><\/strong><\/h3>\n<p class=\"titulo2\"><strong>1\u00aa Audi\u00eancia P\u00fablica Geral<\/strong><\/p>\n<p><strong>Dia:<\/strong> 16\/10\/2014<br \/>\n<strong>Hor\u00e1rio:<\/strong> 15:00<br \/>\n<strong>Local:<\/strong> Plen\u00e1rio 1\u00ba de Maio \u2013 1\u00ba andar<\/p>\n<hr \/>\n<p><span class=\"titulo2\"><strong>2\u00aa Audi\u00eancia P\u00fablica Geral<\/strong><\/span><strong><br \/>\n<\/strong><\/p>\n<p><strong>Dia:<\/strong> 9\/12\/2014<br \/>\n<strong>Hor\u00e1rio:<\/strong> 10:00<br \/>\n<strong>Local:<\/strong> Sal\u00e3o Nobre Presidente Jo\u00e3o Brasil Vita \u2013 8\u00ba andar<\/p>\n","protected":false},"excerpt":{"rendered":"<p>\u00a0AUDI\u00caNCIAS P\u00daBLICAS TEM\u00c1TICAS 1\u00aa Audi\u00eancia P\u00fablica Tem\u00e1tica Dia: 20\/10\/2014 Hor\u00e1rio: 10:00 Local: Plen\u00e1rio 1\u00ba de Maio \u2013 1\u00ba andar Temas: Secretaria de Sa\u00fade Fundo de Sa\u00fade Autarquia Hospitalar Municipal Hospital do Servidor P\u00fablico Servi\u00e7o Funer\u00e1rio 2\u00aa Audi\u00eancia P\u00fablica Tem\u00e1tica Dia: 21\/10\/2014 Hor\u00e1rio: 10:00 Local: Sal\u00e3o Nobre Presidente Jo\u00e3o Brasil Vita \u2013 8\u00ba andar Temas: Secretaria [&hellip;]<\/p>\n","protected":false},"author":61,"featured_media":0,"parent":0,"menu_order":0,"comment_status":"open","ping_status":"open","template":"","meta":{"footnotes":""},"class_list":["post-13","page","type-page","status-publish","hentry"],"_links":{"self":[{"href":"https:\/\/www.saopaulo.sp.leg.br\/orcamento2015\/wp-json\/wp\/v2\/pages\/13","targetHints":{"allow":["GET"]}}],"collection":[{"href":"https:\/\/www.saopaulo.sp.leg.br\/orcamento2015\/wp-json\/wp\/v2\/pages"}],"about":[{"href":"https:\/\/www.saopaulo.sp.leg.br\/orcamento2015\/wp-json\/wp\/v2\/types\/page"}],"author":[{"embeddable":true,"href":"https:\/\/www.saopaulo.sp.leg.br\/orcamento2015\/wp-json\/wp\/v2\/users\/61"}],"replies":[{"embeddable":true,"href":"https:\/\/www.saopaulo.sp.leg.br\/orcamento2015\/wp-json\/wp\/v2\/comments?post=13"}],"version-history":[{"count":0,"href":"https:\/\/www.saopaulo.sp.leg.br\/orcamento2015\/wp-json\/wp\/v2\/pages\/13\/revisions"}],"wp:attachment":[{"href":"https:\/\/www.saopaulo.sp.leg.br\/orcamento2015\/wp-json\/wp\/v2\/media?parent=13"}],"curies":[{"name":"wp","href":"https:\/\/api.w.org\/{rel}","templated":true}]}}