{"id":2453,"date":"2023-03-02T17:53:57","date_gmt":"2023-03-02T20:53:57","guid":{"rendered":"https:\/\/www.saopaulo.sp.leg.br\/mulheres\/?page_id=2453"},"modified":"2023-03-02T18:03:58","modified_gmt":"2023-03-02T21:03:58","slug":"auxilio-ampara","status":"publish","type":"page","link":"https:\/\/www.saopaulo.sp.leg.br\/mulheres\/legislacao\/auxilio-ampara\/","title":{"rendered":"Aux\u00edlio Ampara"},"content":{"rendered":"<h2><strong>Benef\u00edcio para crian\u00e7as e adolescentes \u00f3rf\u00e3os de v\u00edtimas de feminic\u00eddio<\/strong><\/h2>\n<p class=\"p2\"><a href=\"https:\/\/www.saopaulo.sp.leg.br\/blog\/aprovado-projeto-que-cria-beneficio-para-criancas-e-adolescentes-orfaos-de-vitimas-do-feminicidio\/\" target=\"_blank\" rel=\"noopener\">Aprovado pela C\u00e2mara Municipal de S\u00e3o Paulo<\/a>, o <a href=\"https:\/\/splegisconsulta.saopaulo.sp.leg.br\/Pesquisa\/DetailsDetalhado?COD_MTRA_LEGL=1&amp;COD_PCSS_CMSP=525&amp;ANO_PCSS_CMSP=2022\" target=\"_blank\" rel=\"noopener\">PL (Projeto de Lei) 525\/2022<\/a>, que cria o Aux\u00edlio Ampara, foi sancionado pela Prefeitura e tornou-se a <a href=\"https:\/\/plpconsulta.saopaulo.sp.leg.br\/Forms\/MostrarArquivo?ID=16679&amp;TipArq=1\" target=\"_blank\" rel=\"noopener\">Lei n \u00ba 17.851\/2022<\/a>, publicada no <a href=\"http:\/\/diariooficial.imprensaoficial.com.br\/nav_cidade\/index.asp?c=1&amp;e=20221028&amp;p=1&amp;clipID=7d784392b28ef794f5c5ee3d26834619\" target=\"_blank\" rel=\"noopener\">Di\u00e1rio Oficial da cidade de S\u00e3o Paulo<\/a> em outubro de 2022.<\/p>\n<p class=\"p2\">O Aux\u00edlio Ampara \u00e9 um benef\u00edcio que pagar\u00e1 at\u00e9 um sal\u00e1rio-m\u00ednimo a crian\u00e7as e\/ou adolescentes \u00f3rf\u00e3os em decorr\u00eancia do feminic\u00eddio -que \u00e9 o assassinato de mulheres cometido em raz\u00e3o do g\u00eanero.<\/p>\n<p class=\"p2\">Para ter direito ao Aux\u00edlio Ampara \u00e9 preciso que o benefici\u00e1rio tenha menos de 18 anos, seja morador da cidade de S\u00e3o Paulo, esteja matriculado em uma institui\u00e7\u00e3o de ensino na capital al\u00e9m de estar inscrito no Cad\u00danico (Cadastro \u00danico).<\/p>\n<p class=\"p2\">Outra condi\u00e7\u00e3o \u00e9 que os benefici\u00e1rios estejam sob guarda oficializada por uma fam\u00edlia acolhedora ou tutela e, em caso de estarem inseridos em um ambiente familiar, a renda total do lar n\u00e3o pode ultrapassar 3 sal\u00e1rios-m\u00ednimos.<\/p>\n<p class=\"p2\">O texto prev\u00ea tamb\u00e9m que para o Aux\u00edlio Ampara ser mantido, o benefici\u00e1rio dever\u00e1 estar em dia com o calend\u00e1rio nacional de vacina\u00e7\u00e3o; \u201causente de pr\u00e1tica de ato infracional, crime ou contraven\u00e7\u00e3o penal\u201d; e ter frequ\u00eancia escolar m\u00ednima de 75%. Outros crit\u00e9rios s\u00e3o ter acompanhamento nutricional e do Servi\u00e7o de Assist\u00eancia Social \u00e0 Fam\u00edlia e Prote\u00e7\u00e3o Social B\u00e1sica no Domic\u00edlio.<\/p>\n<p class=\"p2\">A lei prev\u00ea um dispositivo para permitir que o pagamento seja estendido at\u00e9 que o benefici\u00e1rio complete 24 anos de idade. No entanto, \u00e9 preciso comprovar situa\u00e7\u00e3o de vulnerabilidade e estar matriculado em um curso de gradua\u00e7\u00e3o reconhecido pelo Minist\u00e9rio da Educa\u00e7\u00e3o.<\/p>\n","protected":false},"excerpt":{"rendered":"<p>Benef\u00edcio para crian\u00e7as e adolescentes \u00f3rf\u00e3os de v\u00edtimas de feminic\u00eddio Aprovado pela C\u00e2mara Municipal de S\u00e3o Paulo, o PL (Projeto de Lei) 525\/2022, que cria o Aux\u00edlio Ampara, foi sancionado pela Prefeitura e tornou-se a Lei n \u00ba 17.851\/2022, publicada no Di\u00e1rio Oficial da cidade de S\u00e3o Paulo em outubro de 2022. O Aux\u00edlio Ampara&#8230;  <a class=\"excerpt-read-more\" href=\"https:\/\/www.saopaulo.sp.leg.br\/mulheres\/legislacao\/auxilio-ampara\/\" title=\"Leia Aux\u00edlio Ampara\">Leia Mais &raquo;<\/a><\/p>\n","protected":false},"author":733,"featured_media":0,"parent":1266,"menu_order":0,"comment_status":"closed","ping_status":"closed","template":"page-lei.php","meta":{"_acf_changed":false,"footnotes":""},"class_list":["post-2453","page","type-page","status-publish","hentry"],"acf":[],"yoast_head":"<!-- This site is optimized with the Yoast SEO plugin v27.3 - https:\/\/yoast.com\/product\/yoast-seo-wordpress\/ -->\n<title>Aux\u00edlio Ampara - Mulheres<\/title>\n<meta name=\"robots\" content=\"index, follow, max-snippet:-1, max-image-preview:large, max-video-preview:-1\" \/>\n<link rel=\"canonical\" href=\"https:\/\/www.saopaulo.sp.leg.br\/mulheres\/legislacao\/auxilio-ampara\/\" \/>\n<meta property=\"og:locale\" content=\"pt_BR\" \/>\n<meta property=\"og:type\" content=\"article\" \/>\n<meta property=\"og:title\" content=\"Aux\u00edlio Ampara - Mulheres\" \/>\n<meta property=\"og:description\" content=\"Benef\u00edcio para crian\u00e7as e adolescentes \u00f3rf\u00e3os de v\u00edtimas de feminic\u00eddio Aprovado pela C\u00e2mara Municipal de S\u00e3o Paulo, o PL (Projeto de Lei) 525\/2022, que cria o Aux\u00edlio Ampara, foi sancionado pela Prefeitura e tornou-se a Lei n \u00ba 17.851\/2022, publicada no Di\u00e1rio Oficial da cidade de S\u00e3o Paulo em outubro de 2022. O Aux\u00edlio Ampara... Leia Mais &raquo;\" \/>\n<meta property=\"og:url\" content=\"https:\/\/www.saopaulo.sp.leg.br\/mulheres\/legislacao\/auxilio-ampara\/\" \/>\n<meta property=\"og:site_name\" content=\"Mulheres\" \/>\n<meta property=\"article:modified_time\" content=\"2023-03-02T21:03:58+00:00\" \/>\n<meta name=\"twitter:card\" content=\"summary_large_image\" \/>\n<meta name=\"twitter:label1\" content=\"Est. tempo de leitura\" \/>\n\t<meta name=\"twitter:data1\" content=\"2 minutos\" \/>\n<script type=\"application\/ld+json\" class=\"yoast-schema-graph\">{\"@context\":\"https:\\\/\\\/schema.org\",\"@graph\":[{\"@type\":\"WebPage\",\"@id\":\"https:\\\/\\\/www.saopaulo.sp.leg.br\\\/mulheres\\\/legislacao\\\/auxilio-ampara\\\/\",\"url\":\"https:\\\/\\\/www.saopaulo.sp.leg.br\\\/mulheres\\\/legislacao\\\/auxilio-ampara\\\/\",\"name\":\"Aux\u00edlio Ampara - Mulheres\",\"isPartOf\":{\"@id\":\"https:\\\/\\\/www.saopaulo.sp.leg.br\\\/mulheres\\\/#website\"},\"datePublished\":\"2023-03-02T20:53:57+00:00\",\"dateModified\":\"2023-03-02T21:03:58+00:00\",\"breadcrumb\":{\"@id\":\"https:\\\/\\\/www.saopaulo.sp.leg.br\\\/mulheres\\\/legislacao\\\/auxilio-ampara\\\/#breadcrumb\"},\"inLanguage\":\"pt-BR\",\"potentialAction\":[{\"@type\":\"ReadAction\",\"target\":[\"https:\\\/\\\/www.saopaulo.sp.leg.br\\\/mulheres\\\/legislacao\\\/auxilio-ampara\\\/\"]}]},{\"@type\":\"BreadcrumbList\",\"@id\":\"https:\\\/\\\/www.saopaulo.sp.leg.br\\\/mulheres\\\/legislacao\\\/auxilio-ampara\\\/#breadcrumb\",\"itemListElement\":[{\"@type\":\"ListItem\",\"position\":1,\"name\":\"In\u00edcio\",\"item\":\"https:\\\/\\\/www.saopaulo.sp.leg.br\\\/mulheres\\\/\"},{\"@type\":\"ListItem\",\"position\":2,\"name\":\"Legisla\u00e7\u00e3o\",\"item\":\"https:\\\/\\\/www.saopaulo.sp.leg.br\\\/mulheres\\\/legislacao\\\/\"},{\"@type\":\"ListItem\",\"position\":3,\"name\":\"Aux\u00edlio Ampara\"}]},{\"@type\":\"WebSite\",\"@id\":\"https:\\\/\\\/www.saopaulo.sp.leg.br\\\/mulheres\\\/#website\",\"url\":\"https:\\\/\\\/www.saopaulo.sp.leg.br\\\/mulheres\\\/\",\"name\":\"Mulheres\",\"description\":\"Mulheres\",\"potentialAction\":[{\"@type\":\"SearchAction\",\"target\":{\"@type\":\"EntryPoint\",\"urlTemplate\":\"https:\\\/\\\/www.saopaulo.sp.leg.br\\\/mulheres\\\/?s={search_term_string}\"},\"query-input\":{\"@type\":\"PropertyValueSpecification\",\"valueRequired\":true,\"valueName\":\"search_term_string\"}}],\"inLanguage\":\"pt-BR\"}]}<\/script>\n<!-- \/ Yoast SEO plugin. -->","yoast_head_json":{"title":"Aux\u00edlio Ampara - Mulheres","robots":{"index":"index","follow":"follow","max-snippet":"max-snippet:-1","max-image-preview":"max-image-preview:large","max-video-preview":"max-video-preview:-1"},"canonical":"https:\/\/www.saopaulo.sp.leg.br\/mulheres\/legislacao\/auxilio-ampara\/","og_locale":"pt_BR","og_type":"article","og_title":"Aux\u00edlio Ampara - Mulheres","og_description":"Benef\u00edcio para crian\u00e7as e adolescentes \u00f3rf\u00e3os de v\u00edtimas de feminic\u00eddio Aprovado pela C\u00e2mara Municipal de S\u00e3o Paulo, o PL (Projeto de Lei) 525\/2022, que cria o Aux\u00edlio Ampara, foi sancionado pela Prefeitura e tornou-se a Lei n \u00ba 17.851\/2022, publicada no Di\u00e1rio Oficial da cidade de S\u00e3o Paulo em outubro de 2022. O Aux\u00edlio Ampara... Leia Mais &raquo;","og_url":"https:\/\/www.saopaulo.sp.leg.br\/mulheres\/legislacao\/auxilio-ampara\/","og_site_name":"Mulheres","article_modified_time":"2023-03-02T21:03:58+00:00","twitter_card":"summary_large_image","twitter_misc":{"Est. tempo de leitura":"2 minutos"},"schema":{"@context":"https:\/\/schema.org","@graph":[{"@type":"WebPage","@id":"https:\/\/www.saopaulo.sp.leg.br\/mulheres\/legislacao\/auxilio-ampara\/","url":"https:\/\/www.saopaulo.sp.leg.br\/mulheres\/legislacao\/auxilio-ampara\/","name":"Aux\u00edlio Ampara - Mulheres","isPartOf":{"@id":"https:\/\/www.saopaulo.sp.leg.br\/mulheres\/#website"},"datePublished":"2023-03-02T20:53:57+00:00","dateModified":"2023-03-02T21:03:58+00:00","breadcrumb":{"@id":"https:\/\/www.saopaulo.sp.leg.br\/mulheres\/legislacao\/auxilio-ampara\/#breadcrumb"},"inLanguage":"pt-BR","potentialAction":[{"@type":"ReadAction","target":["https:\/\/www.saopaulo.sp.leg.br\/mulheres\/legislacao\/auxilio-ampara\/"]}]},{"@type":"BreadcrumbList","@id":"https:\/\/www.saopaulo.sp.leg.br\/mulheres\/legislacao\/auxilio-ampara\/#breadcrumb","itemListElement":[{"@type":"ListItem","position":1,"name":"In\u00edcio","item":"https:\/\/www.saopaulo.sp.leg.br\/mulheres\/"},{"@type":"ListItem","position":2,"name":"Legisla\u00e7\u00e3o","item":"https:\/\/www.saopaulo.sp.leg.br\/mulheres\/legislacao\/"},{"@type":"ListItem","position":3,"name":"Aux\u00edlio Ampara"}]},{"@type":"WebSite","@id":"https:\/\/www.saopaulo.sp.leg.br\/mulheres\/#website","url":"https:\/\/www.saopaulo.sp.leg.br\/mulheres\/","name":"Mulheres","description":"Mulheres","potentialAction":[{"@type":"SearchAction","target":{"@type":"EntryPoint","urlTemplate":"https:\/\/www.saopaulo.sp.leg.br\/mulheres\/?s={search_term_string}"},"query-input":{"@type":"PropertyValueSpecification","valueRequired":true,"valueName":"search_term_string"}}],"inLanguage":"pt-BR"}]}},"_links":{"self":[{"href":"https:\/\/www.saopaulo.sp.leg.br\/mulheres\/wp-json\/wp\/v2\/pages\/2453","targetHints":{"allow":["GET"]}}],"collection":[{"href":"https:\/\/www.saopaulo.sp.leg.br\/mulheres\/wp-json\/wp\/v2\/pages"}],"about":[{"href":"https:\/\/www.saopaulo.sp.leg.br\/mulheres\/wp-json\/wp\/v2\/types\/page"}],"author":[{"embeddable":true,"href":"https:\/\/www.saopaulo.sp.leg.br\/mulheres\/wp-json\/wp\/v2\/users\/733"}],"replies":[{"embeddable":true,"href":"https:\/\/www.saopaulo.sp.leg.br\/mulheres\/wp-json\/wp\/v2\/comments?post=2453"}],"version-history":[{"count":0,"href":"https:\/\/www.saopaulo.sp.leg.br\/mulheres\/wp-json\/wp\/v2\/pages\/2453\/revisions"}],"up":[{"embeddable":true,"href":"https:\/\/www.saopaulo.sp.leg.br\/mulheres\/wp-json\/wp\/v2\/pages\/1266"}],"wp:attachment":[{"href":"https:\/\/www.saopaulo.sp.leg.br\/mulheres\/wp-json\/wp\/v2\/media?parent=2453"}],"curies":[{"name":"wp","href":"https:\/\/api.w.org\/{rel}","templated":true}]}}