{"id":1080,"date":"2020-06-17T11:26:19","date_gmt":"2020-06-17T14:26:19","guid":{"rendered":"http:\/\/www.saopaulo.sp.leg.br\/mulheres\/?page_id=1080"},"modified":"2021-05-11T11:13:47","modified_gmt":"2021-05-11T14:13:47","slug":"cpis","status":"publish","type":"page","link":"https:\/\/www.saopaulo.sp.leg.br\/mulheres\/cpis\/","title":{"rendered":"CPIs"},"content":{"rendered":"<h4 class=\"lista-leis\"><a href=\"https:\/\/www.saopaulo.sp.leg.br\/mulheres\/cpi-da-violencia-contra-a-mulher\/\" rel=\"noopener noreferrer\">CPI da Viol\u00eancia Contra a Mulher<\/a><\/h4>\n<p class=\"p1\"><span class=\"s1\">Em <a href=\"https:\/\/www.saopaulo.sp.leg.br\/blog\/camara-instala-cpi-da-violencia-contra-a-mulher\/\"><span class=\"s2\">17 de mar\u00e7o de 2020<\/span><\/a>, a C\u00e2mara Municipal de S\u00e3o Paulo instalou a CPI (Comiss\u00e3o Parlamentar de Inqu\u00e9rito) da Viol\u00eancia Contra a Mulher para investigar os problemas relacionados \u00e0 viol\u00eancia de g\u00eanero no munic\u00edpio<\/span>. <a href=\"https:\/\/www.saopaulo.sp.leg.br\/mulheres\/cpi-da-violencia-contra-a-mulher\/\" rel=\"noopener noreferrer\">Saiba mais<\/a>.<\/p>\n<h4 class=\"lista-leis\"><a href=\"https:\/\/www.saopaulo.sp.leg.br\/mulheres\/cpi-da-condicao-de-vulnerabilidade-das-mulheres\/\" rel=\"noopener noreferrer\">CPI da Condi\u00e7\u00e3o de Vulnerabilidade das Mulheres<\/a><\/h4>\n<p class=\"p1\"><span class=\"s1\">Criada em <a href=\"https:\/\/www.saopaulo.sp.leg.br\/blog\/camara-realiza-cpi-para-discutir-politicas-publicas-para-mulheres\/\"><span class=\"s2\">5 de setembro de 2017<\/span><\/a> para\u00a0 investigar a condi\u00e7\u00e3o de vulnerabilidade das mulheres na cidade de S\u00e3o Paulo, a CPI (Comiss\u00e3o Parlamentar de Inqu\u00e9rito) da Condi\u00e7\u00e3o de Vulnerabilidade das Mulheres criou 3 sub-relatorias<\/span>. <a href=\"https:\/\/www.saopaulo.sp.leg.br\/mulheres\/cpi-da-condicao-de-vulnerabilidade-das-mulheres\/\" rel=\"noopener noreferrer\">Saiba mais<\/a>.<\/p>\n","protected":false},"excerpt":{"rendered":"<p>CPI da Viol\u00eancia Contra a Mulher Em 17 de mar\u00e7o de 2020, a C\u00e2mara Municipal de S\u00e3o Paulo instalou a CPI (Comiss\u00e3o Parlamentar de Inqu\u00e9rito) da Viol\u00eancia Contra a Mulher para investigar os problemas relacionados \u00e0 viol\u00eancia de g\u00eanero no munic\u00edpio. Saiba mais. CPI da Condi\u00e7\u00e3o de Vulnerabilidade das Mulheres Criada em 5 de setembro&#8230;  <a class=\"excerpt-read-more\" href=\"https:\/\/www.saopaulo.sp.leg.br\/mulheres\/cpis\/\" title=\"Leia CPIs\">Leia Mais &raquo;<\/a><\/p>\n","protected":false},"author":630,"featured_media":0,"parent":0,"menu_order":0,"comment_status":"closed","ping_status":"closed","template":"","meta":{"_acf_changed":false,"footnotes":""},"class_list":["post-1080","page","type-page","status-publish","hentry"],"acf":[],"yoast_head":"<!-- This site is optimized with the Yoast SEO plugin v27.3 - https:\/\/yoast.com\/product\/yoast-seo-wordpress\/ -->\n<title>CPIs - Mulheres<\/title>\n<meta name=\"robots\" content=\"index, follow, max-snippet:-1, max-image-preview:large, max-video-preview:-1\" \/>\n<link rel=\"canonical\" href=\"https:\/\/www.saopaulo.sp.leg.br\/mulheres\/cpis\/\" \/>\n<meta property=\"og:locale\" content=\"pt_BR\" \/>\n<meta property=\"og:type\" content=\"article\" \/>\n<meta property=\"og:title\" content=\"CPIs - Mulheres\" \/>\n<meta property=\"og:description\" content=\"CPI da Viol\u00eancia Contra a Mulher Em 17 de mar\u00e7o de 2020, a C\u00e2mara Municipal de S\u00e3o Paulo instalou a CPI (Comiss\u00e3o Parlamentar de Inqu\u00e9rito) da Viol\u00eancia Contra a Mulher para investigar os problemas relacionados \u00e0 viol\u00eancia de g\u00eanero no munic\u00edpio. Saiba mais. CPI da Condi\u00e7\u00e3o de Vulnerabilidade das Mulheres Criada em 5 de setembro... Leia Mais &raquo;\" \/>\n<meta property=\"og:url\" content=\"https:\/\/www.saopaulo.sp.leg.br\/mulheres\/cpis\/\" \/>\n<meta property=\"og:site_name\" content=\"Mulheres\" \/>\n<meta property=\"article:modified_time\" content=\"2021-05-11T14:13:47+00:00\" \/>\n<meta name=\"twitter:card\" content=\"summary_large_image\" \/>\n<meta name=\"twitter:label1\" content=\"Est. tempo de leitura\" \/>\n\t<meta name=\"twitter:data1\" content=\"1 minuto\" \/>\n<script type=\"application\/ld+json\" class=\"yoast-schema-graph\">{\"@context\":\"https:\\\/\\\/schema.org\",\"@graph\":[{\"@type\":\"WebPage\",\"@id\":\"https:\\\/\\\/www.saopaulo.sp.leg.br\\\/mulheres\\\/cpis\\\/\",\"url\":\"https:\\\/\\\/www.saopaulo.sp.leg.br\\\/mulheres\\\/cpis\\\/\",\"name\":\"CPIs - Mulheres\",\"isPartOf\":{\"@id\":\"https:\\\/\\\/www.saopaulo.sp.leg.br\\\/mulheres\\\/#website\"},\"datePublished\":\"2020-06-17T14:26:19+00:00\",\"dateModified\":\"2021-05-11T14:13:47+00:00\",\"breadcrumb\":{\"@id\":\"https:\\\/\\\/www.saopaulo.sp.leg.br\\\/mulheres\\\/cpis\\\/#breadcrumb\"},\"inLanguage\":\"pt-BR\",\"potentialAction\":[{\"@type\":\"ReadAction\",\"target\":[\"https:\\\/\\\/www.saopaulo.sp.leg.br\\\/mulheres\\\/cpis\\\/\"]}]},{\"@type\":\"BreadcrumbList\",\"@id\":\"https:\\\/\\\/www.saopaulo.sp.leg.br\\\/mulheres\\\/cpis\\\/#breadcrumb\",\"itemListElement\":[{\"@type\":\"ListItem\",\"position\":1,\"name\":\"In\u00edcio\",\"item\":\"https:\\\/\\\/www.saopaulo.sp.leg.br\\\/mulheres\\\/\"},{\"@type\":\"ListItem\",\"position\":2,\"name\":\"CPIs\"}]},{\"@type\":\"WebSite\",\"@id\":\"https:\\\/\\\/www.saopaulo.sp.leg.br\\\/mulheres\\\/#website\",\"url\":\"https:\\\/\\\/www.saopaulo.sp.leg.br\\\/mulheres\\\/\",\"name\":\"Mulheres\",\"description\":\"Mulheres\",\"potentialAction\":[{\"@type\":\"SearchAction\",\"target\":{\"@type\":\"EntryPoint\",\"urlTemplate\":\"https:\\\/\\\/www.saopaulo.sp.leg.br\\\/mulheres\\\/?s={search_term_string}\"},\"query-input\":{\"@type\":\"PropertyValueSpecification\",\"valueRequired\":true,\"valueName\":\"search_term_string\"}}],\"inLanguage\":\"pt-BR\"}]}<\/script>\n<!-- \/ Yoast SEO plugin. -->","yoast_head_json":{"title":"CPIs - Mulheres","robots":{"index":"index","follow":"follow","max-snippet":"max-snippet:-1","max-image-preview":"max-image-preview:large","max-video-preview":"max-video-preview:-1"},"canonical":"https:\/\/www.saopaulo.sp.leg.br\/mulheres\/cpis\/","og_locale":"pt_BR","og_type":"article","og_title":"CPIs - Mulheres","og_description":"CPI da Viol\u00eancia Contra a Mulher Em 17 de mar\u00e7o de 2020, a C\u00e2mara Municipal de S\u00e3o Paulo instalou a CPI (Comiss\u00e3o Parlamentar de Inqu\u00e9rito) da Viol\u00eancia Contra a Mulher para investigar os problemas relacionados \u00e0 viol\u00eancia de g\u00eanero no munic\u00edpio. Saiba mais. CPI da Condi\u00e7\u00e3o de Vulnerabilidade das Mulheres Criada em 5 de setembro... Leia Mais &raquo;","og_url":"https:\/\/www.saopaulo.sp.leg.br\/mulheres\/cpis\/","og_site_name":"Mulheres","article_modified_time":"2021-05-11T14:13:47+00:00","twitter_card":"summary_large_image","twitter_misc":{"Est. tempo de leitura":"1 minuto"},"schema":{"@context":"https:\/\/schema.org","@graph":[{"@type":"WebPage","@id":"https:\/\/www.saopaulo.sp.leg.br\/mulheres\/cpis\/","url":"https:\/\/www.saopaulo.sp.leg.br\/mulheres\/cpis\/","name":"CPIs - Mulheres","isPartOf":{"@id":"https:\/\/www.saopaulo.sp.leg.br\/mulheres\/#website"},"datePublished":"2020-06-17T14:26:19+00:00","dateModified":"2021-05-11T14:13:47+00:00","breadcrumb":{"@id":"https:\/\/www.saopaulo.sp.leg.br\/mulheres\/cpis\/#breadcrumb"},"inLanguage":"pt-BR","potentialAction":[{"@type":"ReadAction","target":["https:\/\/www.saopaulo.sp.leg.br\/mulheres\/cpis\/"]}]},{"@type":"BreadcrumbList","@id":"https:\/\/www.saopaulo.sp.leg.br\/mulheres\/cpis\/#breadcrumb","itemListElement":[{"@type":"ListItem","position":1,"name":"In\u00edcio","item":"https:\/\/www.saopaulo.sp.leg.br\/mulheres\/"},{"@type":"ListItem","position":2,"name":"CPIs"}]},{"@type":"WebSite","@id":"https:\/\/www.saopaulo.sp.leg.br\/mulheres\/#website","url":"https:\/\/www.saopaulo.sp.leg.br\/mulheres\/","name":"Mulheres","description":"Mulheres","potentialAction":[{"@type":"SearchAction","target":{"@type":"EntryPoint","urlTemplate":"https:\/\/www.saopaulo.sp.leg.br\/mulheres\/?s={search_term_string}"},"query-input":{"@type":"PropertyValueSpecification","valueRequired":true,"valueName":"search_term_string"}}],"inLanguage":"pt-BR"}]}},"_links":{"self":[{"href":"https:\/\/www.saopaulo.sp.leg.br\/mulheres\/wp-json\/wp\/v2\/pages\/1080","targetHints":{"allow":["GET"]}}],"collection":[{"href":"https:\/\/www.saopaulo.sp.leg.br\/mulheres\/wp-json\/wp\/v2\/pages"}],"about":[{"href":"https:\/\/www.saopaulo.sp.leg.br\/mulheres\/wp-json\/wp\/v2\/types\/page"}],"author":[{"embeddable":true,"href":"https:\/\/www.saopaulo.sp.leg.br\/mulheres\/wp-json\/wp\/v2\/users\/630"}],"replies":[{"embeddable":true,"href":"https:\/\/www.saopaulo.sp.leg.br\/mulheres\/wp-json\/wp\/v2\/comments?post=1080"}],"version-history":[{"count":0,"href":"https:\/\/www.saopaulo.sp.leg.br\/mulheres\/wp-json\/wp\/v2\/pages\/1080\/revisions"}],"wp:attachment":[{"href":"https:\/\/www.saopaulo.sp.leg.br\/mulheres\/wp-json\/wp\/v2\/media?parent=1080"}],"curies":[{"name":"wp","href":"https:\/\/api.w.org\/{rel}","templated":true}]}}