{"id":1041,"date":"2020-06-15T10:45:01","date_gmt":"2020-06-15T13:45:01","guid":{"rendered":"http:\/\/www.saopaulo.sp.leg.br\/mulheres\/?page_id=1041"},"modified":"2024-03-25T16:24:36","modified_gmt":"2024-03-25T19:24:36","slug":"inicio","status":"publish","type":"page","link":"https:\/\/www.saopaulo.sp.leg.br\/mulheres\/","title":{"rendered":"In\u00edcio"},"content":{"rendered":"<a class=\"img_compartilhada\" href=\"http:\/\/saopaulo.sp.leg.br\/mulheres\"><img loading=\"lazy\" decoding=\"async\" class=\"alignleft wp-image-2250 size-full\" src=\"https:\/\/www.saopaulo.sp.leg.br\/mulheres\/wp-content\/uploads\/sites\/35\/2021\/09\/imagem-destaque-hotsite-mulher-3.png\" alt=\"\" width=\"504\" height=\"264\" srcset=\"https:\/\/www.saopaulo.sp.leg.br\/mulheres\/wp-content\/uploads\/sites\/35\/2021\/09\/imagem-destaque-hotsite-mulher-3.png 504w, https:\/\/www.saopaulo.sp.leg.br\/mulheres\/wp-content\/uploads\/sites\/35\/2021\/09\/imagem-destaque-hotsite-mulher-3-300x157.png 300w\" sizes=\"auto, (max-width: 504px) 100vw, 504px\" \/><\/a>\n<a href=\"https:\/\/www.saopaulo.sp.leg.br\/wp-content\/uploads\/2017\/03\/Discurso-Anna-Lamberga.pdf\" target=\"_blank\" rel=\"noopener\"><img decoding=\"async\" class=\"alignleft wp-image-1771\" style=\"border-radius: 3px;border: 5px solid #f7e7cd;margin: 0 0 10px\" src=\"https:\/\/www.saopaulo.sp.leg.br\/mulheres\/wp-content\/uploads\/sites\/35\/2021\/05\/banner-ana_banner1_banner1.jpg\" alt=\"\" width=\"100%\" srcset=\"https:\/\/www.saopaulo.sp.leg.br\/mulheres\/wp-content\/uploads\/sites\/35\/2021\/05\/banner-ana_banner1_banner1.jpg 1563w, https:\/\/www.saopaulo.sp.leg.br\/mulheres\/wp-content\/uploads\/sites\/35\/2021\/05\/banner-ana_banner1_banner1-300x72.jpg 300w, https:\/\/www.saopaulo.sp.leg.br\/mulheres\/wp-content\/uploads\/sites\/35\/2021\/05\/banner-ana_banner1_banner1-1024x246.jpg 1024w, https:\/\/www.saopaulo.sp.leg.br\/mulheres\/wp-content\/uploads\/sites\/35\/2021\/05\/banner-ana_banner1_banner1-768x185.jpg 768w, https:\/\/www.saopaulo.sp.leg.br\/mulheres\/wp-content\/uploads\/sites\/35\/2021\/05\/banner-ana_banner1_banner1-1536x370.jpg 1536w\" sizes=\"(max-width: 1563px) 100vw, 1563px\" \/><\/a>\n<table class=\"topo aligncenter\" style=\"margin-bottom: 20px\" width=\"100%\" align=\"center\">\n<tbody>\n<tr>\n<td>\n<h2><span class=\"titulo\">Revista Apartes:<strong> vereadoras da hist\u00f3ria<\/strong><\/span><\/h2>\n<\/td>\n<\/tr>\n<\/tbody>\n<\/table>\n<table class=\"perfil aligncenter\" width=\"100%\" align=\"center\">\n<tbody>\n<tr valign=\"top\">\n<td>\n<div id=\"attachment_40752\" style=\"width: 210px\" class=\"wp-caption aligncenter\"><img loading=\"lazy\" decoding=\"async\" aria-describedby=\"caption-attachment-40752\" class=\"wp-image-40752\" src=\"http:\/\/www.saopaulo.sp.leg.br\/wp-content\/uploads\/2017\/03\/Elisa_Abramovich_EM2017.png\" alt=\"Elisa Abramovich\" width=\"200\" height=\"200\" \/><p id=\"caption-attachment-40752\" class=\"wp-caption-text\">Elisa Abramovich<\/p><\/div>\n<p><a href=\"http:\/\/www.saopaulo.sp.leg.br\/apartes-anteriores\/revista-apartes\/numero-6-marco-abril2014\/ela-nao-teve-medo-da-vida\/\" target=\"_blank\" rel=\"noopener\"><strong><span class=\"titulo-perfil\">Ela n\u00e3o teve medo da vida<\/span><br \/>\n<span class=\"texto-perfil\">A primeira vereadora de S\u00e3o Paulo, Elisa Abramovich foi revolucion\u00e1ria na pol\u00edtica e na educa\u00e7\u00e3o de crian\u00e7as<\/span><\/strong><\/a><\/p>\n<p class=\"nota\">Por Fausto Salvadori<\/p>\n<\/td>\n<td class=\"color2\">\n<div id=\"attachment_40749\" style=\"width: 210px\" class=\"wp-caption aligncenter\"><img loading=\"lazy\" decoding=\"async\" aria-describedby=\"caption-attachment-40749\" class=\"wp-image-40749\" src=\"http:\/\/www.saopaulo.sp.leg.br\/wp-content\/uploads\/2017\/03\/Dulce_Braga_EM2017.png\" alt=\"Dulce Braga\" width=\"200\" height=\"200\" \/><p id=\"caption-attachment-40749\" class=\"wp-caption-text\">Dulce Braga<\/p><\/div>\n<p><a href=\"http:\/\/www.saopaulo.sp.leg.br\/apartes-anteriores\/revista-apartes\/numero-13-mar-abr2015\/nas-trilhas-da-arte-e-da-politica\/\" target=\"_blank\" rel=\"noopener\"><strong><span class=\"titulo-perfil\">Nas trilhas da arte e da pol\u00edtica<\/span><br \/>\n<span class=\"texto-perfil\">Ex-vereadora tornou-se a primeira senadora paulista, indicada pelos militares<\/span><\/strong><\/a><\/p>\n<p class=\"nota\">Por Gisele Machado<\/p>\n<\/td>\n<td>\n<div id=\"attachment_40761\" style=\"width: 210px\" class=\"wp-caption aligncenter\"><img loading=\"lazy\" decoding=\"async\" aria-describedby=\"caption-attachment-40761\" class=\"wp-image-40761\" src=\"http:\/\/www.saopaulo.sp.leg.br\/wp-content\/uploads\/2017\/03\/Theodosina_Ribeiro_EM2017.png\" alt=\"Theodosina Ribeiro\" width=\"200\" height=\"200\" \/><p id=\"caption-attachment-40761\" class=\"wp-caption-text\">Theodosina Ribeiro<\/p><\/div>\n<p><a href=\"http:\/\/www.saopaulo.sp.leg.br\/wp-content\/uploads\/2017\/03\/ENTREVISTA_THEODOSINA_REVISTA_DO_PARLAMENTO_PAULISTANO.pdf\" target=\"_blank\" rel=\"noopener\"><strong><span class=\"titulo-perfil\">O Parlamento \u00e9 uma grande escola<\/span><br \/>\n<span class=\"texto-perfil\">A primeira vereadora negra do Munic\u00edpio conta suas lutas, vit\u00f3rias e frustra\u00e7\u00f5es<\/span><\/strong><\/a><\/p>\n<p class=\"nota\">Por Rodrigo Garcia<\/p>\n<\/td>\n<\/tr>\n<\/tbody>\n<\/table>\n<p>&nbsp;<\/p>\n","protected":false},"excerpt":{"rendered":"<p>Revista Apartes: vereadoras da hist\u00f3ria Ela n\u00e3o teve medo da vida A primeira vereadora de S\u00e3o Paulo, Elisa Abramovich foi revolucion\u00e1ria na pol\u00edtica e na educa\u00e7\u00e3o de crian\u00e7as Por Fausto Salvadori Nas trilhas da arte e da pol\u00edtica Ex-vereadora tornou-se a primeira senadora paulista, indicada pelos militares Por Gisele Machado O Parlamento \u00e9 uma grande&#8230;  <a class=\"excerpt-read-more\" href=\"https:\/\/www.saopaulo.sp.leg.br\/mulheres\/\" title=\"Leia In\u00edcio\">Leia Mais &raquo;<\/a><\/p>\n","protected":false},"author":630,"featured_media":2250,"parent":0,"menu_order":0,"comment_status":"closed","ping_status":"closed","template":"page-home.php","meta":{"_acf_changed":false,"footnotes":""},"class_list":["post-1041","page","type-page","status-publish","has-post-thumbnail","hentry"],"acf":[],"yoast_head":"<!-- This site is optimized with the Yoast SEO plugin v27.4 - https:\/\/yoast.com\/product\/yoast-seo-wordpress\/ -->\n<title>Hotsite Mulheres<\/title>\n<meta name=\"description\" content=\"O Hotsite Mulheres \u00e9 um espa\u00e7o reservado para divulgar iniciativas, pol\u00edticas p\u00fablicas e debates voltados ao p\u00fablico feminino.\" \/>\n<meta name=\"robots\" content=\"index, follow, max-snippet:-1, max-image-preview:large, max-video-preview:-1\" \/>\n<link rel=\"canonical\" href=\"https:\/\/www.saopaulo.sp.leg.br\/mulheres\/\" \/>\n<meta property=\"og:locale\" content=\"pt_BR\" \/>\n<meta property=\"og:type\" content=\"article\" \/>\n<meta property=\"og:title\" content=\"Hotsite Mulheres\" \/>\n<meta property=\"og:description\" content=\"O Hotsite Mulheres \u00e9 um espa\u00e7o reservado para divulgar iniciativas, pol\u00edticas p\u00fablicas e debates voltados ao p\u00fablico feminino.\" \/>\n<meta property=\"og:url\" content=\"https:\/\/www.saopaulo.sp.leg.br\/mulheres\/\" \/>\n<meta property=\"og:site_name\" content=\"Mulheres\" \/>\n<meta property=\"article:modified_time\" content=\"2024-03-25T19:24:36+00:00\" \/>\n<meta property=\"og:image\" content=\"http:\/\/www.saopaulo.sp.leg.br\/mulheres\/wp-content\/uploads\/sites\/35\/2021\/09\/imagem-destaque-hotsite-mulher-3.png\" \/>\n\t<meta property=\"og:image:width\" content=\"504\" \/>\n\t<meta property=\"og:image:height\" content=\"264\" \/>\n\t<meta property=\"og:image:type\" content=\"image\/png\" \/>\n<meta name=\"twitter:card\" content=\"summary_large_image\" \/>\n<meta name=\"twitter:title\" content=\"Hotsite Mulheres\" \/>\n<meta name=\"twitter:description\" content=\"O Hotsite Mulheres \u00e9 um espa\u00e7o reservado para divulgar iniciativas, pol\u00edticas p\u00fablicas e debates voltados ao p\u00fablico feminino.\" \/>\n<meta name=\"twitter:image\" content=\"https:\/\/www.saopaulo.sp.leg.br\/mulheres\/wp-content\/uploads\/sites\/35\/2021\/09\/imagem-destaque-hotsite-mulher-3.png\" \/>\n<meta name=\"twitter:label1\" content=\"Est. tempo de leitura\" \/>\n\t<meta name=\"twitter:data1\" content=\"2 minutos\" \/>\n<script type=\"application\/ld+json\" class=\"yoast-schema-graph\">{\"@context\":\"https:\\\/\\\/schema.org\",\"@graph\":[{\"@type\":\"WebPage\",\"@id\":\"https:\\\/\\\/www.saopaulo.sp.leg.br\\\/mulheres\\\/\",\"url\":\"https:\\\/\\\/www.saopaulo.sp.leg.br\\\/mulheres\\\/\",\"name\":\"Hotsite Mulheres\",\"isPartOf\":{\"@id\":\"https:\\\/\\\/www.saopaulo.sp.leg.br\\\/mulheres\\\/#website\"},\"primaryImageOfPage\":{\"@id\":\"https:\\\/\\\/www.saopaulo.sp.leg.br\\\/mulheres\\\/#primaryimage\"},\"image\":{\"@id\":\"https:\\\/\\\/www.saopaulo.sp.leg.br\\\/mulheres\\\/#primaryimage\"},\"thumbnailUrl\":\"https:\\\/\\\/www.saopaulo.sp.leg.br\\\/mulheres\\\/wp-content\\\/uploads\\\/sites\\\/35\\\/2021\\\/09\\\/imagem-destaque-hotsite-mulher-3.png\",\"datePublished\":\"2020-06-15T13:45:01+00:00\",\"dateModified\":\"2024-03-25T19:24:36+00:00\",\"description\":\"O Hotsite Mulheres \u00e9 um espa\u00e7o reservado para divulgar iniciativas, pol\u00edticas p\u00fablicas e debates voltados ao p\u00fablico feminino.\",\"breadcrumb\":{\"@id\":\"https:\\\/\\\/www.saopaulo.sp.leg.br\\\/mulheres\\\/#breadcrumb\"},\"inLanguage\":\"pt-BR\",\"potentialAction\":[{\"@type\":\"ReadAction\",\"target\":[\"https:\\\/\\\/www.saopaulo.sp.leg.br\\\/mulheres\\\/\"]}]},{\"@type\":\"ImageObject\",\"inLanguage\":\"pt-BR\",\"@id\":\"https:\\\/\\\/www.saopaulo.sp.leg.br\\\/mulheres\\\/#primaryimage\",\"url\":\"https:\\\/\\\/www.saopaulo.sp.leg.br\\\/mulheres\\\/wp-content\\\/uploads\\\/sites\\\/35\\\/2021\\\/09\\\/imagem-destaque-hotsite-mulher-3.png\",\"contentUrl\":\"https:\\\/\\\/www.saopaulo.sp.leg.br\\\/mulheres\\\/wp-content\\\/uploads\\\/sites\\\/35\\\/2021\\\/09\\\/imagem-destaque-hotsite-mulher-3.png\",\"width\":504,\"height\":264},{\"@type\":\"BreadcrumbList\",\"@id\":\"https:\\\/\\\/www.saopaulo.sp.leg.br\\\/mulheres\\\/#breadcrumb\",\"itemListElement\":[{\"@type\":\"ListItem\",\"position\":1,\"name\":\"In\u00edcio\",\"item\":\"https:\\\/\\\/www.saopaulo.sp.leg.br\\\/mulheres\\\/\"},{\"@type\":\"ListItem\",\"position\":2,\"name\":\"In\u00edcio\"}]},{\"@type\":\"WebSite\",\"@id\":\"https:\\\/\\\/www.saopaulo.sp.leg.br\\\/mulheres\\\/#website\",\"url\":\"https:\\\/\\\/www.saopaulo.sp.leg.br\\\/mulheres\\\/\",\"name\":\"Mulheres\",\"description\":\"Mulheres\",\"potentialAction\":[{\"@type\":\"SearchAction\",\"target\":{\"@type\":\"EntryPoint\",\"urlTemplate\":\"https:\\\/\\\/www.saopaulo.sp.leg.br\\\/mulheres\\\/?s={search_term_string}\"},\"query-input\":{\"@type\":\"PropertyValueSpecification\",\"valueRequired\":true,\"valueName\":\"search_term_string\"}}],\"inLanguage\":\"pt-BR\"}]}<\/script>\n<!-- \/ Yoast SEO plugin. -->","yoast_head_json":{"title":"Hotsite Mulheres","description":"O Hotsite Mulheres \u00e9 um espa\u00e7o reservado para divulgar iniciativas, pol\u00edticas p\u00fablicas e debates voltados ao p\u00fablico feminino.","robots":{"index":"index","follow":"follow","max-snippet":"max-snippet:-1","max-image-preview":"max-image-preview:large","max-video-preview":"max-video-preview:-1"},"canonical":"https:\/\/www.saopaulo.sp.leg.br\/mulheres\/","og_locale":"pt_BR","og_type":"article","og_title":"Hotsite Mulheres","og_description":"O Hotsite Mulheres \u00e9 um espa\u00e7o reservado para divulgar iniciativas, pol\u00edticas p\u00fablicas e debates voltados ao p\u00fablico feminino.","og_url":"https:\/\/www.saopaulo.sp.leg.br\/mulheres\/","og_site_name":"Mulheres","article_modified_time":"2024-03-25T19:24:36+00:00","og_image":[{"width":504,"height":264,"url":"http:\/\/www.saopaulo.sp.leg.br\/mulheres\/wp-content\/uploads\/sites\/35\/2021\/09\/imagem-destaque-hotsite-mulher-3.png","type":"image\/png"}],"twitter_card":"summary_large_image","twitter_title":"Hotsite Mulheres","twitter_description":"O Hotsite Mulheres \u00e9 um espa\u00e7o reservado para divulgar iniciativas, pol\u00edticas p\u00fablicas e debates voltados ao p\u00fablico feminino.","twitter_image":"https:\/\/www.saopaulo.sp.leg.br\/mulheres\/wp-content\/uploads\/sites\/35\/2021\/09\/imagem-destaque-hotsite-mulher-3.png","twitter_misc":{"Est. tempo de leitura":"2 minutos"},"schema":{"@context":"https:\/\/schema.org","@graph":[{"@type":"WebPage","@id":"https:\/\/www.saopaulo.sp.leg.br\/mulheres\/","url":"https:\/\/www.saopaulo.sp.leg.br\/mulheres\/","name":"Hotsite Mulheres","isPartOf":{"@id":"https:\/\/www.saopaulo.sp.leg.br\/mulheres\/#website"},"primaryImageOfPage":{"@id":"https:\/\/www.saopaulo.sp.leg.br\/mulheres\/#primaryimage"},"image":{"@id":"https:\/\/www.saopaulo.sp.leg.br\/mulheres\/#primaryimage"},"thumbnailUrl":"https:\/\/www.saopaulo.sp.leg.br\/mulheres\/wp-content\/uploads\/sites\/35\/2021\/09\/imagem-destaque-hotsite-mulher-3.png","datePublished":"2020-06-15T13:45:01+00:00","dateModified":"2024-03-25T19:24:36+00:00","description":"O Hotsite Mulheres \u00e9 um espa\u00e7o reservado para divulgar iniciativas, pol\u00edticas p\u00fablicas e debates voltados ao p\u00fablico feminino.","breadcrumb":{"@id":"https:\/\/www.saopaulo.sp.leg.br\/mulheres\/#breadcrumb"},"inLanguage":"pt-BR","potentialAction":[{"@type":"ReadAction","target":["https:\/\/www.saopaulo.sp.leg.br\/mulheres\/"]}]},{"@type":"ImageObject","inLanguage":"pt-BR","@id":"https:\/\/www.saopaulo.sp.leg.br\/mulheres\/#primaryimage","url":"https:\/\/www.saopaulo.sp.leg.br\/mulheres\/wp-content\/uploads\/sites\/35\/2021\/09\/imagem-destaque-hotsite-mulher-3.png","contentUrl":"https:\/\/www.saopaulo.sp.leg.br\/mulheres\/wp-content\/uploads\/sites\/35\/2021\/09\/imagem-destaque-hotsite-mulher-3.png","width":504,"height":264},{"@type":"BreadcrumbList","@id":"https:\/\/www.saopaulo.sp.leg.br\/mulheres\/#breadcrumb","itemListElement":[{"@type":"ListItem","position":1,"name":"In\u00edcio","item":"https:\/\/www.saopaulo.sp.leg.br\/mulheres\/"},{"@type":"ListItem","position":2,"name":"In\u00edcio"}]},{"@type":"WebSite","@id":"https:\/\/www.saopaulo.sp.leg.br\/mulheres\/#website","url":"https:\/\/www.saopaulo.sp.leg.br\/mulheres\/","name":"Mulheres","description":"Mulheres","potentialAction":[{"@type":"SearchAction","target":{"@type":"EntryPoint","urlTemplate":"https:\/\/www.saopaulo.sp.leg.br\/mulheres\/?s={search_term_string}"},"query-input":{"@type":"PropertyValueSpecification","valueRequired":true,"valueName":"search_term_string"}}],"inLanguage":"pt-BR"}]}},"_links":{"self":[{"href":"https:\/\/www.saopaulo.sp.leg.br\/mulheres\/wp-json\/wp\/v2\/pages\/1041","targetHints":{"allow":["GET"]}}],"collection":[{"href":"https:\/\/www.saopaulo.sp.leg.br\/mulheres\/wp-json\/wp\/v2\/pages"}],"about":[{"href":"https:\/\/www.saopaulo.sp.leg.br\/mulheres\/wp-json\/wp\/v2\/types\/page"}],"author":[{"embeddable":true,"href":"https:\/\/www.saopaulo.sp.leg.br\/mulheres\/wp-json\/wp\/v2\/users\/630"}],"replies":[{"embeddable":true,"href":"https:\/\/www.saopaulo.sp.leg.br\/mulheres\/wp-json\/wp\/v2\/comments?post=1041"}],"version-history":[{"count":0,"href":"https:\/\/www.saopaulo.sp.leg.br\/mulheres\/wp-json\/wp\/v2\/pages\/1041\/revisions"}],"wp:featuredmedia":[{"embeddable":true,"href":"https:\/\/www.saopaulo.sp.leg.br\/mulheres\/wp-json\/wp\/v2\/media\/2250"}],"wp:attachment":[{"href":"https:\/\/www.saopaulo.sp.leg.br\/mulheres\/wp-json\/wp\/v2\/media?parent=1041"}],"curies":[{"name":"wp","href":"https:\/\/api.w.org\/{rel}","templated":true}]}}