{"id":6,"date":"2021-11-12T15:42:59","date_gmt":"2021-11-12T18:42:59","guid":{"rendered":"https:\/\/www.saopaulo.sp.leg.br\/lablegsp\/?page_id=6"},"modified":"2021-11-12T16:02:30","modified_gmt":"2021-11-12T19:02:30","slug":"inicio","status":"publish","type":"page","link":"https:\/\/www.saopaulo.sp.leg.br\/lablegsp\/","title":{"rendered":"LabLegSP"},"content":{"rendered":"<h3 style=\"margin-top:40px\">O que \u00e9 o Projeto?<\/h3>\n<p>Em fevereiro de 2020, a C\u00e2mara Municipal de S\u00e3o Paulo e a Faculdade de Direito da Universidade de S\u00e3o Paulo celebraram um conv\u00eanio para que a Procuradoria Legislativa da C\u00e2mara Municipal desenvolvesse um Projeto de Pesquisa sobre Leg\u00edstica em parceria com a Universidade.<\/p>\n<p>Denominado \u201cG\u00eanese, aplica\u00e7\u00e3o e efeitos da legisla\u00e7\u00e3o produzida no munic\u00edpio de S\u00e3o Paulo a partir do ano 2000\u201d, mencionado Projeto de Pesquisa foi idealizado com o objetivo de diagnosticar poss\u00edveis m\u00e9ritos e eventuais causas de patologias na produ\u00e7\u00e3o legislativa local, e apontar as condi\u00e7\u00f5es t\u00e9cnicas que favorecem a qualidade e a simplifica\u00e7\u00e3o na produ\u00e7\u00e3o e sistematiza\u00e7\u00e3o legislativa.<\/p>\n<p>Desde a celebra\u00e7\u00e3o do conv\u00eanio, em fevereiro de 2020, a equipe da C\u00e2mara Municipal de S\u00e3o Paulo, sob coordena\u00e7\u00e3o do Prof. Dr. Jos\u00e9 Levi Mello do Amaral Junior, est\u00e1 analisando individualmente todas as leis promulgadas no per\u00edodo de 2000 a 2020, classificando-as sob diferentes aspectos. Foi elaborada uma proposta de lei municipal sobre Leg\u00edstica, visando a regula\u00e7\u00e3o e a padroniza\u00e7\u00e3o da produ\u00e7\u00e3o legislativa paulistana. Tamb\u00e9m est\u00e3o sendo elaborados estudos acerca das leis que foram objetos de vetos pelo Poder Executivo, das leis que foram objetos de A\u00e7\u00f5es Diretas de Inconstitucionalidade e sobre as leis que n\u00e3o foram regulamentadas pelo Poder Executivo, quando necess\u00e1rio.<\/p>\n<p>Todos esses estudos, at\u00e9 ent\u00e3o in\u00e9ditos, tiveram resultados de utilidade evidente, suficientes a propiciar sua divulga\u00e7\u00e3o e a cria\u00e7\u00e3o de um Laborat\u00f3rio Permanente de An\u00e1lise da Legisla\u00e7\u00e3o Paulistana, aqui apresentado.<\/p>\n<h3 style=\"margin-top:40px\">Quem participa?<\/h3>\n<p>O Projeto de Pesquisa \u00e9 coordenado pelo Professor Doutor Jos\u00e9 Levi Mello do Amaral Junior, indicado pela Faculdade de Direito da Universidade de S\u00e3o Paulo.<\/p>\n<p>As Vice-Coordenadoras do Projeto s\u00e3o a Dra. Maria Nazar\u00e9 Lins Barbosa, Dra. Camila Morais Cajaiba Garcez Marins e Dra. Ieda Maria Ferreira Pires, Procuradoras Legislativas indicadas pelo Presidente da C\u00e2mara Municipal de S\u00e3o Paulo.<\/p>\n<p>Al\u00e9m disso, a C\u00e2mara indicou uma equipe de mais 9 integrantes, sendo 2 procuradores legislativos e os demais da \u00e1rea t\u00e9cnica e de inform\u00e1tica: Anna Carolina Torres de Aguilar Cortez, procuradora legislativa; Juliana Trindade, procuradora legislativa; Livia Nogueira Salom\u00e3o, t\u00e9cnica; Alessandra Labaki, t\u00e9cnica; Andr\u00e9 Marcon, t\u00e9cnico; Lucia Satiko Habe, t\u00e9cnica; Fernanda Estaiano, consultora; Carlos Eduardo Borges, consultor; Ubiratan Rodrigues, consultor.<\/p>\n<h3 style=\"margin-top:40px\">Continuidade p\u00f3s lan\u00e7amento<\/h3>\n<p>O Laborat\u00f3rio Permanente de An\u00e1lise da Legisla\u00e7\u00e3o Paulistana consistir\u00e1 em um centro permanente de estudos e pesquisa acerca da legisla\u00e7\u00e3o produzida no munic\u00edpio de S\u00e3o Paulo, sediado na Procuradoria Legislativa da C\u00e2mara Municipal de S\u00e3o Paulo. Os estudos at\u00e9 agora realizados apenas em rela\u00e7\u00e3o ao per\u00edodo dos anos 2000 a 2020 ser\u00e3o tornados permanentes, com o objetivo de ajudar na compreens\u00e3o e aperfei\u00e7oamento constante da elabora\u00e7\u00e3o legislativa no munic\u00edpio de S\u00e3o Paulo.<\/p>\n<h3 style=\"margin-top:40px\">Contato<\/h3>\n<p><a href=\"mailto:procuradoria@saopaulo.sp.leg.br\">procuradoria@saopaulo.sp.leg.br<\/a><br \/>\n(11) 3396-4219<\/p>\n<hr style=\"margin-top: 40px;margin-bottom: 40px\">\n<div style=\"background: #f5f5f5;padding: 10px 25px;margin-bottom: 25px\">\n<h2 style=\"font-weight: bold;color: #b70704\"><a style=\"line-height: 50px;color: #08475f;text-align: center;text-decoration: none;font-weight: bolder;width: 100%\" href=\"https:\/\/www.saopaulo.sp.leg.br\/wp-content\/uploads\/2021\/11\/apresentacao.pdf\" target=\"_blank\" rel=\"noopener\">Apresenta\u00e7\u00e3o<\/a><\/h2>\n<\/div>\n<div style=\"background: #f5f5f5;padding: 10px 25px;margin-bottom: 25px\">\n<h2 style=\"font-weight: bold;color: #b70704\"><a style=\"line-height: 50px;color: #08475f;text-align: center;text-decoration: none;font-weight: bolder;width: 100%\" href=\"https:\/\/www.saopaulo.sp.leg.br\/wp-content\/uploads\/2021\/11\/relato\u0301rio-parcial.pdf\" target=\"_blank\" rel=\"noopener\">Relat\u00f3rio Parcial<\/a><\/h2>\n<\/div>\n<div style=\"background: #f5f5f5;padding: 10px 25px;margin-bottom: 25px\">\n<h2 style=\"font-weight: bold;color: #b70704\"><a style=\"line-height: 50px;color: #08475f;text-align: center;text-decoration: none;font-weight: bolder;width: 100%\" href=\"https:\/\/youtu.be\/McHeOWHIrBw\" target=\"_blank\" rel=\"noopener\">Assista ao Lan\u00e7amento<\/a><\/h2>\n<\/div>\n","protected":false},"excerpt":{"rendered":"<p>O que \u00e9 o Projeto? Em fevereiro de 2020, a C\u00e2mara Municipal de S\u00e3o Paulo e a Faculdade de Direito da Universidade de S\u00e3o Paulo celebraram um conv\u00eanio para que a Procuradoria Legislativa da C\u00e2mara Municipal desenvolvesse um Projeto de Pesquisa sobre Leg\u00edstica em parceria com a Universidade. Denominado \u201cG\u00eanese, aplica\u00e7\u00e3o e efeitos da legisla\u00e7\u00e3o [&hellip;]<\/p>\n","protected":false},"author":630,"featured_media":0,"parent":0,"menu_order":0,"comment_status":"closed","ping_status":"closed","template":"","meta":{"footnotes":""},"class_list":["post-6","page","type-page","status-publish","hentry"],"_links":{"self":[{"href":"https:\/\/www.saopaulo.sp.leg.br\/lablegsp\/wp-json\/wp\/v2\/pages\/6","targetHints":{"allow":["GET"]}}],"collection":[{"href":"https:\/\/www.saopaulo.sp.leg.br\/lablegsp\/wp-json\/wp\/v2\/pages"}],"about":[{"href":"https:\/\/www.saopaulo.sp.leg.br\/lablegsp\/wp-json\/wp\/v2\/types\/page"}],"author":[{"embeddable":true,"href":"https:\/\/www.saopaulo.sp.leg.br\/lablegsp\/wp-json\/wp\/v2\/users\/630"}],"replies":[{"embeddable":true,"href":"https:\/\/www.saopaulo.sp.leg.br\/lablegsp\/wp-json\/wp\/v2\/comments?post=6"}],"version-history":[{"count":0,"href":"https:\/\/www.saopaulo.sp.leg.br\/lablegsp\/wp-json\/wp\/v2\/pages\/6\/revisions"}],"wp:attachment":[{"href":"https:\/\/www.saopaulo.sp.leg.br\/lablegsp\/wp-json\/wp\/v2\/media?parent=6"}],"curies":[{"name":"wp","href":"https:\/\/api.w.org\/{rel}","templated":true}]}}