{"id":9835,"date":"2018-06-12T17:00:18","date_gmt":"2018-06-12T20:00:18","guid":{"rendered":"http:\/\/www.saopaulo.sp.leg.br\/escoladoparlamento\/?page_id=9835"},"modified":"2018-08-20T16:42:18","modified_gmt":"2018-08-20T19:42:18","slug":"potenciais-educativos-do-territorio-urbano-rumo-a-cidade-educadora-modulo-ii-criar-na-cidade","status":"publish","type":"page","link":"https:\/\/www.saopaulo.sp.leg.br\/escoladoparlamento\/cursos\/cursos-anteriores\/cursos-realizados-2018\/potenciais-educativos-do-territorio-urbano-rumo-a-cidade-educadora-modulo-ii-criar-na-cidade\/","title":{"rendered":"Potenciais Educativos do Territ\u00f3rio Urbano: Rumo \u00e0 Cidade Educadora &#8211; M\u00f3dulo II &#8211; Criar na Cidade"},"content":{"rendered":"<p><strong>Diretores Respons\u00e1veis:<\/strong> Humberto Dantas\/Ilza Val\u00e9ria Moreira Jorge<\/p>\n<p><strong>Coordenadores:<\/strong> Silvia Aparecida Santos de Carvalho\/ Elio Araujo da Silva<\/p>\n<p>O F\u00f3rum de Educa\u00e7\u00e3o Integral para uma Cidade Educadora \u2013 em parceria com a Escola do Parlamento da C\u00e2mara Municipal de S\u00e3o Paulo e coopera\u00e7\u00e3o t\u00e9cnica da Associa\u00e7\u00e3o Cidade Escola Aprendiz \u2013 apresenta a forma\u00e7\u00e3o <em>Potenciais Educativos do Territ\u00f3rio Urbano: Rumo \u00e0 Cidade Educadora<\/em>.<\/p>\n<h3><strong>M\u00f3dulo 2 &#8211; Criar na Cidade <\/strong><\/h3>\n<p>Apresentar ideias, pessoas, projetos e experi\u00eancias que estimulam os cidad\u00e3os a encontrarem solu\u00e7\u00f5es criativas para suas comunidades. Este m\u00f3dulo apresenta tamb\u00e9m pol\u00edticas, programas e a\u00e7\u00f5es que visam melhorar a rela\u00e7\u00e3o do indiv\u00edduo com a cidade, promovendo transforma\u00e7\u00f5es no espa\u00e7o urbano e nas rela\u00e7\u00f5es sociais.<\/p>\n<p><strong>P\u00fablico Alvo: <\/strong>Gestores, Professores de EMEIs, EMEFs, EMEBs e EMEFEMs, ATEs e demais agentes p\u00fablicos interessados na tem\u00e1tica<\/p>\n<p><strong>Vagas:<\/strong> 50<\/p>\n<p><strong>Crit\u00e9rio para certifica\u00e7\u00e3o:<\/strong> 100% de presen\u00e7a<\/p>\n<h3><strong>Programa\u00e7\u00e3o:<\/strong><\/h3>\n<p><strong>Encontro 1 &#8211;\u00a0<\/strong>Cidades Educadoras: O papel dos equipamentos de cultura e educa\u00e7\u00e3o<\/p>\n<p><strong>30 de junho &#8211; 9h \u00e0s 14h<\/strong><\/p>\n<p>Convidado: <em>Museu da Imigra\u00e7\u00e3o<\/em><\/p>\n<p>Local: Museu da Imigra\u00e7\u00e3o &#8211; <a href=\"https:\/\/www.google.com.br\/maps\/place\/R.+Visc.+de+Parna%C3%ADba,+1316+-+Br%C3%A1s,+S%C3%A3o+Paulo+-+SP,+03164-300\/@-23.5494616,-46.6149886,17z\/data=!3m1!4b1!4m5!3m4!1s0x94ce59229f14a40d:0x36e4586a94627429!8m2!3d-23.5494616!4d-46.6127999?hl=pt-BR\">R. Visconde de Parna\u00edba, 1316 &#8211; Mooca<\/a><\/p>\n<hr \/>\n<p><strong>Encontro 2 &#8211; <\/strong>Cidades Educadoras: Arte e interven\u00e7\u00e3o na cidade<\/p>\n<p><strong>21 de julho &#8211; 9h \u00e0s 14h<\/strong><\/p>\n<p>Convidado: <em>Grupo Esparrama<\/em><\/p>\n<p>Local: Minhoc\u00e3o &#8211; al\u00e7a de acesso em frente \u00e0 <a href=\"https:\/\/www.google.com.br\/maps\/place\/R.+Ana+Cintra,+213+-+Campos+El%C3%ADseos,+S%C3%A3o+Paulo+-+SP,+01201-060\/@-23.5383431,-46.6503629,17z\/data=!3m1!4b1!4m5!3m4!1s0x94ce584131ffd6c3:0x5420fba4a8490c!8m2!3d-23.5383431!4d-46.6481742?hl=pt-BR\">Rua Ana Cintra, 213<\/a><\/p>\n<hr \/>\n<p><strong>Encontro 3 &#8211; <\/strong>Cidades Educadoras: Educa\u00e7\u00e3o patrimonial na cidade<\/p>\n<p><strong>04 de agosto &#8211;\u00a0\u00a09h \u00e0s 14h<\/strong><\/p>\n<p>Convidado: <em>Hey Sampa<\/em><\/p>\n<p>Local: C\u00e2mara Municipal de S\u00e3o Paulo &#8211; <a href=\"https:\/\/www.google.com.br\/maps\/place\/Viaduto+Jacare%C3%AD,+100+-+Bela+Vista,+S%C3%A3o+Paulo+-+SP,+01319-020\/@-23.5506711,-46.6432785,17z\/data=!3m1!4b1!4m5!3m4!1s0x94ce59ad51bac0bb:0xf4194cca82738cdb!8m2!3d-23.5506711!4d-46.6410898?hl=pt-BR\">Viaduto Jacare\u00ed, 100 &#8211; Bela Vista<\/a>\u00a0&#8211; <a href=\"http:\/\/www.saopaulo.sp.leg.br\/transparencia\/auditorios-online\/sala-oscar-pedroso-horta-sala-b\/\">Sala Oscar Pedroso Horta<\/a><\/p>\n<hr \/>\n<p><strong>Encontro 4 &#8211; <\/strong>Cidades Educadoras: Tempos e saberes da cultura popular<\/p>\n<p><strong>18 de agosto &#8211;\u00a0 9 \u00e1s 14h<\/strong>&#8211;<\/p>\n<p>Convidado: <em>Ti\u00e3o Carvalho<\/em><\/p>\n<p>Local: Est\u00fadio Laban &#8211; <a href=\"https:\/\/www.google.com.br\/maps\/place\/R.+Dr.+C%C3%ADcero+de+Alen%C3%A7ar,+164+-+Vila+Pirajussara,+S%C3%A3o+Paulo+-+SP,+05580-080\/@-23.5727308,-46.7205854,17z\/data=!3m1!4b1!4m5!3m4!1s0x94ce5657517faee7:0xc516b800d9ec2d2c!8m2!3d-23.5727308!4d-46.7183967?hl=pt-BR\">R. Dr. C\u00edcero de Alen\u00e7ar, 164 &#8211; Vila Pirajussara<\/a><\/p>\n<hr \/>\n<h3><strong>Corpo Docente:<\/strong><\/h3>\n<p><strong>Raiana Ribeiro &#8211;<\/strong> Gestora de Programa na <em>Associa\u00e7\u00e3o Cidade Escola Aprendiz<\/em>, que apoia e desenvolve a\u00e7\u00f5es estrat\u00e9gicas para o desenvolvimento de Cidades Educadoras e agenda de Educa\u00e7\u00e3o Integral no Brasil.<\/p>\n<p><strong>Dayana Ara\u00fajo &#8211;<\/strong> Gestora de Projetos no programa Cidades Educadoras da <em>Associa\u00e7\u00e3o Cidade Escola Aprendiz<\/em>, disseminando, incidindo e articulando Cidades Educadoras no Brasil.<\/p>\n<p><strong>Marieta Colucci Ribeiro &#8211; <\/strong>Arquiteta e Urbanista, formada pela FAU\/USP<\/p>\n<h2><\/h2>\n<h2><strong>Inscri\u00e7\u00f5es: Encerradas. Vagas esgotadas.<\/strong><\/h2>\n<p>&nbsp;<\/p>\n","protected":false},"excerpt":{"rendered":"<p>Diretores Respons\u00e1veis: Humberto Dantas\/Ilza Val\u00e9ria Moreira Jorge Coordenadores: Silvia Aparecida Santos de Carvalho\/ Elio Araujo da Silva O F\u00f3rum de Educa\u00e7\u00e3o Integral para uma Cidade Educadora \u2013 em parceria com a Escola do Parlamento da C\u00e2mara Municipal de S\u00e3o Paulo e coopera\u00e7\u00e3o t\u00e9cnica da Associa\u00e7\u00e3o Cidade Escola Aprendiz \u2013 apresenta a forma\u00e7\u00e3o Potenciais Educativos do [&hellip;]<\/p>\n","protected":false},"author":522,"featured_media":0,"parent":8438,"menu_order":359,"comment_status":"closed","ping_status":"closed","template":"","meta":{"_acf_changed":false,"footnotes":""},"class_list":["post-9835","page","type-page","status-publish","hentry"],"acf":[],"_links":{"self":[{"href":"https:\/\/www.saopaulo.sp.leg.br\/escoladoparlamento\/wp-json\/wp\/v2\/pages\/9835","targetHints":{"allow":["GET"]}}],"collection":[{"href":"https:\/\/www.saopaulo.sp.leg.br\/escoladoparlamento\/wp-json\/wp\/v2\/pages"}],"about":[{"href":"https:\/\/www.saopaulo.sp.leg.br\/escoladoparlamento\/wp-json\/wp\/v2\/types\/page"}],"author":[{"embeddable":true,"href":"https:\/\/www.saopaulo.sp.leg.br\/escoladoparlamento\/wp-json\/wp\/v2\/users\/522"}],"replies":[{"embeddable":true,"href":"https:\/\/www.saopaulo.sp.leg.br\/escoladoparlamento\/wp-json\/wp\/v2\/comments?post=9835"}],"version-history":[{"count":0,"href":"https:\/\/www.saopaulo.sp.leg.br\/escoladoparlamento\/wp-json\/wp\/v2\/pages\/9835\/revisions"}],"up":[{"embeddable":true,"href":"https:\/\/www.saopaulo.sp.leg.br\/escoladoparlamento\/wp-json\/wp\/v2\/pages\/8438"}],"wp:attachment":[{"href":"https:\/\/www.saopaulo.sp.leg.br\/escoladoparlamento\/wp-json\/wp\/v2\/media?parent=9835"}],"curies":[{"name":"wp","href":"https:\/\/api.w.org\/{rel}","templated":true}]}}