{"id":9580,"date":"2018-05-17T14:49:38","date_gmt":"2018-05-17T17:49:38","guid":{"rendered":"http:\/\/www.saopaulo.sp.leg.br\/escoladoparlamento\/?page_id=9580"},"modified":"2018-09-13T13:54:15","modified_gmt":"2018-09-13T16:54:15","slug":"os-valores-do-brasileiro-e-a-evolucao-da-consciencia-na-sociedade","status":"publish","type":"page","link":"https:\/\/www.saopaulo.sp.leg.br\/escoladoparlamento\/cursos\/cursos-anteriores\/cursos-realizados-2018\/os-valores-do-brasileiro-e-a-evolucao-da-consciencia-na-sociedade\/","title":{"rendered":"Os valores do brasileiro e a evolu\u00e7\u00e3o da consci\u00eancia na sociedade"},"content":{"rendered":"<p><strong>Diretor Respons\u00e1vel: <\/strong>Humberto Dantas<\/p>\n<p><strong>Objetivo: <\/strong>Debater os valores que os brasileiros definem de si mesmos, da sociedade e aqueles que desejam para o futuro do pa\u00eds, enfocando na evolu\u00e7\u00e3o da consci\u00eancia na sociedade.<\/p>\n<p><strong>P\u00fablico-alvo<\/strong>: Servidores, estudantes e demais interessados no tema.<\/p>\n<h2>12 de setembro, das 19h \u00e0s 21h<\/h2>\n<h3><a href=\"http:\/\/www.saopaulo.sp.leg.br\/transparencia\/auditorios-online\/sala-oscar-pedroso-horta-sala-b\/\">Sala Oscar Pedroso Horta<\/a><\/h3>\n<p>Palestrante:<\/p>\n<p><strong>Guilherme Luiz Marback\u00a0<\/strong><\/p>\n<p><em>Graduado em Ci\u00eancias Econ\u00f4micas pela PUC- Salvador e MBA pelo IBMEC. Atua como Coach Executivo e consultor de desenvolvimento organizacional. Antes de direcionar sua carreira para o desenvolvimento humano, atuou 20 anos como executivo com s\u00f3lida carreira em Institui\u00e7\u00f5es de grande porte como Citibank e Banco Chase Manhattan. Especialista em Transforma\u00e7\u00e3o Cultural pela Hofestede Centre, Master Trainer certificador e International Partner da Barrett Values Centre. Coach certificado pela ICC, Certified Professional Behavioral Analyst e Certified Professional Values Analyst pela TTI Performance System.<\/em><\/p>\n<h2>Inscri\u00e7\u00f5es:\u00a0<span style=\"color: #ff0000\">encerradas<\/span><\/h2>\n<p>&nbsp;<\/p>\n","protected":false},"excerpt":{"rendered":"<p>Diretor Respons\u00e1vel: Humberto Dantas Objetivo: Debater os valores que os brasileiros definem de si mesmos, da sociedade e aqueles que desejam para o futuro do pa\u00eds, enfocando na evolu\u00e7\u00e3o da consci\u00eancia na sociedade. P\u00fablico-alvo: Servidores, estudantes e demais interessados no tema. 12 de setembro, das 19h \u00e0s 21h Sala Oscar Pedroso Horta Palestrante: Guilherme Luiz [&hellip;]<\/p>\n","protected":false},"author":522,"featured_media":0,"parent":8438,"menu_order":365,"comment_status":"closed","ping_status":"closed","template":"","meta":{"_acf_changed":false,"footnotes":""},"class_list":["post-9580","page","type-page","status-publish","hentry"],"acf":[],"_links":{"self":[{"href":"https:\/\/www.saopaulo.sp.leg.br\/escoladoparlamento\/wp-json\/wp\/v2\/pages\/9580","targetHints":{"allow":["GET"]}}],"collection":[{"href":"https:\/\/www.saopaulo.sp.leg.br\/escoladoparlamento\/wp-json\/wp\/v2\/pages"}],"about":[{"href":"https:\/\/www.saopaulo.sp.leg.br\/escoladoparlamento\/wp-json\/wp\/v2\/types\/page"}],"author":[{"embeddable":true,"href":"https:\/\/www.saopaulo.sp.leg.br\/escoladoparlamento\/wp-json\/wp\/v2\/users\/522"}],"replies":[{"embeddable":true,"href":"https:\/\/www.saopaulo.sp.leg.br\/escoladoparlamento\/wp-json\/wp\/v2\/comments?post=9580"}],"version-history":[{"count":0,"href":"https:\/\/www.saopaulo.sp.leg.br\/escoladoparlamento\/wp-json\/wp\/v2\/pages\/9580\/revisions"}],"up":[{"embeddable":true,"href":"https:\/\/www.saopaulo.sp.leg.br\/escoladoparlamento\/wp-json\/wp\/v2\/pages\/8438"}],"wp:attachment":[{"href":"https:\/\/www.saopaulo.sp.leg.br\/escoladoparlamento\/wp-json\/wp\/v2\/media?parent=9580"}],"curies":[{"name":"wp","href":"https:\/\/api.w.org\/{rel}","templated":true}]}}