{"id":8849,"date":"2018-03-15T21:47:29","date_gmt":"2018-03-16T00:47:29","guid":{"rendered":"http:\/\/www.saopaulo.sp.leg.br\/escoladoparlamento\/?page_id=8849"},"modified":"2018-03-15T21:47:29","modified_gmt":"2018-03-16T00:47:29","slug":"seminario-transhumanismo","status":"publish","type":"page","link":"https:\/\/www.saopaulo.sp.leg.br\/escoladoparlamento\/cursos\/cursos-anteriores\/cursos-realizados-em-2016\/seminario-transhumanismo\/","title":{"rendered":"SEMIN\u00c1RIO TRANSHUMANISMO"},"content":{"rendered":"<p>As Novas Tecnologias e seus Impactos nas Capacidades F\u00edsicas e Mentais<\/p>\n<p>Em parceria com a Casa Brasileira Fernando Pessoa<\/p>\n<h2>24\/09\/2016 \u2013 08h30 \u00e0s 12h30<\/h2>\n<p><strong>Fundamenta\u00e7\u00e3o:<\/strong><\/p>\n<p>O transhumanismo pode ser considerado um \u201cmovimento\u201d intelectual que pretende<br \/>\ntransformar a condi\u00e7\u00e3o humana atrav\u00e9s do aumento das capacidades f\u00edsicas e mentais com o<br \/>\nuso de tecnologias. Tamb\u00e9m denominado de \u201cp\u00f3s humanismo\u201d, apresenta implica\u00e7\u00f5es que<br \/>\ngeram intenso debate no campo da \u00e9tica \u2013 por exemplo, a terapia gen\u00e9tica ou beb\u00eas como<br \/>\n\u201cprojetos\u201d. Sua conceitua\u00e7\u00e3o pode ser encontrada no pensamento antigo com os mitos onde<br \/>\nelixires evitariam a morte, mas, foi a partir de 1957 que o bi\u00f3logo estadunidense Julian Huxley<br \/>\npopularizou o termo criado pelo fil\u00f3sofo canadense W.D. Lighthall em 1940, atrav\u00e9s do artigo\u00a0\u201c<a href=\"http:\/\/www.transhumanism.org\/index.php\/WTA\/more\/huxley\/\">Transhumanism<\/a>\u201d.<br \/>\nCom a crescente utiliza\u00e7\u00e3o da \u201cinternet das coisas\u201d e a robotiza\u00e7\u00e3o de fun\u00e7\u00f5es, torna-se<br \/>\nnecess\u00e1rio que cada vez mais sejam debatidas as implica\u00e7\u00f5es \u00e9ticas que os diversos usos e<br \/>\ninterven\u00e7\u00f5es da tecnologia no ser humano \u2013 n\u00e3o apenas como utilizador, mas como<br \/>\nrecipiend\u00e1rio de interven\u00e7\u00f5es \u2013 possam afetar a subjetividade.<\/p>\n<p><strong>Palestrantes convidados:<\/strong><\/p>\n<p><strong>Alex Marcio Ribeiro Nunes<\/strong> &#8211; palestrante em diversos eventos tecnol\u00f3gicos do Brasil e do<br \/>\nexterior, entusiasta de softwares baseados em licen\u00e7as Open Source, desenvolvedor POSIX e,<br \/>\npen-tester, participou de importantes projetos corporativos e desenvolve inova\u00e7\u00f5es na \u00e1rea de<br \/>\nseguran\u00e7a da informa\u00e7\u00e3o.<\/p>\n<p><strong>Ricardo Jos\u00e9 de Almeida Leme<\/strong> &#8211; Graduado em medicina pela Faculdade de Ci\u00eancias M\u00e9dicas da<br \/>\nSanta Casa de S\u00e3o Paulo (1993), resid\u00eancia m\u00e9dica em Neurocirurgia pelo Hospital das Cl\u00ednicas<br \/>\nda FMUSP e doutorado em Ci\u00eancias Morfofuncionais pela Universidade de S\u00e3o Paulo (2004),<br \/>\nna \u00e1rea de neuroregenera\u00e7\u00e3o. Durante o per\u00edodo de doutoramento foi fellow no Miami Project<br \/>\nto Cure Paralysis na Universidade de Miami &#8211; Fl\u00f3rida. Especializa\u00e7\u00e3o em Medicina<br \/>\nAntropos\u00f3fica pela ABMA. Atualmente faz parte do corpo cl\u00ednico do Hospital Regional Sul,<br \/>\nPronto Socorro Infantil Sabar\u00e1 e do Hospital Cruz Azul de S\u00e3o Paulo. Autor do Blog: Sa\u00fade \u00e9\u00a0Consci\u00eancia<\/p>\n<p><strong>Gildo Magalh\u00e3es dos Santos Filho<\/strong> &#8211; Doutor em Hist\u00f3ria Social pela Universidade de S\u00e3o Paulo<br \/>\n(1994) e gradua\u00e7\u00e3o em Engenharia Eletr\u00f4nica pela Universidade de S\u00e3o Paulo (1972).Foi<br \/>\nbolsista da Funda\u00e7\u00e3o Humboldt (Alemanha), &#8220;Resident Scholar&#8221; do Instituto Smithsonian<br \/>\n(Washington, EUA) e &#8220;Fellow&#8221; da Chemical Heritage Foundation (Filad\u00e9lfia, EUA). Atualmente \u00e9<br \/>\nProfessor Titular do Departamento de Hist\u00f3ria da Faculdade de Filosofia, Letras e Ci\u00eancias<br \/>\nHumanas da Universidade de S\u00e3o Paulo, professor de Hist\u00f3ria colaborador do ISCTE &#8211; Instituto<br \/>\nUniversit\u00e1rio de Lisboa) e da Universidade de Lisboa (Centro de Filosofia da Ci\u00eancia). Tem<br \/>\nexperi\u00eancia em Hist\u00f3ria das Ci\u00eancias e da Tecnologia, atuando principalmente nos seguintes<br \/>\ntemas: hist\u00f3ria da eletricidade, hist\u00f3ria da ci\u00eancia e da tecnologia no Brasil, epistemologia,<br \/>\ndivulga\u00e7\u00e3o cient\u00edfica, hist\u00f3ria da pol\u00edtica cient\u00edfico-tecnol\u00f3gica.<\/p>\n<p><strong>Formato do evento:<\/strong><br \/>\n08:30 &#8211; recep\u00e7\u00e3o dos convidados<br \/>\n09:00 &#8211; forma\u00e7\u00e3o da mesa, sauda\u00e7\u00f5es \u00e0s autoridades<br \/>\n09:20 &#8211; primeira palestra: aspectos t\u00e9cnicos do transhumanismo<br \/>\n10:00 &#8211; segunda palestra: aspectos m\u00e9dicos do transhumanismo<br \/>\n10:40 &#8211; pausa para caf\u00e9<br \/>\n11:00 &#8211; terceira palestra: aspectos hist\u00f3ricos e filos\u00f3ficos do transhumanismo<br \/>\n11:40 &#8211; tempo para debates e perguntas<br \/>\n12:30 &#8211; encerramento<\/p>\n<p>&nbsp;<\/p>\n","protected":false},"excerpt":{"rendered":"<p>As Novas Tecnologias e seus Impactos nas Capacidades F\u00edsicas e Mentais Em parceria com a Casa Brasileira Fernando Pessoa 24\/09\/2016 \u2013 08h30 \u00e0s 12h30 Fundamenta\u00e7\u00e3o: O transhumanismo pode ser considerado um \u201cmovimento\u201d intelectual que pretende transformar a condi\u00e7\u00e3o humana atrav\u00e9s do aumento das capacidades f\u00edsicas e mentais com o uso de tecnologias. Tamb\u00e9m denominado de [&hellip;]<\/p>\n","protected":false},"author":127,"featured_media":0,"parent":3097,"menu_order":388,"comment_status":"closed","ping_status":"closed","template":"","meta":{"_acf_changed":false,"footnotes":""},"class_list":["post-8849","page","type-page","status-publish","hentry"],"acf":[],"_links":{"self":[{"href":"https:\/\/www.saopaulo.sp.leg.br\/escoladoparlamento\/wp-json\/wp\/v2\/pages\/8849","targetHints":{"allow":["GET"]}}],"collection":[{"href":"https:\/\/www.saopaulo.sp.leg.br\/escoladoparlamento\/wp-json\/wp\/v2\/pages"}],"about":[{"href":"https:\/\/www.saopaulo.sp.leg.br\/escoladoparlamento\/wp-json\/wp\/v2\/types\/page"}],"author":[{"embeddable":true,"href":"https:\/\/www.saopaulo.sp.leg.br\/escoladoparlamento\/wp-json\/wp\/v2\/users\/127"}],"replies":[{"embeddable":true,"href":"https:\/\/www.saopaulo.sp.leg.br\/escoladoparlamento\/wp-json\/wp\/v2\/comments?post=8849"}],"version-history":[{"count":0,"href":"https:\/\/www.saopaulo.sp.leg.br\/escoladoparlamento\/wp-json\/wp\/v2\/pages\/8849\/revisions"}],"up":[{"embeddable":true,"href":"https:\/\/www.saopaulo.sp.leg.br\/escoladoparlamento\/wp-json\/wp\/v2\/pages\/3097"}],"wp:attachment":[{"href":"https:\/\/www.saopaulo.sp.leg.br\/escoladoparlamento\/wp-json\/wp\/v2\/media?parent=8849"}],"curies":[{"name":"wp","href":"https:\/\/api.w.org\/{rel}","templated":true}]}}