{"id":8809,"date":"2018-03-14T20:17:40","date_gmt":"2018-03-14T23:17:40","guid":{"rendered":"http:\/\/www.saopaulo.sp.leg.br\/escoladoparlamento\/?page_id=8809"},"modified":"2018-03-14T20:17:40","modified_gmt":"2018-03-14T23:17:40","slug":"estrategias-e-inovacoes-tecnologicas-para-comunicacao-politica-na-internet","status":"publish","type":"page","link":"https:\/\/www.saopaulo.sp.leg.br\/escoladoparlamento\/cursos\/cursos-anteriores\/cursos-realizados-em-2012\/estrategias-e-inovacoes-tecnologicas-para-comunicacao-politica-na-internet\/","title":{"rendered":"Estrat\u00e9gias e Inova\u00e7\u00f5es Tecnol\u00f3gicas para Comunica\u00e7\u00e3o Pol\u00edtica na Internet"},"content":{"rendered":"<h2>14\/03\/2012, 19h-22h<\/h2>\n<p>Sala S\u00e9rgio Vieira de Mello<\/p>\n","protected":false},"excerpt":{"rendered":"<p>14\/03\/2012, 19h-22h Sala S\u00e9rgio Vieira de Mello<\/p>\n","protected":false},"author":127,"featured_media":0,"parent":1339,"menu_order":390,"comment_status":"closed","ping_status":"closed","template":"","meta":{"_acf_changed":false,"footnotes":""},"class_list":["post-8809","page","type-page","status-publish","hentry"],"acf":[],"_links":{"self":[{"href":"https:\/\/www.saopaulo.sp.leg.br\/escoladoparlamento\/wp-json\/wp\/v2\/pages\/8809","targetHints":{"allow":["GET"]}}],"collection":[{"href":"https:\/\/www.saopaulo.sp.leg.br\/escoladoparlamento\/wp-json\/wp\/v2\/pages"}],"about":[{"href":"https:\/\/www.saopaulo.sp.leg.br\/escoladoparlamento\/wp-json\/wp\/v2\/types\/page"}],"author":[{"embeddable":true,"href":"https:\/\/www.saopaulo.sp.leg.br\/escoladoparlamento\/wp-json\/wp\/v2\/users\/127"}],"replies":[{"embeddable":true,"href":"https:\/\/www.saopaulo.sp.leg.br\/escoladoparlamento\/wp-json\/wp\/v2\/comments?post=8809"}],"version-history":[{"count":0,"href":"https:\/\/www.saopaulo.sp.leg.br\/escoladoparlamento\/wp-json\/wp\/v2\/pages\/8809\/revisions"}],"up":[{"embeddable":true,"href":"https:\/\/www.saopaulo.sp.leg.br\/escoladoparlamento\/wp-json\/wp\/v2\/pages\/1339"}],"wp:attachment":[{"href":"https:\/\/www.saopaulo.sp.leg.br\/escoladoparlamento\/wp-json\/wp\/v2\/media?parent=8809"}],"curies":[{"name":"wp","href":"https:\/\/api.w.org\/{rel}","templated":true}]}}

Estratégias e Inovações Tecnológicas para Comunicação Política na Internet

<h2>14/03/2012, 19h-22h</h2>
<p>Sala Sérgio Vieira de Mello</p>

<p>14/03/2012, 19h-22h Sala Sérgio Vieira de Mello</p>
