{"id":8640,"date":"2018-03-07T14:38:47","date_gmt":"2018-03-07T17:38:47","guid":{"rendered":"http:\/\/www.saopaulo.sp.leg.br\/escoladoparlamento\/?page_id=8640"},"modified":"2018-03-07T14:38:47","modified_gmt":"2018-03-07T17:38:47","slug":"lei-10-639-de-2003-ensino-de-historia-e-cultura-afro-brasileira","status":"publish","type":"page","link":"https:\/\/www.saopaulo.sp.leg.br\/escoladoparlamento\/cursos\/cursos-anteriores\/cursos-realizados-em-2013\/lei-10-639-de-2003-ensino-de-historia-e-cultura-afro-brasileira\/","title":{"rendered":"Lei 10.639 de 2003:\u00a0Ensino de Hist\u00f3ria e Cultura Afro-Brasileira"},"content":{"rendered":"<h2>22\/11\/2013, 19h-22h<\/h2>\n<h3>Plen\u00e1rio 1\u00ba de Maio<\/h3>\n<p><strong>II Debate para a Semana da Consci\u00eancia Negra<\/strong><\/p>\n<p><strong>Objetivos:<\/strong> Discutir a Lei 10.639\/2003 procurando analisar os 10 anos de sua elabora\u00e7\u00e3o, os avan\u00e7os conquistados e os pr\u00f3ximos passos para sua efetiva implementa\u00e7\u00e3o.<\/p>\n<p><strong>P\u00fablico-alvo:<\/strong>\u00a0Cidad\u00e3os, servidores da CMSP e do poder p\u00fablico municipal<\/p>\n<p><strong>Carga-hor\u00e1ria:<\/strong> 3h<\/p>\n<p><strong>Debatedores convidados:<\/strong><\/p>\n<ul>\n<li>Angelita Garcia (<em>Formada em Sociologia e Pol\u00edtica pela Funda\u00e7\u00e3o Escola de Sociologia e Pol\u00edtica de S\u00e3o Paulo)<\/em><\/li>\n<\/ul>\n<ul>\n<li>Jaqueline Lima Santos<\/li>\n<\/ul>\n<ul>\n<li>\u00a0Maril\u00e2ndia Fraz\u00e3o de Espinosa (<em>Representante do F\u00f3rum Permanente de Educa\u00e7\u00e3o e Diversidade \u00c9tnico-Racial)<\/em><\/li>\n<\/ul>\n<ul>\n<li>\u00a0Daniel Teixeira (<em>Representante do Centro de Estudo das Rela\u00e7\u00f5es de Trabalho e Desigualdades &#8211; CEERT)<\/em><\/li>\n<\/ul>\n","protected":false},"excerpt":{"rendered":"<p>22\/11\/2013, 19h-22h Plen\u00e1rio 1\u00ba de Maio II Debate para a Semana da Consci\u00eancia Negra Objetivos: Discutir a Lei 10.639\/2003 procurando analisar os 10 anos de sua elabora\u00e7\u00e3o, os avan\u00e7os conquistados e os pr\u00f3ximos passos para sua efetiva implementa\u00e7\u00e3o. P\u00fablico-alvo:\u00a0Cidad\u00e3os, servidores da CMSP e do poder p\u00fablico municipal Carga-hor\u00e1ria: 3h Debatedores convidados: Angelita Garcia (Formada em [&hellip;]<\/p>\n","protected":false},"author":127,"featured_media":0,"parent":1336,"menu_order":412,"comment_status":"closed","ping_status":"closed","template":"","meta":{"_acf_changed":false,"footnotes":""},"class_list":["post-8640","page","type-page","status-publish","hentry"],"acf":[],"_links":{"self":[{"href":"https:\/\/www.saopaulo.sp.leg.br\/escoladoparlamento\/wp-json\/wp\/v2\/pages\/8640","targetHints":{"allow":["GET"]}}],"collection":[{"href":"https:\/\/www.saopaulo.sp.leg.br\/escoladoparlamento\/wp-json\/wp\/v2\/pages"}],"about":[{"href":"https:\/\/www.saopaulo.sp.leg.br\/escoladoparlamento\/wp-json\/wp\/v2\/types\/page"}],"author":[{"embeddable":true,"href":"https:\/\/www.saopaulo.sp.leg.br\/escoladoparlamento\/wp-json\/wp\/v2\/users\/127"}],"replies":[{"embeddable":true,"href":"https:\/\/www.saopaulo.sp.leg.br\/escoladoparlamento\/wp-json\/wp\/v2\/comments?post=8640"}],"version-history":[{"count":0,"href":"https:\/\/www.saopaulo.sp.leg.br\/escoladoparlamento\/wp-json\/wp\/v2\/pages\/8640\/revisions"}],"up":[{"embeddable":true,"href":"https:\/\/www.saopaulo.sp.leg.br\/escoladoparlamento\/wp-json\/wp\/v2\/pages\/1336"}],"wp:attachment":[{"href":"https:\/\/www.saopaulo.sp.leg.br\/escoladoparlamento\/wp-json\/wp\/v2\/media?parent=8640"}],"curies":[{"name":"wp","href":"https:\/\/api.w.org\/{rel}","templated":true}]}}