{"id":8620,"date":"2018-03-07T12:46:07","date_gmt":"2018-03-07T15:46:07","guid":{"rendered":"http:\/\/www.saopaulo.sp.leg.br\/escoladoparlamento\/?page_id=8620"},"modified":"2018-03-07T12:54:07","modified_gmt":"2018-03-07T15:54:07","slug":"ii-premio-de-boas-praticas-legislativas","status":"publish","type":"page","link":"https:\/\/www.saopaulo.sp.leg.br\/escoladoparlamento\/cursos\/cursos-anteriores\/cursos-realizados-em-2012\/ii-premio-de-boas-praticas-legislativas\/","title":{"rendered":"II Pr\u00eamio de Boas Pr\u00e1ticas Legislativas"},"content":{"rendered":"<p>A Escola do Parlamento da C\u00e2mara Municipal de S\u00e3o Paulo, a Escola de Artes, Ci\u00eancias e Humanidades da USP e a Uni\u00e3o dos Vereadores do Estado de S\u00e3o Paulo, em parceria, apresentam as diretrizes gerais para a participa\u00e7\u00e3o dos interessados na segunda edi\u00e7\u00e3o do PR\u00caMIO DE BOAS PR\u00c1TICAS LEGISLATIVAS destinado \u00e0s C\u00e2maras Municipais e aos Vereadores do Estado de S\u00e3o Paulo.<\/p>\n<p>&nbsp;<\/p>\n<p><strong>Cronograma<\/strong><\/p>\n<p><strong>05 de Julho<\/strong><\/p>\n<p>Lan\u00e7amento do <a href=\"http:\/\/www.saopaulo.sp.leg.br\/escoladoparlamento\/wp-content\/uploads\/sites\/5\/2018\/03\/Regulamento-do-Pr\u00eamio.pdf\">Regulamento do Pr\u00eamio<\/a>.<\/p>\n<p><a href=\"http:\/\/www.saopaulo.sp.leg.br\/escoladoparlamento\/wp-content\/uploads\/sites\/5\/2018\/03\/Ficha-de-Inscri\u00e7\u00e3o.docx\">Ficha de Inscri\u00e7\u00e3o<\/a><\/p>\n<p><strong>5 de Julho a 17 de Agosto<\/strong><\/p>\n<p>Per\u00edodo de divulga\u00e7\u00e3o<\/p>\n<p><strong>20 de agosto a 20 de outubro<\/strong><\/p>\n<p>Per\u00edodo de Inscri\u00e7\u00f5es conforme item 3 do presente Regulamento<\/p>\n<p><strong>20 de Outubro a 20 de Novembro<\/strong><\/p>\n<p>Per\u00edodo de julgamento pela banca de avaliadores indicada pelos parceiros do projeto.<\/p>\n<p>Novembro &#8211; An\u00fancio dos Semi-Finalistas<\/p>\n<p>O an\u00fancio ser\u00e1 feito pelo Portal da C\u00e2mara Municipal de S\u00e3o Paulo \u2013 Escola do Parlamento<\/p>\n<p><strong>07 de Dezembro<\/strong><\/p>\n<p>Solenidade de entrega dos Pr\u00eamios na C\u00e2mara Municipal de S\u00e3o Paulo.<\/p>\n","protected":false},"excerpt":{"rendered":"<p>A Escola do Parlamento da C\u00e2mara Municipal de S\u00e3o Paulo, a Escola de Artes, Ci\u00eancias e Humanidades da USP e a Uni\u00e3o dos Vereadores do Estado de S\u00e3o Paulo, em parceria, apresentam as diretrizes gerais para a participa\u00e7\u00e3o dos interessados na segunda edi\u00e7\u00e3o do PR\u00caMIO DE BOAS PR\u00c1TICAS LEGISLATIVAS destinado \u00e0s C\u00e2maras Municipais e aos [&hellip;]<\/p>\n","protected":false},"author":127,"featured_media":0,"parent":1339,"menu_order":417,"comment_status":"closed","ping_status":"closed","template":"","meta":{"_acf_changed":false,"footnotes":""},"class_list":["post-8620","page","type-page","status-publish","hentry"],"acf":[],"_links":{"self":[{"href":"https:\/\/www.saopaulo.sp.leg.br\/escoladoparlamento\/wp-json\/wp\/v2\/pages\/8620","targetHints":{"allow":["GET"]}}],"collection":[{"href":"https:\/\/www.saopaulo.sp.leg.br\/escoladoparlamento\/wp-json\/wp\/v2\/pages"}],"about":[{"href":"https:\/\/www.saopaulo.sp.leg.br\/escoladoparlamento\/wp-json\/wp\/v2\/types\/page"}],"author":[{"embeddable":true,"href":"https:\/\/www.saopaulo.sp.leg.br\/escoladoparlamento\/wp-json\/wp\/v2\/users\/127"}],"replies":[{"embeddable":true,"href":"https:\/\/www.saopaulo.sp.leg.br\/escoladoparlamento\/wp-json\/wp\/v2\/comments?post=8620"}],"version-history":[{"count":0,"href":"https:\/\/www.saopaulo.sp.leg.br\/escoladoparlamento\/wp-json\/wp\/v2\/pages\/8620\/revisions"}],"up":[{"embeddable":true,"href":"https:\/\/www.saopaulo.sp.leg.br\/escoladoparlamento\/wp-json\/wp\/v2\/pages\/1339"}],"wp:attachment":[{"href":"https:\/\/www.saopaulo.sp.leg.br\/escoladoparlamento\/wp-json\/wp\/v2\/media?parent=8620"}],"curies":[{"name":"wp","href":"https:\/\/api.w.org\/{rel}","templated":true}]}}

II Prêmio de Boas Práticas Legislativas

<p>A Escola do Parlamento da Câmara Municipal de São Paulo, a Escola de Artes, Ciências e Humanidades da USP e a União dos Vereadores do Estado de São Paulo, em parceria, apresentam as diretrizes gerais para a participação dos interessados na segunda edição do PRÊMIO DE BOAS PRÁTICAS LEGISLATIVAS destinado às Câmaras Municipais e aos Vereadores do Estado de São Paulo.</p>
<p>&nbsp;</p>
<p><strong>Cronograma</strong></p>
<p><strong>05 de Julho</strong></p>
<p>Lançamento do <a href="http://www.saopaulo.sp.leg.br/escoladoparlamento/wp-content/uploads/sites/5/2018/03/Regulamento-do-Prêmio.pdf">Regulamento do Prêmio</a>.</p>
<p><a href="http://www.saopaulo.sp.leg.br/escoladoparlamento/wp-content/uploads/sites/5/2018/03/Ficha-de-Inscrição.docx">Ficha de Inscrição</a></p>
<p><strong>5 de Julho a 17 de Agosto</strong></p>
<p>Período de divulgação</p>
<p><strong>20 de agosto a 20 de outubro</strong></p>
<p>Período de Inscrições conforme item 3 do presente Regulamento</p>
<p><strong>20 de Outubro a 20 de Novembro</strong></p>
<p>Período de julgamento pela banca de avaliadores indicada pelos parceiros do projeto.</p>
<p>Novembro &#8211; Anúncio dos Semi-Finalistas</p>
<p>O anúncio será feito pelo Portal da Câmara Municipal de São Paulo – Escola do Parlamento</p>
<p><strong>07 de Dezembro</strong></p>
<p>Solenidade de entrega dos Prêmios na Câmara Municipal de São Paulo.</p>

<p>A Escola do Parlamento da Câmara Municipal de São Paulo, a Escola de Artes, Ciências e Humanidades da USP e a União dos Vereadores do Estado de São Paulo, em parceria, apresentam as diretrizes gerais para a participação dos interessados na segunda edição do PRÊMIO DE BOAS PRÁTICAS LEGISLATIVAS destinado às Câmaras Municipais e aos [&hellip;]</p>
