{"id":8595,"date":"2018-03-06T16:12:05","date_gmt":"2018-03-06T19:12:05","guid":{"rendered":"http:\/\/www.saopaulo.sp.leg.br\/escoladoparlamento\/?page_id=8595"},"modified":"2018-03-06T16:14:59","modified_gmt":"2018-03-06T19:14:59","slug":"literatura-paulistana","status":"publish","type":"page","link":"https:\/\/www.saopaulo.sp.leg.br\/escoladoparlamento\/cursos\/cursos-anteriores\/cursos-realizados-em-2013\/literatura-paulistana\/","title":{"rendered":"Literatura Paulistana"},"content":{"rendered":"<h2>De 15 a 26 de Abril \u2013 de segunda a sexta-feira.<\/h2>\n<h2>Sala Oscar Pedroso Horta \u2013 1\u00ba Subsolo<\/h2>\n<h2>Hor\u00e1rio: das 19h \u00e0s 21h30<\/h2>\n<p><strong>Objetivos:\u00a0<\/strong>Caracteriza\u00e7\u00e3o dos conceitos de literatura-lingu\u00edstica-l\u00edngua-linguagem e do problema de referencialidade liter\u00e1ria. No\u00e7\u00e3o das particularidades da hist\u00f3ria de S\u00e3o Paulo e os limites da intera\u00e7\u00e3o literatura-hist\u00f3ria.\u00a0 Abordagem do tema literatura paulistana, identificando os elementos essenciais para o conhecimento da evolu\u00e7\u00e3o da literatura produzida na &#8220;cidade&#8221; de S\u00e3o Paulo, desde seus antecedentes (s\u00e9culo XVI) at\u00e9 \u00e0s manifesta\u00e7\u00f5es na fic\u00e7\u00e3o contempor\u00e2nea (s\u00e9culo XXI).\u00a0Apresenta\u00e7\u00e3o de textos dos principais autores &#8220;paulistanos&#8221;, colaborando para que, ao final do curso, cada participante possa: ter uma vis\u00e3o de conjunto da literatura paulistana; conhecer a hist\u00f3ria e a cultura paulistanas atrav\u00e9s dos textos; integrar a literatura paulista na sua cultura pessoal.<\/p>\n<p><strong>P\u00fablico Alvo:<\/strong> Cidad\u00e3os em geral, servidores de C\u00e2maras Municipais e do poder p\u00fablico municipal.<\/p>\n<p><strong>Vagas:<\/strong> 60<\/p>\n<p><strong>Carga Hor\u00e1ria:<\/strong> 30h<\/p>\n<p><strong>Programa\u00e7\u00e3o:<\/strong><\/p>\n<table>\n<tbody>\n<tr>\n<td><strong>Data<\/strong><\/td>\n<td><strong>Tema<\/strong><\/td>\n<\/tr>\n<tr>\n<td><strong>17\/4<\/strong><\/td>\n<td>Palestra Inaugural: \u201c Literatura e seu aprendizado\u201d (Jo\u00e3o Silv\u00e9rio Trevisan)<\/td>\n<\/tr>\n<tr>\n<td><strong>18\/4<\/strong><\/td>\n<td>Apresenta\u00e7\u00e3o do curso<\/p>\n<p>Apresenta\u00e7\u00e3o dos conceitos lingu\u00edsticos de base e das teorias liter\u00e1rias<\/p>\n<p>Primeiro Momento: Colonial &#8211; Literatura de Informa\u00e7\u00e3o<\/p>\n<p>Trecho de A Carta de Caminha (que ser\u00e1 retomado no Modernismo por Oswald de Andrade)<\/p>\n<p>Segundo Momento: Col\u00f4nia \u2013 Bandeirismo \u2013 Literatura Jesu\u00edtica (Catequ\u00e9tica) \u2013 Jos\u00e9 de Anchieta<\/p>\n<p>A <em>Arte da Gram\u00e1tica mais Usada na Costa do Brasil<\/em><\/p>\n<p>Greg\u00f3rio de Matos (BA) \u2013 Pe. Vieira<\/p>\n<p>Os Bandeirantes &#8211; Arcadismo (MG)<\/p>\n<p>Jos\u00e9 Bonif\u00e1cio de Andrada e Silva, Vila Rica (Cl\u00e1udio Manoel da Costa)<\/p>\n<p><em>As Minas de Prata <\/em>(Jos\u00e9 de Alencar),<\/p>\n<p><em>A Muralha <\/em>(Dinah Silveira de Queiroz)<\/p>\n<p>&nbsp;<\/td>\n<\/tr>\n<tr>\n<td><strong>19\/4<\/strong><\/td>\n<td>\u00b7\u00a0\u00a0\u00a0\u00a0\u00a0\u00a0\u00a0\u00a0 Imp\u00e9rio &#8211; Romantismo \u2013 Faculdade de Direito do Largo S\u00e3o Francisco<\/p>\n<p>\u00c1lvares de Azedo (<em>Lira dos Vinte Anos<\/em>, <em>Noite na Taverna<\/em> e <em>Mac\u00e1rio<\/em>), Castro Alves (<em>Espumas Flutuantes<\/em>), Fagundes Varela, Bernardo Guimar\u00e3es Jos\u00e9 Bonif\u00e1cio, o Mo\u00e7o, Paulo Eir\u00f3 e outros.<\/p>\n<p>&nbsp;<\/td>\n<\/tr>\n<tr>\n<td><strong>22\/4<\/strong><\/td>\n<td>\u00b7\u00a0\u00a0\u00a0\u00a0\u00a0\u00a0\u00a0\u00a0 Imp\u00e9rio &#8211; Realismo \u2013 Naturalismo \u2013 Romance<\/p>\n<p>J\u00falio Ribeiro, Ingl\u00eas de Sousa<\/p>\n<p>\u00b7\u00a0\u00a0\u00a0\u00a0\u00a0\u00a0\u00a0\u00a0 Aboli\u00e7\u00e3o &#8211; Fim do Imp\u00e9rio \u2013 A Queda<\/p>\n<p>&nbsp;<\/td>\n<\/tr>\n<tr>\n<td><strong>23\/4<\/strong><\/td>\n<td>\u00b7\u00a0\u00a0\u00a0\u00a0\u00a0\u00a0\u00a0\u00a0 Rep\u00fablica \u2013 1\u00aa. Rep\u00fablica \u2013 Pr\u00e9 Modernismo<\/p>\n<p>&#8211; A vida no interior de S\u00e3o Paulo:<\/p>\n<p>Monteiro Lobato (<em>Cidades Mortas, Urup\u00eas, Negrinha<\/em>)<\/p>\n<p>Valdomiro (Waldomiro) Silveira (<em>Os Caboclos<\/em>) e Corn\u00e9lio Pires<\/p>\n<p>&#8211; A vida noturna da Capital paulista: Hil\u00e1rio T\u00e1cito (<em>Madame Pommery<\/em>)<\/p>\n<p>&nbsp;<\/td>\n<\/tr>\n<tr>\n<td><strong>24\/4<\/strong><\/td>\n<td>\u00b7\u00a0\u00a0\u00a0\u00a0\u00a0\u00a0\u00a0\u00a0 Rep\u00fablica \u2013 1\u00aa. Rep\u00fablica Modernismo \u2013 1\u00aa. Gera\u00e7\u00e3o<\/p>\n<p>A Semana de Arte Moderna (1922)<\/p>\n<p>M\u00e1rio de Andrade<\/p>\n<p>Movimento Antropof\u00e1gico<\/p>\n<p>Oswald de Andrade<\/p>\n<p>Pagu<\/p>\n<p>&nbsp;<\/td>\n<\/tr>\n<tr>\n<td><strong>25\/4<\/strong><\/td>\n<td>\u00b7\u00a0\u00a0\u00a0\u00a0\u00a0\u00a0\u00a0\u00a0 Rep\u00fablica \u2013 1\u00aa. Rep\u00fablica Modernismo &#8211; 1\u00aa. Gera\u00e7\u00e3o<\/p>\n<p>Alc\u00e2ntara Machado <em>(Br\u00e1s, Bexiga e Barra Funda)<\/em><\/p>\n<p>Ju\u00f3 Bananere <em>(La Divina Increnca)<\/em><\/p>\n<p>Guilherme de Almeida, Menotti Del Picchia, S\u00e9rgio Milliet<\/p>\n<p>Cassiano Ricardo<\/p>\n<p>&nbsp;<\/td>\n<\/tr>\n<tr>\n<td><strong>26\/4<\/strong><\/td>\n<td>\u00b7\u00a0\u00a0\u00a0\u00a0\u00a0\u00a0\u00a0\u00a0 Rep\u00fablica \u2013 2\u00aa. Rep\u00fablica Modernismo &#8211; 2\u00aa. Gera\u00e7\u00e3o e 3\u00aa. Gera\u00e7\u00e3o \u2013 Literatura Contempor\u00e2nea<\/p>\n<p>D\u00e9cio Pignatari, Antonio C\u00e2ndido, Hilda Hilst, Paulo Bomfim, Lygia Fagundes Telles (<em>As Meninas<\/em>, <em>Venha ver o p\u00f4r do sol<\/em>, <em>Antes do Baile Verde<\/em>, <em>Semin\u00e1rio dos Ratos<\/em>)<\/p>\n<p>&nbsp;<\/td>\n<\/tr>\n<tr>\n<td><strong>29\/4<\/strong><\/p>\n<p>&nbsp;<\/td>\n<td>\u00b7\u00a0\u00a0\u00a0\u00a0\u00a0\u00a0\u00a0\u00a0 Literatura Contempor\u00e2nea<\/p>\n<p>&#8211; \u201cLiteratura Marginal\u201d<\/p>\n<p>Jo\u00e3o Ant\u00f4nio<\/p>\n<p>Reginaldo Ferreira da Silva &#8211; Ferr\u00e9z<\/p>\n<p>&#8211; Outros autores (por ordem alfab\u00e9tica): Adoniram Barbosa, Alexandre Heredia, Alfredo Bosi, Augusto de Campos, Haroldo de Campos, Helena Silveira, Ign\u00e1cio de Loyola Brand\u00e3o, Jos\u00e9 Miguel Wisnik, Louren\u00e7o Diaf\u00e9ria, Lu\u00eds Tatit, Jos\u00e9 Miguel Wisnik, Marcos Rey Or\u00edgenes Lessa, Paulo Vanzolini, etc.<\/p>\n<p>&nbsp;<\/td>\n<\/tr>\n<tr>\n<td><strong>30\/4<\/strong><\/td>\n<td>\u00b7\u00a0\u00a0\u00a0\u00a0\u00a0\u00a0\u00a0\u00a0 Outras artes paulistas ligadas \u00e0 literatura paulista:<\/p>\n<p>M\u00fasica cl\u00e1ssica: Carlos Gomes, Guiomar Novaes, Madalena<\/p>\n<p>Tagliaferro<\/p>\n<p>Orquestra: Orquestra Sinf\u00f4nica do Estado de S\u00e3o Paulo<\/p>\n<p>Compositores e Cantores: Luiz Tatit, Jos\u00e9 Miguel Wisnik, Arnaldo Antunes, Paulo Vanzolini, Dem\u00f4nios da Garoa, Adoniran Barbosa, Rita Lee, Renato Teixeira, Itamar Assump\u00e7\u00e3o<\/p>\n<p>M\u00fasica sertaneja: M\u00e1rio Zan, Corn\u00e9lio Pires, Tonico e Tinoco e Alvarenga e Ranchinho<\/p>\n<p>Choro: Zequinha de Abreu<\/p>\n<p>Violonista: Garoto (An\u00edbal Augusto Sardinha) e Canhoto (Am\u00e9rico Giacomino)<\/p>\n<p>Escultura: Victor Brecheret<\/p>\n<p>Pintura: Di Cavalcanti, Vicente do R\u00eago, Anita Malfatti, Lasar Segall, Tarsilla do Amaral e Ismael Nery.<\/p>\n<p>&nbsp;<\/td>\n<\/tr>\n<\/tbody>\n<\/table>\n","protected":false},"excerpt":{"rendered":"<p>De 15 a 26 de Abril \u2013 de segunda a sexta-feira. Sala Oscar Pedroso Horta \u2013 1\u00ba Subsolo Hor\u00e1rio: das 19h \u00e0s 21h30 Objetivos:\u00a0Caracteriza\u00e7\u00e3o dos conceitos de literatura-lingu\u00edstica-l\u00edngua-linguagem e do problema de referencialidade liter\u00e1ria. No\u00e7\u00e3o das particularidades da hist\u00f3ria de S\u00e3o Paulo e os limites da intera\u00e7\u00e3o literatura-hist\u00f3ria.\u00a0 Abordagem do tema literatura paulistana, identificando os [&hellip;]<\/p>\n","protected":false},"author":127,"featured_media":0,"parent":1336,"menu_order":422,"comment_status":"closed","ping_status":"closed","template":"","meta":{"_acf_changed":false,"footnotes":""},"class_list":["post-8595","page","type-page","status-publish","hentry"],"acf":[],"_links":{"self":[{"href":"https:\/\/www.saopaulo.sp.leg.br\/escoladoparlamento\/wp-json\/wp\/v2\/pages\/8595","targetHints":{"allow":["GET"]}}],"collection":[{"href":"https:\/\/www.saopaulo.sp.leg.br\/escoladoparlamento\/wp-json\/wp\/v2\/pages"}],"about":[{"href":"https:\/\/www.saopaulo.sp.leg.br\/escoladoparlamento\/wp-json\/wp\/v2\/types\/page"}],"author":[{"embeddable":true,"href":"https:\/\/www.saopaulo.sp.leg.br\/escoladoparlamento\/wp-json\/wp\/v2\/users\/127"}],"replies":[{"embeddable":true,"href":"https:\/\/www.saopaulo.sp.leg.br\/escoladoparlamento\/wp-json\/wp\/v2\/comments?post=8595"}],"version-history":[{"count":0,"href":"https:\/\/www.saopaulo.sp.leg.br\/escoladoparlamento\/wp-json\/wp\/v2\/pages\/8595\/revisions"}],"up":[{"embeddable":true,"href":"https:\/\/www.saopaulo.sp.leg.br\/escoladoparlamento\/wp-json\/wp\/v2\/pages\/1336"}],"wp:attachment":[{"href":"https:\/\/www.saopaulo.sp.leg.br\/escoladoparlamento\/wp-json\/wp\/v2\/media?parent=8595"}],"curies":[{"name":"wp","href":"https:\/\/api.w.org\/{rel}","templated":true}]}}