{"id":8257,"date":"2017-11-13T18:29:39","date_gmt":"2017-11-13T20:29:39","guid":{"rendered":"http:\/\/www.saopaulo.sp.leg.br\/escoladoparlamento\/?page_id=8257"},"modified":"2018-10-31T12:26:37","modified_gmt":"2018-10-31T15:26:37","slug":"8257-2","status":"publish","type":"page","link":"https:\/\/www.saopaulo.sp.leg.br\/escoladoparlamento\/cursos\/cursos-anteriores\/cursos-realizados-em-2017\/8257-2\/","title":{"rendered":"Inicia\u00e7\u00e3o Pol\u00edtica &#8211; 3\u00aa edi\u00e7\u00e3o"},"content":{"rendered":"<h2><span style=\"color: #800000\">CURSO DESTINADO EXCLUSIVAMENTE A ESTAGI\u00c1RIOS DA C\u00c2MARA MUNICIPAL DE S\u00c3O PAULO E ALUNOS DA ETEC CEPAM<\/span><\/h2>\n<p>&nbsp;<\/p>\n<p>Com base em experi\u00eancia realizada junto a jovens nas periferias de S\u00e3o Paulo desde 2009, trazer para Escola do Parlamento da C\u00e2mara Municipal de S\u00e3o Paulo, em parceria com a Funda\u00e7\u00e3o Konrad Adenauer, o curso que formou mais de 90 turmas e cerca de 10 mil pessoas em nove anos de atividades. O curso tem como objetivo discutir os conceitos de democracia, cidadania e a organiza\u00e7\u00e3o do Estado no Brasil com \u00eanfase em exemplos e discuss\u00f5es que sejam aplicados \u00e0 nossa realidade municipal.P\u00fablico Alvo: estagi\u00e1rios da C\u00e2mara Municipal de S\u00e3o Paulo<\/p>\n<p><strong>Diretor Respons\u00e1vel:<\/strong> Ilza Jorge<\/p>\n<p><strong>Coordena\u00e7\u00e3o:<\/strong> Humberto Dantas<\/p>\n<p><strong>Programa\u00e7\u00e3o:<\/strong><\/p>\n<table>\n<tbody>\n<tr>\n<td><strong>Data\/Hora<\/strong><\/td>\n<td><strong>Sala<\/strong><\/td>\n<td><strong>Palestrante<\/strong><\/td>\n<td><strong>Tema<\/strong><\/td>\n<\/tr>\n<tr>\n<td><strong>21\/nov<\/strong><\/p>\n<p>15h-18h<\/td>\n<td>Sala Tiradentes<\/td>\n<td>Rodrigo Estramanho<\/td>\n<td>Democracia e realidade pol\u00edtica<\/p>\n<p><a href=\"https:\/\/www.youtube.com\/watch?v=n-CYPA-_9nU&amp;t=4s\">[V\u00eddeo &#8211; YouTube]<\/a><\/td>\n<\/tr>\n<tr>\n<td><strong>22\/nov<\/strong><\/p>\n<p>15h-18h<\/td>\n<td>Oscar Pedroso Horta<\/td>\n<td>Bruno Souza da Silva<\/td>\n<td>Cidadania e conquista de direitos<\/p>\n<p><a href=\"https:\/\/www.youtube.com\/watch?v=D3MCxCbHh4g&amp;t=150s\">[V\u00eddeo &#8211; YouTube]<\/a><\/td>\n<\/tr>\n<tr>\n<td><strong>23\/nov<\/strong><\/p>\n<p>15h-18h<\/td>\n<td>Sala Tiradentes<\/td>\n<td>Joyce Luz<\/td>\n<td>Estrutura do Estado no Brasil<\/p>\n<p><a href=\"https:\/\/www.youtube.com\/watch?v=AhM7vGW1irg&amp;t=1s\">[V\u00eddeo 1 &#8211; YouTube]<\/a><\/p>\n<p><a href=\"https:\/\/www.youtube.com\/watch?v=mG6Y-Ob_4Ic&amp;t=9s\">[V\u00eddeo 2 &#8211; YouTube]<\/a><\/td>\n<\/tr>\n<\/tbody>\n<\/table>\n<p><strong>Carga Hor\u00e1ria:<\/strong> 09 horas<\/p>\n<p><strong>Vagas:<\/strong> 60<\/p>\n<h3><strong>Inscri\u00e7\u00f5es: Encerradas<\/strong>.<\/h3>\n<p>&nbsp;<\/p>\n<p><strong>Bibliografia:<\/strong><\/p>\n<p>DANTAS, H. O jovem e a educa\u00e7\u00e3o pol\u00edtica \u2013 ampliando an\u00e1lises e a\u00e7\u00f5es. Rio de Janeiro: Funda\u00e7\u00e3o Konrad Adenauer, Brasil em Foco, janeiro de 2016a.<\/p>\n<p>DANTAS, H. O jovem e a educa\u00e7\u00e3o pol\u00edtica \u2013 aperfei\u00e7oando an\u00e1lises. Rio de Janeiro: Funda\u00e7\u00e3o Konrad Adenauer, Brasil em Foco, dezembro de 2016b.<\/p>\n<p>DANTAS, H. O jovem e a educa\u00e7\u00e3o pol\u00edtica \u2013 nova rodada de an\u00e1lises. Rio de Janeiro: Funda\u00e7\u00e3o Konrad Adenauer, Brasil em Foco, dezembro de 2014.<\/p>\n<p>DANTAS, H. O jovem e a educa\u00e7\u00e3o pol\u00edtica \u2013 percep\u00e7\u00f5es com base em experi\u00eancia. Rio de Janeiro: Funda\u00e7\u00e3o Konrad Adenauer, Brasil em Foco, dezembro de 2013.<\/p>\n<p>DANTAS, H. SCHIAVI, I. \u201cILP e a educa\u00e7\u00e3o pol\u00edtica \u2013 percep\u00e7\u00f5es com base em atividades de forma\u00e7\u00e3o\u201d. S\u00e3o Paulo: Assembleia Legislativa do Estadod e S\u00e3o Paulo. Revista do ILP, a. I, v. 1, 2015.<\/p>\n<p>DANTAS, H.; CARUSO, V. \u201cPolitiza\u00e7\u00e3o nas escolas: o quanto os jovens compreendem essa demanda\u201d. Bras\u00edlia: E-legis, n. 7, p. 22-33, 2011.<\/p>\n<p>DANTAS, H.; ESTRAMANHO, R. \u201cEducaci\u00f3n pol\u00edtica como pilar de La democracia y La realidad brasile\u00f1a\u201d. In 7\u00ba Congresso Latinoamericano de Ciencia Pol\u00edtica. Bogot\u00e1, Col\u00f4mbia, 2013.<\/p>\n<p>DANTAS, H.; ESTRAMANHO, R. Como a juventude se relaciona com a democracia: compreens\u00f5es com base em pesquisas. Rio de Janeiro: Funda\u00e7\u00e3o Konrad Adenauer. Cadernos Adenauer, a. XVI, v. 1, 2015.<\/p>\n<p>DANTAS, H.; NASCIMENTO, A.; SILVA, B. Mapeando o que os jovens pensam sobre a pol\u00edtica: as experi\u00eancias formativas de Araraquara-SP e Suzano-SP. Belo Horizonte: Assembleia Legislativa do Estado de Minas Gerais, Cadernos Legislativos, n. 29, 2016.<\/p>\n<p>DANTAS, H.; SOARES, A.; SOARES, M. I. L. C.; LAMARI, R E.. \u201cEduca\u00e7\u00e3o pol\u00edtica em parceria: quando princ\u00edpios se tornam a\u00e7\u00f5es\u201d. Rio de Janeiro: Funda\u00e7\u00e3o Konrad Adenauer. Cadernos Adenauer, a. XI, v. 3, 2010.<\/p>\n<p>DANTAS, Humberto. Educa\u00e7\u00e3o pol\u00edtica nas periferias da Grande S\u00e3o Paulo: percep\u00e7\u00f5es com base na posi\u00e7\u00e3o de jovens de 15 a 18 anos em 2015 em a\u00e7\u00f5es da Funda\u00e7\u00e3o Konrad Adenauer. Cadernos Adenauer, Rio de Janeiro, ano XVII, n.1, mar\u00e7o de 2016.<\/p>\n<p>&nbsp;<\/p>\n<p>&nbsp;<\/p>\n<p><strong>Rodrigo Estramanho<\/strong> \u2013 bacharel em ci\u00eancias sociais pela FESP-SP, com mestrado e doutorado em ci\u00eancias sociais pela PUC-SP. Professor universit\u00e1rio com experi\u00eancia em cursos livres de forma\u00e7\u00e3o pol\u00edtica;<\/p>\n<p><strong>Bruno Souza da Silva<\/strong> \u2013 bacharel em ci\u00eancias sociais, com mestrado em ci\u00eancia pol\u00edtica pela Unesp e doutorando pela Unicamp. Professor com experi\u00eancia em cursos livres de forma\u00e7\u00e3o pol\u00edtica;<\/p>\n<p><strong>Joyce Luz<\/strong> \u2013 Mestre pelo Departamento de Ci\u00eancia Pol\u00edtica da Universidade de S\u00e3o Paulo e graduada em Ci\u00eancias Sociais pela Faculdade de Filosofia, Letras e Ci\u00eancias Humanas (FFLCH) da Universidade de S\u00e3o Paulo. Atualmente \u00e9 pesquisadora do N\u00facleo de Institui\u00e7\u00f5es Pol\u00edticas e Elei\u00e7\u00f5es (NIPE &#8211; Cebrap) no projeto tem\u00e1tico \u201cInstitui\u00e7\u00f5es Pol\u00edticas, padr\u00f5es de intera\u00e7\u00e3o entre Executivo e Legislativo e Capacidade Governativa\u201d e \u00e9 pesquisadora no N\u00facleo de Estudos Comparados e Internacionais (NECI-USP).<\/p>\n","protected":false},"excerpt":{"rendered":"<p>CURSO DESTINADO EXCLUSIVAMENTE A ESTAGI\u00c1RIOS DA C\u00c2MARA MUNICIPAL DE S\u00c3O PAULO E ALUNOS DA ETEC CEPAM &nbsp; Com base em experi\u00eancia realizada junto a jovens nas periferias de S\u00e3o Paulo desde 2009, trazer para Escola do Parlamento da C\u00e2mara Municipal de S\u00e3o Paulo, em parceria com a Funda\u00e7\u00e3o Konrad Adenauer, o curso que formou mais [&hellip;]<\/p>\n","protected":false},"author":127,"featured_media":0,"parent":6500,"menu_order":437,"comment_status":"closed","ping_status":"closed","template":"","meta":{"_acf_changed":false,"footnotes":""},"class_list":["post-8257","page","type-page","status-publish","hentry"],"acf":[],"_links":{"self":[{"href":"https:\/\/www.saopaulo.sp.leg.br\/escoladoparlamento\/wp-json\/wp\/v2\/pages\/8257","targetHints":{"allow":["GET"]}}],"collection":[{"href":"https:\/\/www.saopaulo.sp.leg.br\/escoladoparlamento\/wp-json\/wp\/v2\/pages"}],"about":[{"href":"https:\/\/www.saopaulo.sp.leg.br\/escoladoparlamento\/wp-json\/wp\/v2\/types\/page"}],"author":[{"embeddable":true,"href":"https:\/\/www.saopaulo.sp.leg.br\/escoladoparlamento\/wp-json\/wp\/v2\/users\/127"}],"replies":[{"embeddable":true,"href":"https:\/\/www.saopaulo.sp.leg.br\/escoladoparlamento\/wp-json\/wp\/v2\/comments?post=8257"}],"version-history":[{"count":0,"href":"https:\/\/www.saopaulo.sp.leg.br\/escoladoparlamento\/wp-json\/wp\/v2\/pages\/8257\/revisions"}],"up":[{"embeddable":true,"href":"https:\/\/www.saopaulo.sp.leg.br\/escoladoparlamento\/wp-json\/wp\/v2\/pages\/6500"}],"wp:attachment":[{"href":"https:\/\/www.saopaulo.sp.leg.br\/escoladoparlamento\/wp-json\/wp\/v2\/media?parent=8257"}],"curies":[{"name":"wp","href":"https:\/\/api.w.org\/{rel}","templated":true}]}}