{"id":7816,"date":"2017-09-21T19:27:37","date_gmt":"2017-09-21T22:27:37","guid":{"rendered":"http:\/\/www.saopaulo.sp.leg.br\/escoladoparlamento\/?page_id=7816"},"modified":"2020-05-12T16:09:28","modified_gmt":"2020-05-12T19:09:28","slug":"repositorio-digital","status":"publish","type":"page","link":"https:\/\/www.saopaulo.sp.leg.br\/escoladoparlamento\/pos-graduacao\/curso-de-especializacao-legislativo-e-democracia-no-brasil-cldb\/repositorio-digital\/","title":{"rendered":"Reposit\u00f3rio Digital"},"content":{"rendered":"<p>O Reposit\u00f3rio Digital da Escola do Parlamento \u00e9 um canal digital de pesquisa Escola do Parlamento, cujo papel principal \u00e9 preservar e compartilhar a produ\u00e7\u00e3o acad\u00eamica de nossos alunos do Curso de Especializa\u00e7\u00e3o. Concentramos aqui a produ\u00e7\u00e3o acad\u00eamica da Escola em um \u00fanico local. O acesso a todos os documentos aqui disponibilizados \u00e9 livre.<\/p>\n<p><a href=\"http:\/\/www.saopaulo.sp.leg.br\/escoladoparlamento\/pos-graduacao\/repositorio-digital\/monografias-da-1a-turma\/\">Monografias da 1a Turma<\/a><\/p>\n<p><a href=\"http:\/\/www.saopaulo.sp.leg.br\/escoladoparlamento\/pos-graduacao\/repositorio-digital\/monografias-da-2a-turma-cldb\/\">Monografias da 2a Turma<\/a><\/p>\n<p><a href=\"http:\/\/www.saopaulo.sp.leg.br\/escoladoparlamento\/pos-graduacao\/legislativo-e-democracia-no-brasil\/repositorio-digital\/monografias-da-3a-turma-cldb\/\">Monografias da 3a Turma<\/a><\/p>\n","protected":false},"excerpt":{"rendered":"<p>O Reposit\u00f3rio Digital da Escola do Parlamento \u00e9 um canal digital de pesquisa Escola do Parlamento, cujo papel principal \u00e9 preservar e compartilhar a produ\u00e7\u00e3o acad\u00eamica de nossos alunos do Curso de Especializa\u00e7\u00e3o. Concentramos aqui a produ\u00e7\u00e3o acad\u00eamica da Escola em um \u00fanico local. O acesso a todos os documentos aqui disponibilizados \u00e9 livre. Monografias [&hellip;]<\/p>\n","protected":false},"author":297,"featured_media":0,"parent":16754,"menu_order":455,"comment_status":"closed","ping_status":"closed","template":"","meta":{"_acf_changed":false,"footnotes":""},"class_list":["post-7816","page","type-page","status-publish","hentry"],"acf":[],"_links":{"self":[{"href":"https:\/\/www.saopaulo.sp.leg.br\/escoladoparlamento\/wp-json\/wp\/v2\/pages\/7816","targetHints":{"allow":["GET"]}}],"collection":[{"href":"https:\/\/www.saopaulo.sp.leg.br\/escoladoparlamento\/wp-json\/wp\/v2\/pages"}],"about":[{"href":"https:\/\/www.saopaulo.sp.leg.br\/escoladoparlamento\/wp-json\/wp\/v2\/types\/page"}],"author":[{"embeddable":true,"href":"https:\/\/www.saopaulo.sp.leg.br\/escoladoparlamento\/wp-json\/wp\/v2\/users\/297"}],"replies":[{"embeddable":true,"href":"https:\/\/www.saopaulo.sp.leg.br\/escoladoparlamento\/wp-json\/wp\/v2\/comments?post=7816"}],"version-history":[{"count":0,"href":"https:\/\/www.saopaulo.sp.leg.br\/escoladoparlamento\/wp-json\/wp\/v2\/pages\/7816\/revisions"}],"up":[{"embeddable":true,"href":"https:\/\/www.saopaulo.sp.leg.br\/escoladoparlamento\/wp-json\/wp\/v2\/pages\/16754"}],"wp:attachment":[{"href":"https:\/\/www.saopaulo.sp.leg.br\/escoladoparlamento\/wp-json\/wp\/v2\/media?parent=7816"}],"curies":[{"name":"wp","href":"https:\/\/api.w.org\/{rel}","templated":true}]}}