{"id":7462,"date":"2017-08-08T15:19:51","date_gmt":"2017-08-08T18:19:51","guid":{"rendered":"http:\/\/www.saopaulo.sp.leg.br\/escoladoparlamento\/?page_id=7462"},"modified":"2017-08-15T13:52:56","modified_gmt":"2017-08-15T16:52:56","slug":"debate-cumplices-a-volkswagen-e-a-ditadura-militar-no-brasil","status":"publish","type":"page","link":"https:\/\/www.saopaulo.sp.leg.br\/escoladoparlamento\/cursos\/cursos-anteriores\/cursos-realizados-em-2017\/debate-cumplices-a-volkswagen-e-a-ditadura-militar-no-brasil\/","title":{"rendered":"Debate: C\u00famplices? A Volkswagen e a Ditadura Militar no Brasil"},"content":{"rendered":"<h1>09\/08, 18h30<\/h1>\n<p><strong>Local:<\/strong> Sal\u00e3o Nobre<\/p>\n<p><strong>Objetivos:<\/strong> Promover debate a ditadura militar, suas consequ\u00eancias e participa\u00e7\u00e3o de uma empresa multinacional na repress\u00e3o aos trabalhadores.<\/p>\n<p>Ser\u00e1 exibido o document\u00e1rio <strong><em>C\u00famplices? A Volkswagen e a Ditadura Militar no Brasil<\/em><\/strong>, da diretora alem\u00e3 Stefanie Dodt. O filme lan\u00e7ado no final de julho pela TV p\u00fablica alem\u00e3 \u00e9 centrado em L\u00facio Bellentani, sindicalista e oper\u00e1rio da Volkswagen.\u00a0 A exibi\u00e7\u00e3o ser\u00e1 seguida de debate com os principais protagonistas do filme. O evento \u00e9 uma iniciativa do IIEP (Interc\u00e2mbio, Informa\u00e7\u00f5es, Estudos e Pesquisas), com apoio da Escola do Parlamento da C\u00e2mara e do mandato da vereadora Juliana Cardoso (vice-presidente da Comiss\u00e3o de Direitos Humanos da C\u00e2mara).<\/p>\n<p><strong>Diretor Respons\u00e1vel e Coordena\u00e7\u00e3o:<\/strong> Roberto Garibe<\/p>\n<p><strong>Vagas:<\/strong> 350<\/p>\n<p><strong>Carga Hor\u00e1ria:<\/strong> 4h<\/p>\n<p><strong>Inscri\u00e7\u00f5es:<\/strong> evento aberto.<\/p>\n","protected":false},"excerpt":{"rendered":"<p>09\/08, 18h30 Local: Sal\u00e3o Nobre Objetivos: Promover debate a ditadura militar, suas consequ\u00eancias e participa\u00e7\u00e3o de uma empresa multinacional na repress\u00e3o aos trabalhadores. Ser\u00e1 exibido o document\u00e1rio C\u00famplices? A Volkswagen e a Ditadura Militar no Brasil, da diretora alem\u00e3 Stefanie Dodt. O filme lan\u00e7ado no final de julho pela TV p\u00fablica alem\u00e3 \u00e9 centrado em [&hellip;]<\/p>\n","protected":false},"author":127,"featured_media":0,"parent":6500,"menu_order":468,"comment_status":"closed","ping_status":"closed","template":"","meta":{"_acf_changed":false,"footnotes":""},"class_list":["post-7462","page","type-page","status-publish","hentry"],"acf":[],"_links":{"self":[{"href":"https:\/\/www.saopaulo.sp.leg.br\/escoladoparlamento\/wp-json\/wp\/v2\/pages\/7462","targetHints":{"allow":["GET"]}}],"collection":[{"href":"https:\/\/www.saopaulo.sp.leg.br\/escoladoparlamento\/wp-json\/wp\/v2\/pages"}],"about":[{"href":"https:\/\/www.saopaulo.sp.leg.br\/escoladoparlamento\/wp-json\/wp\/v2\/types\/page"}],"author":[{"embeddable":true,"href":"https:\/\/www.saopaulo.sp.leg.br\/escoladoparlamento\/wp-json\/wp\/v2\/users\/127"}],"replies":[{"embeddable":true,"href":"https:\/\/www.saopaulo.sp.leg.br\/escoladoparlamento\/wp-json\/wp\/v2\/comments?post=7462"}],"version-history":[{"count":0,"href":"https:\/\/www.saopaulo.sp.leg.br\/escoladoparlamento\/wp-json\/wp\/v2\/pages\/7462\/revisions"}],"up":[{"embeddable":true,"href":"https:\/\/www.saopaulo.sp.leg.br\/escoladoparlamento\/wp-json\/wp\/v2\/pages\/6500"}],"wp:attachment":[{"href":"https:\/\/www.saopaulo.sp.leg.br\/escoladoparlamento\/wp-json\/wp\/v2\/media?parent=7462"}],"curies":[{"name":"wp","href":"https:\/\/api.w.org\/{rel}","templated":true}]}}