{"id":6910,"date":"2017-05-30T15:19:33","date_gmt":"2017-05-30T18:19:33","guid":{"rendered":"http:\/\/www.saopaulo.sp.leg.br\/escoladoparlamento\/?page_id=6910"},"modified":"2018-10-29T17:06:25","modified_gmt":"2018-10-29T20:06:25","slug":"cidades-inteligentes-e-sustentaveis","status":"publish","type":"page","link":"https:\/\/www.saopaulo.sp.leg.br\/escoladoparlamento\/cursos\/cursos-anteriores\/cursos-realizados-em-2017\/cidades-inteligentes-e-sustentaveis\/","title":{"rendered":"Cidades Inteligentes e Sustent\u00e1veis"},"content":{"rendered":"<p><iframe loading=\"lazy\" title=\"Cidades Inteligentes e Sustent\u00e1veis\" width=\"640\" height=\"360\" src=\"https:\/\/www.youtube.com\/embed\/videoseries?list=PL7WmlcfNQHf7jfVLZwCBpGLXWjLNJLjjM\" frameborder=\"0\" allow=\"accelerometer; autoplay; clipboard-write; encrypted-media; gyroscope; picture-in-picture; web-share\" referrerpolicy=\"strict-origin-when-cross-origin\" allowfullscreen><\/iframe><\/p>\n<p>http:\/\/www.saopaulo.sp.leg.br\/blog\/curso-da-escola-do-parlamento-discute-as-cidades-inteligentes-e-sustentaveis\/<\/p>\n<hr \/>\n<p><strong>Objetivos: <\/strong>Neste curso, o participante ter\u00e1 oportunidade de conhecer e discutir como importantes movimentos tais como a press\u00e3o social por democracia influenciada pela internet e por novas tecnologias, a condi\u00e7\u00e3o da mulher em diversas regi\u00f5es da \u00c1frica e da \u00c1sia, a crise dos refugiados na Europa, o paradoxo \u00e9tica e corrup\u00e7\u00e3o em escala global, impactam diretamente na vida dos indiv\u00edduos em diversas cidades pelo mundo e imp\u00f5em a necessidade de cria\u00e7\u00e3o de novos modelos de planejamento e gest\u00e3o para as cidades, o que faz com que o tema desenvolvimento sustent\u00e1vel se torne cada vez mais presente e importante.<\/p>\n<p><strong>Diretor Respons\u00e1vel:<\/strong> Ilza Jorge<\/p>\n<p><strong>Coordena\u00e7\u00e3o:<\/strong> Diego Conti<\/p>\n<p><strong>P\u00fablico Alvo:<\/strong> Servidores P\u00fablicos, Gestores, militantes, Organiza\u00e7\u00f5es da Sociedade Civil, Estudantes e mun\u00edcipes interessados.<\/p>\n<p><strong>Vagas:<\/strong> 180<\/p>\n<p><strong>Carga hor\u00e1ria:<\/strong> 6 horas<\/p>\n<h2><strong>Inscri\u00e7\u00f5es: Encerradas.<\/strong><\/h2>\n<table>\n<tbody>\n<tr>\n<td><strong>Data<\/strong><\/td>\n<td><strong>Local<\/strong><\/td>\n<td><strong>Palestrante<\/strong><\/td>\n<td><strong>Tema<\/strong><\/td>\n<\/tr>\n<tr>\n<td><strong>26\/06<\/strong><\/p>\n<p>19-22h<\/td>\n<td>Audit\u00f3rio Prestes Maia (Plenarinho)<\/td>\n<td><a href=\"http:\/\/lattes.cnpq.br\/2098643827162361\">Diego Conti<\/a><\/td>\n<td><em>Cidades Inteligentes: conceitos e exemplos<\/em><\/p>\n<p><a href=\"https:\/\/www.youtube.com\/watch?v=JjH4a_l1SjA\"><strong>[V\u00eddeo &#8211; YouTube]<\/strong><\/a><\/td>\n<\/tr>\n<tr>\n<td><strong>28\/06<\/strong><\/p>\n<p>19-22h<\/td>\n<td>Audit\u00f3rio Prestes Maia (Plenarinho)<\/td>\n<td><a href=\"http:\/\/lattes.cnpq.br\/2098643827162361\">Diego Conti<\/a><\/td>\n<td><em>Cidades Sustent\u00e1veis: conceitos e exemplos<\/em><\/p>\n<p><a href=\"https:\/\/www.youtube.com\/watch?v=mp7lQgmwxUc\"><strong>[V\u00eddeo &#8211; YouTube]<\/strong><\/a><\/td>\n<\/tr>\n<\/tbody>\n<\/table>\n<p>&nbsp;<\/p>\n","protected":false},"excerpt":{"rendered":"<p>http:\/\/www.saopaulo.sp.leg.br\/blog\/curso-da-escola-do-parlamento-discute-as-cidades-inteligentes-e-sustentaveis\/ Objetivos: Neste curso, o participante ter\u00e1 oportunidade de conhecer e discutir como importantes movimentos tais como a press\u00e3o social por democracia influenciada pela internet e por novas tecnologias, a condi\u00e7\u00e3o da mulher em diversas regi\u00f5es da \u00c1frica e da \u00c1sia, a crise dos refugiados na Europa, o paradoxo \u00e9tica e corrup\u00e7\u00e3o em escala global, [&hellip;]<\/p>\n","protected":false},"author":127,"featured_media":0,"parent":6500,"menu_order":506,"comment_status":"closed","ping_status":"closed","template":"","meta":{"_acf_changed":false,"footnotes":""},"class_list":["post-6910","page","type-page","status-publish","hentry"],"acf":[],"_links":{"self":[{"href":"https:\/\/www.saopaulo.sp.leg.br\/escoladoparlamento\/wp-json\/wp\/v2\/pages\/6910","targetHints":{"allow":["GET"]}}],"collection":[{"href":"https:\/\/www.saopaulo.sp.leg.br\/escoladoparlamento\/wp-json\/wp\/v2\/pages"}],"about":[{"href":"https:\/\/www.saopaulo.sp.leg.br\/escoladoparlamento\/wp-json\/wp\/v2\/types\/page"}],"author":[{"embeddable":true,"href":"https:\/\/www.saopaulo.sp.leg.br\/escoladoparlamento\/wp-json\/wp\/v2\/users\/127"}],"replies":[{"embeddable":true,"href":"https:\/\/www.saopaulo.sp.leg.br\/escoladoparlamento\/wp-json\/wp\/v2\/comments?post=6910"}],"version-history":[{"count":0,"href":"https:\/\/www.saopaulo.sp.leg.br\/escoladoparlamento\/wp-json\/wp\/v2\/pages\/6910\/revisions"}],"up":[{"embeddable":true,"href":"https:\/\/www.saopaulo.sp.leg.br\/escoladoparlamento\/wp-json\/wp\/v2\/pages\/6500"}],"wp:attachment":[{"href":"https:\/\/www.saopaulo.sp.leg.br\/escoladoparlamento\/wp-json\/wp\/v2\/media?parent=6910"}],"curies":[{"name":"wp","href":"https:\/\/api.w.org\/{rel}","templated":true}]}}