{"id":6604,"date":"2017-03-20T14:28:39","date_gmt":"2017-03-20T17:28:39","guid":{"rendered":"http:\/\/www.saopaulo.sp.leg.br\/escoladoparlamento\/?page_id=6604"},"modified":"2018-10-30T12:51:58","modified_gmt":"2018-10-30T15:51:58","slug":"dialogos-consultivos-seguranca-alimentar-e-nutricional-e-alimentacao-escolar-organica","status":"publish","type":"page","link":"https:\/\/www.saopaulo.sp.leg.br\/escoladoparlamento\/cursos\/cursos-anteriores\/cursos-realizados-em-2017\/dialogos-consultivos-seguranca-alimentar-e-nutricional-e-alimentacao-escolar-organica\/","title":{"rendered":"Di\u00e1logos Consultivos &#8211; Seguran\u00e7a Alimentar e Nutricional"},"content":{"rendered":"<p><strong>Objetivos:<\/strong> Apresentar o quadro geral da produ\u00e7\u00e3o alimentar sustent\u00e1vel no \u00e2mbito do Munic\u00edpio de S\u00e3o Paulo e suas possibilidades de integra\u00e7\u00e3o ao programa de alimenta\u00e7\u00e3o escolar da rede municipal de ensino. O foco central \u00e9 a reflex\u00e3o\u00a0 a respeito\u00a0 da intersec\u00e7\u00e3o entre a cultura dos alimentos org\u00e2nicos, a educa\u00e7\u00e3o e a sa\u00fade, procurando reunir elementos para a constru\u00e7\u00e3o de pol\u00edticas p\u00fablicas sustent\u00e1veis e intersetoriais.<\/p>\n<p><strong>Diretor Respons\u00e1vel:<\/strong> Lara Mesquita<\/p>\n<p><strong>Coordena\u00e7\u00e3o:<\/strong> Roberto Noritomi<\/p>\n<p><strong>P\u00fablico Alvo:<\/strong> Parlamentares, consultores e assessores t\u00e9cnicos legislativos, profissionais de nutri\u00e7\u00e3o atuantes na \u00e1rea de sa\u00fade e educa\u00e7\u00e3o e a popula\u00e7\u00e3o em geral.<\/p>\n<p><strong>Vagas:<\/strong> 80<\/p>\n<p><strong>Carga Hor\u00e1ria:<\/strong> 2h<\/p>\n<p><strong>Data:<\/strong> 31\/03\/2017<\/p>\n<p><strong>Hora:<\/strong> 15h \u00e0s 17h<\/p>\n<p><strong>Local: <\/strong>Sala S\u00e9rgio Vieira de Mello \u2013 (\u201cSala A\u201d)<\/p>\n<p><a href=\"https:\/\/www.youtube.com\/watch?v=xEWO6ml-9eA\"><strong>[V\u00eddeo &#8211; YouTube]<\/strong><\/a><\/p>\n<p><strong>Palestrantes:<\/strong><\/p>\n<p>Andr\u00e9 Luzzi: Graduado em Rela\u00e7\u00f5es Internacionais (PUC\/SP), mestre em Hist\u00f3ria Social (USP\/SP e doutorando em Sa\u00fade P\u00fablica (USP\/SP).<\/p>\n<p>Ana Flavia Badue &#8211; Presidente da Comiss\u00e3o de Acompanhamento da Lei referente \u00e0 Alimenta\u00e7\u00e3o Escolar Org\u00e2nica.<\/p>\n<p>Luiz Henrique Bambini &#8211; Assessor da Coordenadoria de Alimenta\u00e7\u00e3o Escolar da Secretaria Municipal de Educa\u00e7\u00e3o.<\/p>\n<p>&nbsp;<\/p>\n<p>&nbsp;<\/p>\n","protected":false},"excerpt":{"rendered":"<p>Objetivos: Apresentar o quadro geral da produ\u00e7\u00e3o alimentar sustent\u00e1vel no \u00e2mbito do Munic\u00edpio de S\u00e3o Paulo e suas possibilidades de integra\u00e7\u00e3o ao programa de alimenta\u00e7\u00e3o escolar da rede municipal de ensino. O foco central \u00e9 a reflex\u00e3o\u00a0 a respeito\u00a0 da intersec\u00e7\u00e3o entre a cultura dos alimentos org\u00e2nicos, a educa\u00e7\u00e3o e a sa\u00fade, procurando reunir elementos [&hellip;]<\/p>\n","protected":false},"author":127,"featured_media":0,"parent":6500,"menu_order":514,"comment_status":"closed","ping_status":"closed","template":"","meta":{"_acf_changed":false,"footnotes":""},"class_list":["post-6604","page","type-page","status-publish","hentry"],"acf":[],"_links":{"self":[{"href":"https:\/\/www.saopaulo.sp.leg.br\/escoladoparlamento\/wp-json\/wp\/v2\/pages\/6604","targetHints":{"allow":["GET"]}}],"collection":[{"href":"https:\/\/www.saopaulo.sp.leg.br\/escoladoparlamento\/wp-json\/wp\/v2\/pages"}],"about":[{"href":"https:\/\/www.saopaulo.sp.leg.br\/escoladoparlamento\/wp-json\/wp\/v2\/types\/page"}],"author":[{"embeddable":true,"href":"https:\/\/www.saopaulo.sp.leg.br\/escoladoparlamento\/wp-json\/wp\/v2\/users\/127"}],"replies":[{"embeddable":true,"href":"https:\/\/www.saopaulo.sp.leg.br\/escoladoparlamento\/wp-json\/wp\/v2\/comments?post=6604"}],"version-history":[{"count":0,"href":"https:\/\/www.saopaulo.sp.leg.br\/escoladoparlamento\/wp-json\/wp\/v2\/pages\/6604\/revisions"}],"up":[{"embeddable":true,"href":"https:\/\/www.saopaulo.sp.leg.br\/escoladoparlamento\/wp-json\/wp\/v2\/pages\/6500"}],"wp:attachment":[{"href":"https:\/\/www.saopaulo.sp.leg.br\/escoladoparlamento\/wp-json\/wp\/v2\/media?parent=6604"}],"curies":[{"name":"wp","href":"https:\/\/api.w.org\/{rel}","templated":true}]}}