{"id":6576,"date":"2017-03-15T13:41:58","date_gmt":"2017-03-15T16:41:58","guid":{"rendered":"http:\/\/www.saopaulo.sp.leg.br\/escoladoparlamento\/?page_id=6576"},"modified":"2017-07-27T14:03:32","modified_gmt":"2017-07-27T17:03:32","slug":"reporter-do-futuro","status":"publish","type":"page","link":"https:\/\/www.saopaulo.sp.leg.br\/escoladoparlamento\/cursos\/cursos-anteriores\/cursos-realizados-em-2017\/reporter-do-futuro\/","title":{"rendered":"Rep\u00f3rter do Futuro &#8211; 10\u00aa Turma &#8211; 2017"},"content":{"rendered":"<p>https:\/\/www.youtube.com\/watch?v=nIbPZU2zOg8&#038;list=PL7WmlcfNQHf7WA_KqPy5bJbh6fxGsCP&#8211;<\/p>\n<h3>\u201cRep\u00f3rter do Futuro: Descobrir S\u00e3o Paulo, Descobrir-se Rep\u00f3rter\u201d<\/h3>\n<p>A Escola do Parlamento da C\u00e2mara Municipal de S\u00e3o Paulo e a OBOR\u00c9 Projetos Especiais oferecem, pelo sexto ano consecutivo, 20 (vinte) vagas para estudantes de gradua\u00e7\u00e3o em Jornalismo, das quais 5 (cinco) vagas destinam-se a estagi\u00e1rios de comunica\u00e7\u00e3o dos gabinetes dos vereadores, para a 10a. edi\u00e7\u00e3o do curso Descobrir S\u00e3o Paulo &#8211; Descobrir-se Rep\u00f3rter. Este m\u00f3dulo tem\u00e1tico do Projeto Rep\u00f3rter do Futuro tem como foco estimular a pr\u00e1tica reflexiva e o exerc\u00edcio da reportagem tendo como cen\u00e1rio a cidade de S\u00e3o Paulo.<\/p>\n<p>Ao todo, ser\u00e3o seis encontros com uma variada programa\u00e7\u00e3o que inclui, aos s\u00e1bados, Palestras e Confer\u00eancias de Imprensa seguidas de Entrevistas Coletivas sobre os grandes problemas da cidade com gestores e especialistas.<br \/>\nOs estudantes s\u00e3o acompanhados, de forma individual, na produ\u00e7\u00e3o de seus textos e, ao final do m\u00f3dulo, formam duplas para realizar uma reportagem de f\u00f4lego em um algum bairro de livre escolha \u2013 a Opera\u00e7\u00e3o Ponto Final.<\/p>\n<p><strong>EP|Diretor Respons\u00e1vel:<\/strong> Lara Mesquita<\/p>\n<p><strong>OBOR\u00c9|Diretores Respons\u00e1veis:<\/strong> Sergio Gomes e Ana Luisa Gomes<\/p>\n<p><strong>Coordena\u00e7\u00e3o:<\/strong>\u00a0Cristina Cavalcanti<\/p>\n<p><strong>P\u00fablico Alvo:<\/strong> Estudantes universit\u00e1rios de gradua\u00e7\u00e3o em Jornalismo.<\/p>\n<p><strong>Carga Hor\u00e1ria:<\/strong> 60 horas, sendo 24h\/aula de atividades presenciais + 6h de leituras + 30h de atividades pr\u00e1ticas de reportagens e produ\u00e7\u00e3o de textos.<\/p>\n<p><strong>Vagas:<\/strong> 20 vagas, das quais\u00a05 reservadas a estagi\u00e1rios de jornalismo da C\u00e2mara Municipal de S\u00e3o Paulo<\/p>\n<p><strong>Matr\u00edculas:<\/strong>\u00a026 de abril a 02 de maio<\/p>\n<p><strong>Programa\u00e7\u00e3o:<\/strong><\/p>\n<table>\n<tbody>\n<tr>\n<td><strong>Data<\/strong><\/td>\n<td><strong>Local<\/strong><\/td>\n<td><strong>Tema da palestra\/aula<\/strong><\/td>\n<td><strong>Palestrante<\/strong><\/td>\n<\/tr>\n<tr>\n<td><strong>08\/abr<\/strong><\/p>\n<p>13-17h<\/td>\n<td><a title=\"Audit\u00f3rio Prestes Maia\" href=\"http:\/\/www.saopaulo.sp.leg.br\/transparencia\/auditorios-online\/auditorio-prestes-maia\/\">Audit\u00f3rio Prestes Maia (Plenarinho)<\/a><\/td>\n<td>ENCONTRO DE SELE\u00c7\u00c3O | Aula Magna<\/td>\n<td>S\u00e9rgio Gomes, diretor da OBOR\u00c9 [<a href=\"http:\/\/camarasp.flashserverbr.com\/24515\">V\u00eddeo 1<\/a>] [<a href=\"http:\/\/camarasp.flashserverbr.com\/24517\">V\u00eddeo 2<\/a>]<\/td>\n<\/tr>\n<tr>\n<td><strong>06\/mai<\/strong><\/p>\n<p>13-17h<\/td>\n<td><a title=\"Sala Tiradentes\" href=\"http:\/\/www.saopaulo.sp.leg.br\/transparencia\/auditorios-online\/sala-tiradentes\/\">Sala Tiradentes<\/a><\/td>\n<td>Aula Inaugural<\/td>\n<td>\u00a0S\u00e9rgio Gomes, Germano Machado [<a href=\"http:\/\/camarasp.flashserverbr.com\/24786\">V\u00eddeo]<\/a><\/td>\n<\/tr>\n<tr>\n<td><strong>13\/mai<\/strong><\/p>\n<p>13-17h<\/td>\n<td><a title=\"Sala Tiradentes\" href=\"http:\/\/www.saopaulo.sp.leg.br\/transparencia\/auditorios-online\/sala-tiradentes\/\">Sala Tiradentes<\/a><\/td>\n<td>Habita\u00e7\u00e3o<\/td>\n<td>Ciro Pirondi, diretor da Escola da Cidade [<a href=\"http:\/\/camarasp.flashserverbr.com\/24950\">V\u00eddeo 1<\/a>] [<a href=\"http:\/\/camarasp.flashserverbr.com\/24949\">V\u00eddeo 2<\/a>]<\/td>\n<\/tr>\n<tr>\n<td><strong>20\/mai<\/strong><\/p>\n<p>13-17h<\/td>\n<td><a title=\"Sala Tiradentes\" href=\"http:\/\/www.saopaulo.sp.leg.br\/transparencia\/auditorios-online\/sala-tiradentes\/\">Sala Tiradentes<\/a><\/td>\n<td>Mobilidade<\/td>\n<td>Frederico Bussinger, diretor do IDELT [<a href=\"http:\/\/camarasp.flashserverbr.com\/24962\">V\u00eddeo<\/a>]<\/td>\n<\/tr>\n<tr>\n<td><strong>27\/mai<\/strong><\/p>\n<p>13-17h<\/td>\n<td><a title=\"Sala Tiradentes\" href=\"http:\/\/www.saopaulo.sp.leg.br\/transparencia\/auditorios-online\/sala-tiradentes\/\">Sala Tiradentes<\/a><\/td>\n<td>Educa\u00e7\u00e3o<\/td>\n<td>Prof. Cl\u00e1udio Fonseca, Vereador [<a href=\"http:\/\/camarasp.flashserverbr.com\/25059\">V\u00eddeo<\/a>]<\/td>\n<\/tr>\n<tr>\n<td><strong>03\/jun<\/strong><\/p>\n<p>13-17h<\/td>\n<td><a title=\"Sala Tiradentes\" href=\"http:\/\/www.saopaulo.sp.leg.br\/transparencia\/auditorios-online\/sala-tiradentes\/\">Sala Tiradentes<\/a><\/td>\n<td>Sustentabilidade<\/td>\n<td>Rodrigo Ravena, Servidor da CMSP e ex-Secret\u00e1rio de Verde e Meio Ambiente [<a href=\"http:\/\/camarasp.flashserverbr.com\/25170\">V\u00eddeo<\/a>]<\/td>\n<\/tr>\n<tr>\n<td><strong>08\/jul<\/strong><\/p>\n<p>10-17h<\/td>\n<td><a title=\"Sala Oscar Pedroso Horta \u2013 (\u201cSala B\u201d)\" href=\"http:\/\/www.saopaulo.sp.leg.br\/transparencia\/auditorios-online\/sala-oscar-pedroso-horta-sala-b\/\">Sala Oscar Pedroso Horta \u2013 (\u201cSala B\u201d)<\/a><\/td>\n<td>ENCONTRO DE AVALIA\u00c7\u00c3O E ENCERRAMENTO Apresenta\u00e7\u00e3o das reportagens do Ponto Final, avalia\u00e7\u00e3o do m\u00f3dulo e\u00a0entrega dos certificados<\/td>\n<td>Coordena\u00e7\u00e3o do Curso<\/td>\n<\/tr>\n<\/tbody>\n<\/table>\n<p><strong>Bibliografia:<\/strong><\/p>\n<p><small>ANDRADE, M\u00e1rio de. A Revela\u00e7\u00e3o \u2013 Ora\u00e7\u00e3o de paraninfo 1935. In: AB\u2019SABER, Aziz (org.). <strong>Leituras\u00a0indispens\u00e1veis. <\/strong>S\u00e3o Paulo: Ateli\u00ea Editorial, 2008, pp. 19-30. <\/small><\/p>\n<p><small>ARTIGAS, Jo\u00e3o Batista Vilanova. <strong>O desenho<\/strong>. Aula inaugural proferida na FAU\/USP em mar\u00e7o de 1967. S\u00e3o Paulo: FAU\/USP, 1970,1975.<\/small><\/p>\n<p><small>BIANCARELLI, Aureliano. <strong>Cirurgia em campo aberto<\/strong>. S\u00e3o Paulo: Brasiliense, 2001.<\/small><\/p>\n<p><small>BUSSINGER, Frederico. Cidade do Futuro e Mobilidade. Dispon\u00edvel em: &lt;&lt; <a href=\"https:\/\/portogente.com.br\/colunistas\/frederico-bussinger\/cidade-do-futuro-mobilidade-87722\">https:\/\/portogente.com.br\/colunistas\/frederico-bussinger\/cidade-do-futuro-mobilidade-87722<\/a>.&gt;&gt;.<\/small><\/p>\n<p><small>ECKBO, Garret. O paisagismo nas grandes metr\u00f3poles. In: In: AB\u2019SABER, Aziz (org.). <strong>Leituras\u00a0\u00a0\u00a0\u00a0 indispens\u00e1veis. <\/strong>S\u00e3o Paulo: Ateli\u00ea Editorial, 2008, pp. 39-56. <\/small><\/p>\n<p><small>FOLHA DE S. PAULO<strong>. DNA Paulistano &#8211; a mais abrangente pesquisa de opini\u00e3o sobre a rela\u00e7\u00e3o dos paulistanos com a sua cidade. <\/strong>S\u00e3o Paulo: Publifolha, 2012<strong>. <\/strong><\/small><\/p>\n<p><small>S\u00c3O PAULO. C\u00e2mara Municipal de S\u00e3o Paulo. Projeto de Lei 272\/2015 \u2013 Revis\u00e3o da lei de Parcelamento, Uso e Ocupa\u00e7\u00e3o do Solo <strong>Revis\u00e3o da Lei de Zoneamento<\/strong>. Dispon\u00edvel em : &lt;&lt; <a href=\"http:\/\/www.saopaulo.sp.leg.br\/zoneamento\/apresentacao\/\">http:\/\/www.saopaulo.sp.leg.br\/zoneamento\/apresentacao\/<\/a>&gt;&gt;.<\/small><\/p>\n<p><small>S\u00c3O PAULO. Prefeitura Municipal de S\u00e3o Paulo. Secretaria Municipal do Desenvolvimento Urbano. Plano Diretor Estrat\u00e9gico (PDE). <strong>S\u00e3o Paulo tem um Plano<\/strong>. Dispon\u00edvel em &lt;&lt; <a href=\"http:\/\/gestaourbana.prefeitura.sp.gov.br\/entenda-a-lei\/\">http:\/\/gestaourbana.prefeitura.sp.gov.br\/entenda-a-lei\/<\/a>&gt;&gt;.<\/small><\/p>\n<p><small>S\u00c3O PAULO. Prefeitura Municipal de S\u00e3o Paulo. Secretaria Municipal das Subprefeituras. <strong>Dados demogr\u00e1ficos dos Distritos pertencentes \u00e0s Subprefeituras<\/strong>. Dispon\u00edvel em &lt;&lt; <a href=\"http:\/\/www.prefeitura.sp.gov.br\/cidade\/secretarias\/subprefeituras\/subprefeituras\/dados_demograficos\/index.php?p=12758\">http:\/\/www.prefeitura.sp.gov.br\/cidade\/secretarias\/subprefeituras\/subprefeituras\/dados_demograficos\/index.php?p=12758<\/a>&gt;&gt;.<\/small><\/p>\n<p>&nbsp;<\/p>\n","protected":false},"excerpt":{"rendered":"<p>https:\/\/www.youtube.com\/watch?v=nIbPZU2zOg8&#038;list=PL7WmlcfNQHf7WA_KqPy5bJbh6fxGsCP&#8211; \u201cRep\u00f3rter do Futuro: Descobrir S\u00e3o Paulo, Descobrir-se Rep\u00f3rter\u201d A Escola do Parlamento da C\u00e2mara Municipal de S\u00e3o Paulo e a OBOR\u00c9 Projetos Especiais oferecem, pelo sexto ano consecutivo, 20 (vinte) vagas para estudantes de gradua\u00e7\u00e3o em Jornalismo, das quais 5 (cinco) vagas destinam-se a estagi\u00e1rios de comunica\u00e7\u00e3o dos gabinetes dos vereadores, para a 10a. [&hellip;]<\/p>\n","protected":false},"author":127,"featured_media":0,"parent":6500,"menu_order":515,"comment_status":"closed","ping_status":"closed","template":"","meta":{"_acf_changed":false,"footnotes":""},"class_list":["post-6576","page","type-page","status-publish","hentry"],"acf":[],"_links":{"self":[{"href":"https:\/\/www.saopaulo.sp.leg.br\/escoladoparlamento\/wp-json\/wp\/v2\/pages\/6576","targetHints":{"allow":["GET"]}}],"collection":[{"href":"https:\/\/www.saopaulo.sp.leg.br\/escoladoparlamento\/wp-json\/wp\/v2\/pages"}],"about":[{"href":"https:\/\/www.saopaulo.sp.leg.br\/escoladoparlamento\/wp-json\/wp\/v2\/types\/page"}],"author":[{"embeddable":true,"href":"https:\/\/www.saopaulo.sp.leg.br\/escoladoparlamento\/wp-json\/wp\/v2\/users\/127"}],"replies":[{"embeddable":true,"href":"https:\/\/www.saopaulo.sp.leg.br\/escoladoparlamento\/wp-json\/wp\/v2\/comments?post=6576"}],"version-history":[{"count":0,"href":"https:\/\/www.saopaulo.sp.leg.br\/escoladoparlamento\/wp-json\/wp\/v2\/pages\/6576\/revisions"}],"up":[{"embeddable":true,"href":"https:\/\/www.saopaulo.sp.leg.br\/escoladoparlamento\/wp-json\/wp\/v2\/pages\/6500"}],"wp:attachment":[{"href":"https:\/\/www.saopaulo.sp.leg.br\/escoladoparlamento\/wp-json\/wp\/v2\/media?parent=6576"}],"curies":[{"name":"wp","href":"https:\/\/api.w.org\/{rel}","templated":true}]}}