{"id":6500,"date":"2017-03-02T15:25:25","date_gmt":"2017-03-02T18:25:25","guid":{"rendered":"http:\/\/www.saopaulo.sp.leg.br\/escoladoparlamento\/?page_id=6500"},"modified":"2018-10-30T18:04:21","modified_gmt":"2018-10-30T21:04:21","slug":"cursos-realizados-em-2017","status":"publish","type":"page","link":"https:\/\/www.saopaulo.sp.leg.br\/escoladoparlamento\/cursos\/cursos-anteriores\/cursos-realizados-em-2017\/","title":{"rendered":"Cursos Realizados em 2017"},"content":{"rendered":"<p><a href=\"http:\/\/www.saopaulo.sp.leg.br\/escoladoparlamento\/cursos\/cursos-anteriores\/cursos-realizados-em-2017\/ix-forum-da-cidade\/\">IX F\u00f3rum da Cidade<\/a><\/p>\n<p><a href=\"http:\/\/www.saopaulo.sp.leg.br\/escoladoparlamento\/cursos\/em-andamento\/20-anos-da-lei-de-cotas-para-mulheres-na-politica-avancos-e-desafios\/\">20 Anos de Cotas para Mulheres na Pol\u00edtica<\/a><\/p>\n<p><a href=\"http:\/\/www.saopaulo.sp.leg.br\/escoladoparlamento\/cursos\/cursos-anteriores\/cursos-realizados-em-2017\/ajuste-fiscal-e-o-impacto-da-pec-do-teto-dos-gastos-nas-politicas-de-saude-e-educacao\/\">Ajuste Fiscal e o Impacto da PEC 55\/241<\/a><\/p>\n<p><a href=\"http:\/\/www.saopaulo.sp.leg.br\/escoladoparlamento\/cursos\/em-andamento\/pos-graduacao-aperfeicoamento-legislativo-controle-externo-e-politicas-publicas-no-brasil\/\">Aperfei\u00e7oamento: Legislativo, Controle Externo e Pol\u00edticas P\u00fablicas no Brasil<\/a><\/p>\n<p><a href=\"http:\/\/www.saopaulo.sp.leg.br\/escoladoparlamento\/cursos\/cursos-anteriores\/cursos-realizados-em-2017\/areas-de-preservacao-permanente-no-contexto-da-cidade\/\">\u00c1reas de Preserva\u00e7\u00e3o Permanente no Contexto da Cidade<\/a><\/p>\n<p><a href=\"http:\/\/www.saopaulo.sp.leg.br\/escoladoparlamento\/cursos\/cursos-inscricoes-abertas\/arte-de-rua-em-sao-paulo\/\">Arte de Rua em S\u00e3o Paulo<\/a><\/p>\n<p><a href=\"http:\/\/www.saopaulo.sp.leg.br\/escoladoparlamento\/cursos\/em-andamento\/cidades-inteligentes-e-sustentaveis\/\">Cidade Inteligentes e Sustent\u00e1veis<\/a><\/p>\n<p><a href=\"http:\/\/www.saopaulo.sp.leg.br\/escoladoparlamento\/cursos\/cursos-anteriores\/cursos-realizados-em-2017\/cidades-e-inovacoes-a-experiencia-do-mexico\/\">Cidades e Inova\u00e7\u00f5es: A experi\u00eancia do M\u00e9xico<\/a><\/p>\n<p><a href=\"http:\/\/www.saopaulo.sp.leg.br\/escoladoparlamento\/cursos\/cursos-anteriores\/cursos-realizados-em-2017\/direito-eleitoral-e-realidade-no-brasil\/\">Cinco Anos de Efetiva\u00e7\u00e3o da Lei da Ficha Limpa<\/a><\/p>\n<p><a href=\"http:\/\/www.saopaulo.sp.leg.br\/escoladoparlamento\/cursos\/cursos-anteriores\/cursos-realizados-em-2017\/os-desafios-do-controle-interno-o-papel-da-controladoria-geral-do-municipio\/\">Os Desafios do Controle Interno: o Papel da Controladoria Geral do Munic\u00edpio<\/a><\/p>\n<p><a href=\"http:\/\/www.saopaulo.sp.leg.br\/escoladoparlamento\/cursos\/cursos-anteriores\/cursos-realizados-em-2017\/cultura-gastronomica-na-cidade-de-sao-paulo\/\">Cultura Gastron\u00f4mica na Cidade de S\u00e3o Paulo<\/a><\/p>\n<p><a href=\"http:\/\/www.saopaulo.sp.leg.br\/escoladoparlamento\/cursos\/cursos-anteriores\/cursos-realizados-em-2017\/dados-abertos-e-transparencia\/\">Dados Abertos e Transpar\u00eancia na Cidade de S\u00e3o Paulo<\/a><\/p>\n<p><a href=\"http:\/\/www.saopaulo.sp.leg.br\/escoladoparlamento\/cursos\/cursos-anteriores\/cursos-realizados-em-2017\/debate-combate-ao-trabalho-escravo-na-cidade-de-sao-paulo\/\">Debate: Combate ao Trabalho Escravo na Cidade de S\u00e3o Paulo<\/a><\/p>\n<p><a href=\"http:\/\/www.saopaulo.sp.leg.br\/escoladoparlamento\/cursos\/cursos-anteriores\/cursos-realizados-em-2017\/debate-os-desafios-da-desestatizacao-e-a-r\/\">Debate: Os Desafios da Desestatiza\u00e7\u00e3o e a Realidade Atual<\/a><\/p>\n<p><a href=\"http:\/\/www.saopaulo.sp.leg.br\/escoladoparlamento\/cursos\/previstos\/debate-desafios-da-desestatizacao-formas-de-controle\/\">Debate: Desafios da Desestatiza\u00e7\u00e3o: formas de controle\u00a0<\/a><\/p>\n<p><a href=\"http:\/\/www.saopaulo.sp.leg.br\/escoladoparlamento\/cursos\/cursos-anteriores\/cursos-realizados-em-2017\/democracia-e-criatividade-como-inovar-e-tornar-a-politica-mais-atraente\/\">Democracia e Criatividade &#8211; Como Inovar e Tornar a Pol\u00edtica mais Atraente<\/a><\/p>\n<p><a href=\"http:\/\/www.saopaulo.sp.leg.br\/escoladoparlamento\/cursos\/cursos-anteriores\/cursos-realizados-em-2017\/dialogos-consultivos-seguranca-alimentar-e-nutricional-e-alimentacao-escolar-organica\/\">Di\u00e1logos Consultivos: Seguran\u00e7a Alimentar e Nutricional<\/a><\/p>\n<p><a href=\"http:\/\/www.saopaulo.sp.leg.br\/escoladoparlamento\/cursos\/cursos-anteriores\/cursos-realizados-em-2017\/dialogos-consultivos-outorga-onerosa-e-cepacs-como-instrumentos-de-politica-urbana\/\">Di\u00e1logos Consultivos \u2013 Outorga Onerosa e CEPACs como instrumentos de pol\u00edtica urbana<\/a><\/p>\n<p><a href=\"http:\/\/www.saopaulo.sp.leg.br\/escoladoparlamento\/cursos\/em-andamento\/direitos-e-politicas-culturais-na-internet\/\">Direitos e Pol\u00edticas Culturais na Internet<\/a><\/p>\n<p><a href=\"http:\/\/www.saopaulo.sp.leg.br\/escoladoparlamento\/cursos\/previstos\/debate-cumplices-a-volkswagen-e-a-ditadura-militar-no-brasil\/\">Debate: C\u00famplices? A Volkswagen e a Ditadura Militar no Brasil<\/a><\/p>\n<p><a href=\"http:\/\/www.saopaulo.sp.leg.br\/escoladoparlamento\/cursos\/em-andamento\/7348-2\/\">Direitos Humanos e o Eca no Cotidiano das Escolas<\/a><\/p>\n<p><a href=\"http:\/\/www.saopaulo.sp.leg.br\/escoladoparlamento\/cursos\/em-andamento\/educacao-cidade-e-patrimonio-reflexoes-acerca-do-cotidiano-escolar\/\">Educa\u00e7\u00e3o, Cidade e Patrim\u00f4nio: Reflex\u00f5es Acerca do Cotidiano Escolar<\/a><\/p>\n<p><a href=\"http:\/\/www.saopaulo.sp.leg.br\/escoladoparlamento\/cursos\/cursos-anteriores\/cursos-realizados-em-2017\/educacao-para-as-relacoes-etnico-raciais-na-escola-na-decada-internacional-dos-afrodescendentes\/\">Educa\u00e7\u00e3o para as rela\u00e7\u00f5es \u00e9tnico-raciais na escola na D\u00e9cada Internacional dos Afrodescendentes<\/a><\/p>\n<p><a href=\"http:\/\/www.saopaulo.sp.leg.br\/escoladoparlamento\/cursos\/cursos-anteriores\/cursos-realizados-em-2017\/explorando-o-orcamento-publico-no-municipio-de-sao-paulo\/\">Explorando o Or\u00e7amento P\u00fablico no Munic\u00edpio de S\u00e3o Paulo<\/a><\/p>\n<p><a href=\"http:\/\/www.saopaulo.sp.leg.br\/escoladoparlamento\/cursos\/em-andamento\/elaboracao-legislativa-e-regimento-interno\/\">Elabora\u00e7\u00e3o Legislativa e Regimento Interno<\/a><\/p>\n<p><a href=\"http:\/\/www.saopaulo.sp.leg.br\/escoladoparlamento\/cursos\/em-andamento\/formacao-politica-para-estagiarios\/\">Forma\u00e7\u00e3o Pol\u00edtica para Estagi\u00e1rios da CMSP<\/a><\/p>\n<p><a href=\"http:\/\/www.saopaulo.sp.leg.br\/escoladoparlamento\/cursos\/em-andamento\/curso-de-iniciacao-politica\/\">Inicia\u00e7\u00e3o Pol\u00edtica<\/a><\/p>\n<p><a href=\"http:\/\/www.saopaulo.sp.leg.br\/escoladoparlamento\/cursos\/em-andamento\/iniciacao-politica-2a-edicao\/\">Inicia\u00e7\u00e3o Pol\u00edtica (2a Edi\u00e7\u00e3o)<\/a><\/p>\n<p><a href=\"http:\/\/www.saopaulo.sp.leg.br\/escoladoparlamento\/cursos\/em-andamento\/8257-2\/\">Inicia\u00e7\u00e3o Pol\u00edtica (3a Edi\u00e7\u00e3o)<\/a><\/p>\n<p><a href=\"http:\/\/www.saopaulo.sp.leg.br\/escoladoparlamento\/cursos\/cursos-anteriores\/cursos-realizados-em-2017\/seminario-poder-legislativo-sob-diferentes-olhares\/\">Semin\u00e1rio: Legislativo em Debate<\/a><\/p>\n<p><a href=\"http:\/\/www.saopaulo.sp.leg.br\/escoladoparlamento\/cursos\/cursos-anteriores\/cursos-realizados-em-2017\/seminario-um-brasil-usp-desafios-e-boas-praticas-na-gestao-publica-municipal-no-brasil\/\">Semin\u00e1rio Um Brasil &#8211; USP: Desafios e Boas Pr\u00e1ticas na Gest\u00e3o P\u00fablica Municipal no Brasil<\/a><\/p>\n<p><a href=\"http:\/\/www.saopaulo.sp.leg.br\/escoladoparlamento\/cursos\/em-andamento\/sustentabilidade-e-desenvolvimento-social-o-papel-da-familia\/\">Sustentabilidade e Desenvolvimento Social: O papel da fam\u00edlia<\/a><\/p>\n<p><a href=\"http:\/\/www.saopaulo.sp.leg.br\/escoladoparlamento\/cursos\/cursos-anteriores\/cursos-realizados-em-2017\/lancamento-revista-parlamento-e-sociedade-n-8-dossie-eleicoes-municipais\/\">Lan\u00e7amento: Revista Parlamento e Sociedade n. 8 &#8211; Dossi\u00ea Elei\u00e7\u00f5es Municipais<\/a><\/p>\n<p><a href=\"http:\/\/www.saopaulo.sp.leg.br\/escoladoparlamento\/cursos\/cursos-anteriores\/cursos-realizados-em-2017\/lancamento-historia-das-legislaturas-contemporaneas-vols-2-3-e-4\/\">Lan\u00e7amento: Hist\u00f3ria das Legislaturas Contempor\u00e2neas<\/a><\/p>\n<p><a href=\"http:\/\/www.saopaulo.sp.leg.br\/escoladoparlamento\/cursos\/cursos-anteriores\/cursos-realizados-em-2017\/mrosc-marco-regulatorio-das-organizacoes-da-sociedade-civil\/\">MROSC &#8211; Marco Regulat\u00f3rio das Organiza\u00e7\u00f5es da Sociedade Civil<\/a><\/p>\n<p><a href=\"http:\/\/www.saopaulo.sp.leg.br\/escoladoparlamento\/cursos\/cursos-anteriores\/cursos-realizados-em-2017\/mulheres-na-politica-entre-os-estudos-e-a-pratica\/\">Mulheres na Pol\u00edtica: Entre os Estudos e a Pr\u00e1tica<\/a><\/p>\n<p><a href=\"http:\/\/www.saopaulo.sp.leg.br\/escoladoparlamento\/cursos\/em-andamento\/seminario-nova-lei-de-migracao-e-acolhida-e-integracao-de-refugiados-na-cidade-de-sao-paulo\/\">Nova Lei de Migra\u00e7\u00e3o e Acolhida e Integra\u00e7\u00e3o de Refugiados na Cidade de S\u00e3o Paulo (Semin\u00e1rio)<\/a><\/p>\n<p><a href=\"http:\/\/www.saopaulo.sp.leg.br\/escoladoparlamento\/cursos\/cursos-anteriores\/cursos-realizados-em-2017\/novos-desafios-para-a-garantia-e-efetivacao-do-direito-a-convivencia-familiar-e-comunitaria\/\">Novos Desafios para a Garantia e Efetiva\u00e7\u00e3o do Direitos \u00e0 Conviv\u00eancia Familiar e comunit\u00e1ria<\/a><\/p>\n<p><a href=\"http:\/\/www.saopaulo.sp.leg.br\/escoladoparlamento\/cursos\/em-andamento\/oficinas-pensar-planejar-e-agir-na-cidade\/\">Oficinas: Pensar, Planejar e Agir na Cidade<\/a><\/p>\n<p><a href=\"http:\/\/www.saopaulo.sp.leg.br\/escoladoparlamento\/cursos\/cursos-anteriores\/cursos-realizados-em-2017\/ciclo-de-oficinas-desafios-da-comunicacao\/\">Oficinas: Desafios da Comunica\u00e7\u00e3o<\/a><\/p>\n<p><a href=\"http:\/\/www.saopaulo.sp.leg.br\/escoladoparlamento\/cursos\/em-andamento\/participacao-e-controle-democratico-do-poder-publico\/\">Participa\u00e7\u00e3o e Controle Democr\u00e1tico do Poder P\u00fablico<\/a><\/p>\n<p><a href=\"http:\/\/www.saopaulo.sp.leg.br\/escoladoparlamento\/cursos\/em-andamento\/partidos-politicos-no-brasil\/\">Partidos Pol\u00edticos no Brasil<\/a><\/p>\n<p><a href=\"http:\/\/www.saopaulo.sp.leg.br\/escoladoparlamento\/cursos\/cursos-anteriores\/cursos-realizados-em-2017\/planejamento-de-eventos-institucionais-cerimonial-e-protocolo-nacional-e-internacional\/\">Planejamento de eventos institucionais, cerimonial e protocolo nacional e internacional<\/a><\/p>\n<p><a href=\"http:\/\/www.saopaulo.sp.leg.br\/escoladoparlamento\/cursos\/em-andamento\/politicas-publicas-de-alfabetizacao-e-formacao-para-a-cidadania\/\">Pol\u00edticas P\u00fablicas de Alfabetiza\u00e7\u00e3o e Forma\u00e7\u00e3o para a Cidadania<\/a><\/p>\n<p><a href=\"http:\/\/www.saopaulo.sp.leg.br\/escoladoparlamento\/cursos\/cursos-anteriores\/cursos-realizados-em-2017\/concessoes-e-privatizacoes-na-cidade-de-sao-paulo-controversias-e-desafios\/\">Privatiza\u00e7\u00f5es e Concess\u00f5es na Cidade de S\u00e3o Paulo: Controv\u00e9rsias e Desafios<\/a><\/p>\n<p><a href=\"http:\/\/www.saopaulo.sp.leg.br\/escoladoparlamento\/cursos\/em-andamento\/reporter-do-futuro\/\">Rep\u00f3rter do Futuro &#8211; 2017<\/a><\/p>\n<p><a href=\"http:\/\/www.saopaulo.sp.leg.br\/escoladoparlamento\/cursos\/cursos-anteriores\/cursos-realizados-em-2017\/seminario-os-direitos-da-populacao-em-situacao-de-rua\/\">Semin\u00e1rio: Os Direitos da Popula\u00e7\u00e3o em Situa\u00e7\u00e3o de Rua<\/a><\/p>\n<p><a href=\"http:\/\/www.saopaulo.sp.leg.br\/escoladoparlamento\/cursos\/em-andamento\/vozes-da-democracia-os-desafios-da-comunicacao-comunitaria\/\">Vozes da Democracia: Desafios da comunica\u00e7\u00e3o comunit\u00e1ria<\/a><\/p>\n<p>&nbsp;<\/p>\n<p>&nbsp;<\/p>\n","protected":false},"excerpt":{"rendered":"<p>IX F\u00f3rum da Cidade 20 Anos de Cotas para Mulheres na Pol\u00edtica Ajuste Fiscal e o Impacto da PEC 55\/241 Aperfei\u00e7oamento: Legislativo, Controle Externo e Pol\u00edticas P\u00fablicas no Brasil \u00c1reas de Preserva\u00e7\u00e3o Permanente no Contexto da Cidade Arte de Rua em S\u00e3o Paulo Cidade Inteligentes e Sustent\u00e1veis Cidades e Inova\u00e7\u00f5es: A experi\u00eancia do M\u00e9xico Cinco [&hellip;]<\/p>\n","protected":false},"author":127,"featured_media":0,"parent":169,"menu_order":520,"comment_status":"closed","ping_status":"closed","template":"","meta":{"_acf_changed":false,"footnotes":""},"class_list":["post-6500","page","type-page","status-publish","hentry"],"acf":[],"_links":{"self":[{"href":"https:\/\/www.saopaulo.sp.leg.br\/escoladoparlamento\/wp-json\/wp\/v2\/pages\/6500","targetHints":{"allow":["GET"]}}],"collection":[{"href":"https:\/\/www.saopaulo.sp.leg.br\/escoladoparlamento\/wp-json\/wp\/v2\/pages"}],"about":[{"href":"https:\/\/www.saopaulo.sp.leg.br\/escoladoparlamento\/wp-json\/wp\/v2\/types\/page"}],"author":[{"embeddable":true,"href":"https:\/\/www.saopaulo.sp.leg.br\/escoladoparlamento\/wp-json\/wp\/v2\/users\/127"}],"replies":[{"embeddable":true,"href":"https:\/\/www.saopaulo.sp.leg.br\/escoladoparlamento\/wp-json\/wp\/v2\/comments?post=6500"}],"version-history":[{"count":0,"href":"https:\/\/www.saopaulo.sp.leg.br\/escoladoparlamento\/wp-json\/wp\/v2\/pages\/6500\/revisions"}],"up":[{"embeddable":true,"href":"https:\/\/www.saopaulo.sp.leg.br\/escoladoparlamento\/wp-json\/wp\/v2\/pages\/169"}],"wp:attachment":[{"href":"https:\/\/www.saopaulo.sp.leg.br\/escoladoparlamento\/wp-json\/wp\/v2\/media?parent=6500"}],"curies":[{"name":"wp","href":"https:\/\/api.w.org\/{rel}","templated":true}]}}