{"id":6071,"date":"2016-11-28T11:14:56","date_gmt":"2016-11-28T13:14:56","guid":{"rendered":"http:\/\/www.saopaulo.sp.leg.br\/escoladoparlamento\/?page_id=6071"},"modified":"2017-07-12T14:38:02","modified_gmt":"2017-07-12T17:38:02","slug":"mostra-de-cinema-sao-paulo-cidade-aberta","status":"publish","type":"page","link":"https:\/\/www.saopaulo.sp.leg.br\/escoladoparlamento\/cursos\/cursos-anteriores\/cursos-realizados-em-2016\/mostra-de-cinema-sao-paulo-cidade-aberta\/","title":{"rendered":"Mostra de cinema \u2013 S\u00e3o Paulo Cidade Aberta"},"content":{"rendered":"<p><iframe loading=\"lazy\" title=\"Adriano Diogo fala sobre Mostra de Cinema \u2018S\u00e3o Paulo Cidade Aberta\u2019\" width=\"640\" height=\"480\" src=\"https:\/\/www.youtube.com\/embed\/zNiXZpPoz34?feature=oembed\" frameborder=\"0\" allow=\"accelerometer; autoplay; clipboard-write; encrypted-media; gyroscope; picture-in-picture; web-share\" referrerpolicy=\"strict-origin-when-cross-origin\" allowfullscreen><\/iframe><\/p>\n<p><iframe loading=\"lazy\" title=\"Organizador da mostra \u2018S\u00e3o Paulo Cidade Aberta\u2019 fala sobre o festival\" width=\"640\" height=\"480\" src=\"https:\/\/www.youtube.com\/embed\/-SC6OzPLmC4?feature=oembed\" frameborder=\"0\" allow=\"accelerometer; autoplay; clipboard-write; encrypted-media; gyroscope; picture-in-picture; web-share\" referrerpolicy=\"strict-origin-when-cross-origin\" allowfullscreen><\/iframe><\/p>\n<hr \/>\n<p><strong>Objetivos:<\/strong> \u00a0A Mostra de Cinema \u201cS\u00e3o Paulo Cidade Aberta\u201d tem como objetivo oferecer elementos para reflex\u00e3o sobre a cidade de S\u00e3o Paulo, seus desafios e perspectivas para os pr\u00f3ximos anos. Neste evento, a Escola do Parlamento estreita sua rela\u00e7\u00e3o com a grande tela para exibir document\u00e1rios e filmes de fic\u00e7\u00e3o cl\u00e1ssicos. S\u00e3o obras-primas que debatem grandes quest\u00f5es urbanas, como a condi\u00e7\u00e3o das pessoas em situa\u00e7\u00e3o de rua, imigra\u00e7\u00e3o, ocupa\u00e7\u00f5es ilegais, sistema prisional, desenvolvimento urbano, movimentos sindicais e ditadura militar.<\/p>\n<p><strong>Diretor Respons\u00e1vel:<\/strong> Christy Ganzert Pato<\/p>\n<p><strong>Coordenadores:<\/strong>\u00a0Juliana Kase Tanno, Adriano Diogo e Roberto Fernandez<\/p>\n<p><strong>P\u00fablico Alvo:<\/strong> Servidores e cidad\u00e3os interessados nos temas<\/p>\n<p><strong>Carga Hor\u00e1ria:<\/strong> 30h<\/p>\n<p><strong>Inscri\u00e7\u00f5es:<\/strong>\u00a0Encerradas.<\/p>\n<p><strong>Programa\u00e7\u00e3o:\u00a0<\/strong><\/p>\n<table>\n<tbody>\n<tr>\n<td><strong>Data e\u00a0 <\/strong><strong>Hora<\/strong><\/td>\n<td><strong>Local<\/strong><\/td>\n<td><strong>Debatedores<\/strong><\/td>\n<td><strong>Filmes exibidos<\/strong><\/td>\n<\/tr>\n<tr>\n<td><strong>05\/12<\/strong><\/p>\n<p>19h \u2013 22h<\/td>\n<td>\u00a0<a title=\"Sal\u00e3o Nobre Presidente Jo\u00e3o Brasil Vita\" href=\"http:\/\/www.saopaulo.sp.leg.br\/transparencia\/auditorios-online\/salao-nobre-presidente-joao-brasil-vita\/\">Sal\u00e3o Nobre<\/a><\/td>\n<td>&#8211;<\/td>\n<td>Sess\u00e3o de Abertura da Mostra<\/p>\n<p><strong>Fome. <\/strong>Dir.\u00a0<a href=\"http:\/\/www.adorocinema.com\/personalidades\/personalidade-614275\/\">Cristiano Burlan<\/a>. <a href=\"http:\/\/www.adorocinema.com\/filmes\/todos-filmes\/notas-espectadores\/genero-13008\/\">Drama<\/a>. 1h 30min. 12 anos. 2016. Brasil.<\/td>\n<\/tr>\n<tr>\n<td><strong>06\/12<\/strong><\/p>\n<p>19h \u2013 22h<\/td>\n<td>\u00a0<a title=\"Sala S\u00e9rgio Vieira de Mello \u2013 (\u201cSala A\u201d)\" href=\"http:\/\/www.saopaulo.sp.leg.br\/transparencia\/auditorios-online\/sala-sergio-vieira-de-mello-sala\/\">Sala S\u00e9rgio Vieira de Mello \u2013 (\u201cSala A\u201d)<\/a><\/td>\n<td>&#8211;<\/td>\n<td><strong>Os libert\u00e1rios.<\/strong> Dir. Lauro Escorel Filho. Document\u00e1rio. 29min. Livre. 1976. Brasil.<\/p>\n<p><strong>Bra\u00e7os cruzados, maquinas paradas.<\/strong> Dir. Roberto Gervitz e Sergio Toledo. Document\u00e1rio. 1h 16mim. Livre.<\/p>\n<p>Debate: S\u00e3o Paulo, cidade industrial<\/td>\n<\/tr>\n<tr>\n<td><strong>07\/12<\/strong><\/p>\n<p>19h \u2013 22h<\/td>\n<td>\u00a0<a title=\"Audit\u00f3rio Prestes Maia\" href=\"http:\/\/www.saopaulo.sp.leg.br\/transparencia\/auditorios-online\/auditorio-prestes-maia\/\">Audit\u00f3rio Prestes Maia (Plenarinho)<\/a><\/td>\n<td>&#8211;<\/td>\n<td><strong>Paulic\u00e9ia. <\/strong>Dir. Flavio del Carlo. Document\u00e1rio. 10min. 1978. Brasil. <strong>\u00a0<\/strong><\/p>\n<p><strong>O ano em que meus pais sa\u00edram de f\u00e9rias. <\/strong>Dir. Cao Hamburger. Drama. 1h 45mim. 10 anos. 2006. Brasil.<\/p>\n<p>Debate: S\u00e3o Paulo na Ditadura<\/td>\n<\/tr>\n<tr>\n<td><strong>08\/12<\/strong><\/p>\n<p>19h \u2013 22h<\/td>\n<td>\u00a0<a title=\"Sala S\u00e9rgio Vieira de Mello \u2013 (\u201cSala A\u201d)\" href=\"http:\/\/www.saopaulo.sp.leg.br\/transparencia\/auditorios-online\/sala-sergio-vieira-de-mello-sala\/\">Sala S\u00e9rgio Vieira de Mello<\/a><\/td>\n<td>&#8211;<\/td>\n<td><strong>Vocacional \u2013 Uma aventura Humana. <\/strong>Dir. Toni Venturi. Document\u00e1rio. 1h 20min. Livre. 2011. Brasil.<\/p>\n<p><strong>Belmonte. <\/strong>Dir. Ivo Branco. Document\u00e1rio. 11m. 1981. Brasil.<\/p>\n<p>Debate: Educa\u00e7\u00e3o na Ditadura<\/td>\n<\/tr>\n<tr>\n<td><strong>09\/12<\/strong><\/p>\n<p>19h \u2013 22h<\/td>\n<td>\u00a0<a title=\"Sala S\u00e9rgio Vieira de Mello \u2013 (\u201cSala A\u201d)\" href=\"http:\/\/www.saopaulo.sp.leg.br\/transparencia\/auditorios-online\/sala-sergio-vieira-de-mello-sala\/\">Sala S\u00e9rgio Vieira de Mello<\/a><\/td>\n<td>&#8211;<\/td>\n<td><strong>Bexiga Ano Zero<\/strong>. Dir. Alc\u00e2ntara Machado. Document\u00e1rio. 11min. 1971. Brasil.<\/p>\n<p><strong>A batalha da Maria Ant\u00f4nia.<\/strong> Dir. Renato Tapaj\u00f3s. Document\u00e1rio. 1h 16min. Livre. 2014. Brasil.<\/p>\n<p>Debate: O conflito entre esquerda e direita nas universidades no contexto da Ditadura<\/td>\n<\/tr>\n<tr>\n<td><strong>12\/12<\/strong><\/p>\n<p>19h \u2013 22h<\/td>\n<td>\u00a0<a title=\"Audit\u00f3rio Prestes Maia\" href=\"http:\/\/www.saopaulo.sp.leg.br\/transparencia\/auditorios-online\/auditorio-prestes-maia\/\">Audit\u00f3rio Prestes Maia (Plenarinho)<\/a><\/td>\n<td>&#8211;<\/td>\n<td><strong>Campos El\u00edseos. <\/strong>Dir. Ugo Giorgetti. Document\u00e1rio. 12min. 1976. Brasil.<\/p>\n<p><strong>O Bandido da Luz Vermelha <\/strong>Dir. Rogerio Sganzerla. Thriller\/Romance policial. 1h 32min. 14 anos. 1968. Brasil.<\/p>\n<p>Debate: Ditadura e Crime<\/td>\n<\/tr>\n<tr>\n<td><strong>13\/12<\/strong><\/p>\n<p>19h \u2013 22h<\/td>\n<td>\u00a0<a title=\"Audit\u00f3rio Prestes Maia\" href=\"http:\/\/www.saopaulo.sp.leg.br\/transparencia\/auditorios-online\/auditorio-prestes-maia\/\">Audit\u00f3rio Prestes Maia (Plenarinho)<\/a><\/td>\n<td>&#8211;<\/td>\n<td><strong>Pra\u00e7a da S\u00e9. <\/strong>Dir. Nilce Tranjan. Document\u00e1rio. 10min. 1976. Brasil.<\/p>\n<p><strong>Carandiru. <\/strong>Dir. Hector Babenco. Drama. 1h 47min. 16 anos. 2003. Brasil.<\/p>\n<p>Debate: A situa\u00e7\u00e3o prisional em S\u00e3o Paulo e os direitos humanos<\/td>\n<\/tr>\n<tr>\n<td><strong>14\/12<\/strong><\/p>\n<p>19h \u2013 22h<\/td>\n<td>\u00a0<a title=\"Sal\u00e3o Nobre Presidente Jo\u00e3o Brasil Vita\" href=\"http:\/\/www.saopaulo.sp.leg.br\/transparencia\/auditorios-online\/salao-nobre-presidente-joao-brasil-vita\/\">Sal\u00e3o Nobre <\/a><\/td>\n<td>&#8211;<\/td>\n<td><strong>Lute como uma menina <\/strong>Dir. Fl\u00e1vio Colombini e Beatriz Alonso. Document\u00e1rio. Livre. 1h 16min. 2016. Brasil.<\/p>\n<p>Debate: As lutas estudantis atuais representadas no cinema<\/td>\n<\/tr>\n<tr>\n<td><strong>15\/12<\/strong><\/p>\n<p>19h \u2013 22h<\/td>\n<td>\u00a0<a title=\"Sala S\u00e9rgio Vieira de Mello \u2013 (\u201cSala A\u201d)\" href=\"http:\/\/www.saopaulo.sp.leg.br\/transparencia\/auditorios-online\/sala-sergio-vieira-de-mello-sala\/\">Sala S\u00e9rgio Vieira de Mello<\/a><\/td>\n<td>&#8211;<\/td>\n<td><strong>Br\u00e1s.<\/strong> Dir. Regina Jeh\u00e1. Document\u00e1rio. 11min. 1973. Brasil.<\/p>\n<p><strong>Feliz Ano Velho.<\/strong> Dir. <a href=\"http:\/\/www.adorocinema.com\/personalidades\/personalidade-647647\/\">Roberto Gervitz<\/a>. Drama. 1h 51min. 14 anos. 1987. Brasil.<\/p>\n<p>Debate: A literatura no cinema<\/td>\n<\/tr>\n<tr>\n<td><strong>16\/12<\/strong><\/p>\n<p>19h \u2013 22h<\/td>\n<td>\u00a0<a title=\"Sal\u00e3o Nobre Presidente Jo\u00e3o Brasil Vita\" href=\"http:\/\/www.saopaulo.sp.leg.br\/transparencia\/auditorios-online\/salao-nobre-presidente-joao-brasil-vita\/\">Sal\u00e3o Nobre<\/a><\/td>\n<td>&#8211;<\/td>\n<td>Fechamento da Mostra<\/p>\n<p><strong>Era o Hotel Cambridge (CABINE FECHADA).<\/strong> Dir.\u00a0<a href=\"http:\/\/www.adorocinema.com\/personalidades\/personalidade-28566\/\">Eliane Caff\u00e9<\/a>. <a href=\"http:\/\/www.adorocinema.com\/filmes\/todos-filmes\/notas-espectadores\/genero-13008\/\">Drama<\/a>. 1h 39min. Livre. 2016. <a href=\"http:\/\/www.adorocinema.com\/filmes\/todos-filmes\/notas-espectadores\/pais-5028\/\">Brasil<\/a><\/td>\n<\/tr>\n<\/tbody>\n<\/table>\n","protected":false},"excerpt":{"rendered":"<p>Objetivos: \u00a0A Mostra de Cinema \u201cS\u00e3o Paulo Cidade Aberta\u201d tem como objetivo oferecer elementos para reflex\u00e3o sobre a cidade de S\u00e3o Paulo, seus desafios e perspectivas para os pr\u00f3ximos anos. Neste evento, a Escola do Parlamento estreita sua rela\u00e7\u00e3o com a grande tela para exibir document\u00e1rios e filmes de fic\u00e7\u00e3o cl\u00e1ssicos. S\u00e3o obras-primas que debatem [&hellip;]<\/p>\n","protected":false},"author":183,"featured_media":0,"parent":3097,"menu_order":526,"comment_status":"closed","ping_status":"closed","template":"","meta":{"_acf_changed":false,"footnotes":""},"class_list":["post-6071","page","type-page","status-publish","hentry"],"acf":[],"_links":{"self":[{"href":"https:\/\/www.saopaulo.sp.leg.br\/escoladoparlamento\/wp-json\/wp\/v2\/pages\/6071","targetHints":{"allow":["GET"]}}],"collection":[{"href":"https:\/\/www.saopaulo.sp.leg.br\/escoladoparlamento\/wp-json\/wp\/v2\/pages"}],"about":[{"href":"https:\/\/www.saopaulo.sp.leg.br\/escoladoparlamento\/wp-json\/wp\/v2\/types\/page"}],"author":[{"embeddable":true,"href":"https:\/\/www.saopaulo.sp.leg.br\/escoladoparlamento\/wp-json\/wp\/v2\/users\/183"}],"replies":[{"embeddable":true,"href":"https:\/\/www.saopaulo.sp.leg.br\/escoladoparlamento\/wp-json\/wp\/v2\/comments?post=6071"}],"version-history":[{"count":0,"href":"https:\/\/www.saopaulo.sp.leg.br\/escoladoparlamento\/wp-json\/wp\/v2\/pages\/6071\/revisions"}],"up":[{"embeddable":true,"href":"https:\/\/www.saopaulo.sp.leg.br\/escoladoparlamento\/wp-json\/wp\/v2\/pages\/3097"}],"wp:attachment":[{"href":"https:\/\/www.saopaulo.sp.leg.br\/escoladoparlamento\/wp-json\/wp\/v2\/media?parent=6071"}],"curies":[{"name":"wp","href":"https:\/\/api.w.org\/{rel}","templated":true}]}}