{"id":5840,"date":"2016-11-04T14:46:01","date_gmt":"2016-11-04T16:46:01","guid":{"rendered":"http:\/\/www.saopaulo.sp.leg.br\/escoladoparlamento\/?page_id=5840"},"modified":"2018-05-11T16:25:32","modified_gmt":"2018-05-11T19:25:32","slug":"seminario-balanco-critico-da-habitat-iii-as-cidades-latino-americanas-e-os-desafios-da-nova-agenda-urbana","status":"publish","type":"page","link":"https:\/\/www.saopaulo.sp.leg.br\/escoladoparlamento\/cursos\/cursos-anteriores\/cursos-realizados-em-2016\/seminario-balanco-critico-da-habitat-iii-as-cidades-latino-americanas-e-os-desafios-da-nova-agenda-urbana\/","title":{"rendered":"Semin\u00e1rio Balan\u00e7o cr\u00edtico da Habitat III: as cidades latino-americanas e os desafios da Nova Agenda Urbana"},"content":{"rendered":"<figure id=\"attachment_5841\" aria-describedby=\"caption-attachment-5841\" style=\"width: 150px\" class=\"wp-caption alignright\"><a href=\"http:\/\/www.saopaulo.sp.leg.br\/escoladoparlamento\/wp-content\/uploads\/sites\/5\/2016\/11\/Logo-SEP.png\"><img loading=\"lazy\" decoding=\"async\" class=\"wp-image-5841 size-thumbnail\" src=\"http:\/\/www.saopaulo.sp.leg.br\/escoladoparlamento\/wp-content\/uploads\/sites\/5\/2016\/11\/Logo-SEP-150x150.png\" alt=\"logo-sep\" width=\"150\" height=\"150\" srcset=\"https:\/\/www.saopaulo.sp.leg.br\/escoladoparlamento\/wp-content\/uploads\/sites\/5\/2016\/11\/Logo-SEP-150x150.png 150w, https:\/\/www.saopaulo.sp.leg.br\/escoladoparlamento\/wp-content\/uploads\/sites\/5\/2016\/11\/Logo-SEP.png 270w\" sizes=\"auto, (max-width: 150px) 100vw, 150px\" \/><\/a><figcaption id=\"caption-attachment-5841\" class=\"wp-caption-text\">Parceria com a Sociedade Brasileira de Pol\u00edtica Economia &#8211; SEP<\/figcaption><\/figure>\n<p><strong>Objetivos:\u00a0<\/strong>A partir do contexto macroecon\u00f4mico de cada uma das regi\u00f5es da Am\u00e9rica Latina, o semin\u00e1rio pretende tecer considera\u00e7\u00f5es sobre os desafios colocados pela <strong>Nova Agenda Urbana<\/strong>, aprovada na Habitat III, notadamente sobre as quest\u00f5es atinentes aos novos modelos de financiamento propostos pelo documento. Em face disso, pretende-se abordar tamb\u00e9m, a partir da perspectiva das cidades latino-americanas, qual o papel dos governos locais como atores-chave do desenvolvimento urbano preconizado pela <strong>Nova Agenda Urbana<\/strong>.<\/p>\n<p>O evento ter\u00e1 acompanhamento de pontos focais na: Argentina, Chile, Col\u00f4mbia, Costa Rica, Haiti, M\u00e9xico, Paraguay, Uruguay e Venezuela.<\/p>\n<p><strong>Diretor Respons\u00e1vel:<\/strong> Christy Ganzert Pato<\/p>\n<p><strong>P\u00fablico Alvo:<\/strong> Urbanistas, economistas, estudiosos do desenvolvimento urbano, servidores p\u00fablicos; p\u00fablico em geral.<\/p>\n<figure id=\"attachment_5917\" aria-describedby=\"caption-attachment-5917\" style=\"width: 150px\" class=\"wp-caption alignright\"><a href=\"http:\/\/www.saopaulo.sp.leg.br\/escoladoparlamento\/wp-content\/uploads\/sites\/5\/2016\/11\/sepla-logo.png\"><img loading=\"lazy\" decoding=\"async\" class=\"wp-image-5917 size-thumbnail\" src=\"http:\/\/www.saopaulo.sp.leg.br\/escoladoparlamento\/wp-content\/uploads\/sites\/5\/2016\/11\/sepla-logo-150x150.png\" alt=\"sepla-logo\" width=\"150\" height=\"150\" \/><\/a><figcaption id=\"caption-attachment-5917\" class=\"wp-caption-text\">Parceria com a Sociedade de Econom\u00eda Pol\u00edtica e Pensamento Cr\u00edtico da Am\u00e9rica Latina &#8211; SEPLA<\/figcaption><\/figure>\n<p><strong>Carga Hor\u00e1ria:<\/strong> 3h<\/p>\n<p><strong>Programa\u00e7\u00e3o:\u00a0<\/strong><\/p>\n<table>\n<tbody>\n<tr>\n<td><strong>Data\/Hora<\/strong><\/td>\n<td><strong>Local<\/strong><\/td>\n<td><strong>Tema<\/strong><\/td>\n<td><strong>Palestrantes<\/strong><\/td>\n<\/tr>\n<tr>\n<td><strong>18\/nov<\/strong><\/p>\n<p>19h \u2013 22h<\/td>\n<td><a title=\"Sala S\u00e9rgio Vieira de Mello \u2013 (\u201cSala A\u201d)\" href=\"http:\/\/www.saopaulo.sp.leg.br\/transparencia\/auditorios-online\/sala-sergio-vieira-de-mello-sala\/\">Sala S\u00e9rgio Vieira de Mello \u2013 (\u201cSala A\u201d)<\/a><\/td>\n<td><em>Balan\u00e7o cr\u00edtico da Habitat III: As cidades latinoamericanas como atores dos novos desafios urbanos<\/em><\/td>\n<td>Christy Ganzert Pato<\/p>\n<p>Julio Gambina<\/p>\n<p>Marcelo Dias Carcanholo<\/td>\n<\/tr>\n<\/tbody>\n<\/table>\n<p><strong>Palestrantes:<\/strong><\/p>\n<p><strong>Christy Ganzert Pato:<\/strong> Doutor em Filosofia pela Universidade de S\u00e3o Paulo (USP) e mestre em Ci\u00eancia Pol\u00edtica, tamb\u00e9m pela Universidade de S\u00e3o Paulo (USP). Estudou Ci\u00eancias Sociais e Economia na Universidade de S\u00e3o Paulo (USP) bem como Ci\u00eancias Sociais na Universidade Federal de Santa Catarina (UFSC). Atualmente \u00e9 Diretor-Presidente da Escola do Parlamento da C\u00e2mara Municipal de S\u00e3o Paulo e Professor licenciado da Universidade Federal da Fronteira Sul (UFFS). Foi professor convidado do curso de Gest\u00e3o de Pol\u00edticas P\u00fablicas da USP (2015) e exerceu as fun\u00e7\u00f5es de Assessor Especial e Chefe de Gabinete da Secretaria Municipal de Planejamento, Or\u00e7amento e Gest\u00e3o da Prefeitura de S\u00e3o Paulo (2013 a 2015). Foi tamb\u00e9m professor do Departamento de Economia da PUC-SP (2006 a 2010), Conselheiro do Conselho de Pesquisa da USP (2008-2010) e Professor da Universidade Federal de Uberl\u00e2ndia (2004-2006).<\/p>\n<p><strong>Julio Gambina:<\/strong> Doutor em Ci\u00eancias Sociais pela Universidade de Buenos Aires. Professor de Economia Pol\u00edtica na Faculdade de Direito da Universidade Nacional de Rosario, Presidente da Funda\u00e7\u00e3o de Investigac\u00f5es Sociais e Pol\u00edticas (FISYP), e Integrante do Comit\u00ea Diretivo do Conselho Latinoamericano de Ci\u00eancias Sociais, CLACSO (2006-2012). Diretor do Instituto de Estudos e Forma\u00e7\u00e3o da Central de Trabalhadores Argentina (IEF-CTA Aut\u00f3noma). Tamb\u00e9m\u00a0participa como membro do Conselho Acad\u00eamico da ATTAC-Argentina\u00a0e dirige o Centro de Estudos e Forma\u00e7\u00e3o da Federa\u00e7\u00e3o Judicial Argentina. Colunista sobre Economia Pol\u00edtica em diversas publica\u00e7\u00f5es.<\/p>\n<p><strong>Marcelo Dias Carcanholo:<\/strong> Possui gradua\u00e7\u00e3o em Ci\u00eancias Econ\u00f4micas pela Universidade de S\u00e3o Paulo (1993), mestrado em Economia pela Universidade Federal Fluminense (1996) e doutorado em Economia pela Universidade Federal do Rio de Janeiro (2002). Atualmente \u00e9 Professor Associado da Faculdade de Economia da Universidade Federal Fluminense, Membro do N\u00facleo Interdisciplinar de Estudos e Pesquisas em Marx e Marxismo (NIEP-UFF), Pesquisador do N\u00facleo de Hist\u00f3ria Econ\u00f4mica da Depend\u00eancia Latino-americana (HEDLA-UFRGS), Professor Colaborador da Escola Nacional Florestan Fernandes (ENFF-MST), Atual Presidente da Sociedade Brasileira de Economia Pol\u00edtica (SEP) e Presidente da Sociedade Latino-americana de Economia Politica e Pensamento Cr\u00edtico (SEPLA) entre 2014 e 2016. Participa do Grupo de Trabalho CLACSO Crisis y Econom\u00eda Mundial (2016-2019). Tem experi\u00eancia na \u00e1rea de Economia, com \u00eanfase em Economia Pol\u00edtica, Economia Marxista e Desenvolvimento Econ\u00f4mico, atuando principalmente nos seguintes temas: teoria do valor, neoliberalismo, vulnerabilidade externa, abertura externa, economia brasileira e am\u00e9rica latina.\u00a0(<a href=\"http:\/\/lattes.cnpq.br\/3147224818678935\">CV Lattes<\/a>)<\/p>\n","protected":false},"excerpt":{"rendered":"<p>Objetivos:\u00a0A partir do contexto macroecon\u00f4mico de cada uma das regi\u00f5es da Am\u00e9rica Latina, o semin\u00e1rio pretende tecer considera\u00e7\u00f5es sobre os desafios colocados pela Nova Agenda Urbana, aprovada na Habitat III, notadamente sobre as quest\u00f5es atinentes aos novos modelos de financiamento propostos pelo documento. Em face disso, pretende-se abordar tamb\u00e9m, a partir da perspectiva das cidades [&hellip;]<\/p>\n","protected":false},"author":183,"featured_media":0,"parent":3097,"menu_order":531,"comment_status":"closed","ping_status":"closed","template":"","meta":{"_acf_changed":false,"footnotes":""},"class_list":["post-5840","page","type-page","status-publish","hentry"],"acf":[],"_links":{"self":[{"href":"https:\/\/www.saopaulo.sp.leg.br\/escoladoparlamento\/wp-json\/wp\/v2\/pages\/5840","targetHints":{"allow":["GET"]}}],"collection":[{"href":"https:\/\/www.saopaulo.sp.leg.br\/escoladoparlamento\/wp-json\/wp\/v2\/pages"}],"about":[{"href":"https:\/\/www.saopaulo.sp.leg.br\/escoladoparlamento\/wp-json\/wp\/v2\/types\/page"}],"author":[{"embeddable":true,"href":"https:\/\/www.saopaulo.sp.leg.br\/escoladoparlamento\/wp-json\/wp\/v2\/users\/183"}],"replies":[{"embeddable":true,"href":"https:\/\/www.saopaulo.sp.leg.br\/escoladoparlamento\/wp-json\/wp\/v2\/comments?post=5840"}],"version-history":[{"count":0,"href":"https:\/\/www.saopaulo.sp.leg.br\/escoladoparlamento\/wp-json\/wp\/v2\/pages\/5840\/revisions"}],"up":[{"embeddable":true,"href":"https:\/\/www.saopaulo.sp.leg.br\/escoladoparlamento\/wp-json\/wp\/v2\/pages\/3097"}],"wp:attachment":[{"href":"https:\/\/www.saopaulo.sp.leg.br\/escoladoparlamento\/wp-json\/wp\/v2\/media?parent=5840"}],"curies":[{"name":"wp","href":"https:\/\/api.w.org\/{rel}","templated":true}]}}