{"id":5772,"date":"2016-10-24T17:29:38","date_gmt":"2016-10-24T19:29:38","guid":{"rendered":"http:\/\/www.saopaulo.sp.leg.br\/escoladoparlamento\/?page_id=5772"},"modified":"2018-05-11T16:29:47","modified_gmt":"2018-05-11T19:29:47","slug":"curso-sp-de-todos-os-imigrantes","status":"publish","type":"page","link":"https:\/\/www.saopaulo.sp.leg.br\/escoladoparlamento\/cursos\/cursos-anteriores\/cursos-realizados-em-2016\/curso-sp-de-todos-os-imigrantes\/","title":{"rendered":"S\u00e3o Paulo de Todos os Imigrantes"},"content":{"rendered":"<p><a href=\"http:\/\/www.saopaulo.sp.leg.br\/escoladoparlamento\/wp-content\/uploads\/sites\/5\/2016\/10\/direitos-humanos-e-cidadania_centralizado.jpg\"><img loading=\"lazy\" decoding=\"async\" class=\"alignright size-thumbnail wp-image-5818\" src=\"http:\/\/www.saopaulo.sp.leg.br\/escoladoparlamento\/wp-content\/uploads\/sites\/5\/2016\/10\/direitos-humanos-e-cidadania_centralizado-150x150.jpg\" alt=\"direitos-humanos-e-cidadania_centralizado\" width=\"150\" height=\"150\" \/><\/a><\/p>\n<div><a href=\"http:\/\/www.saopaulo.sp.leg.br\/escoladoparlamento\/wp-content\/uploads\/sites\/5\/2016\/10\/EDEPE-2012-ALTA-RESOLU\u00c7\u00c3O.jpg\"><img loading=\"lazy\" decoding=\"async\" class=\"wp-image-1788 alignright\" src=\"http:\/\/www.saopaulo.sp.leg.br\/escoladoparlamento\/wp-content\/uploads\/sites\/5\/2015\/09\/LOGO-museu-da-imigra\u00e7\u00e3o.jpg\" alt=\"LOGO museu da imigra\u00e7\u00e3o\" width=\"202\" height=\"157\" \/><\/a><\/div>\n<p style=\"text-align: left\" align=\"right\">Este curso \u00e9 uma parceria da Escola do Parlamento com a Secretaria de Direitos Humanos e Cidadania e o \u00a0Museu da Imigra\u00e7\u00e3o<\/p>\n<p><strong>Objetivo:<\/strong> Abordar temas transversais \u00e0s migra\u00e7\u00f5es contempor\u00e2neas; visualizar os tipos e mudan\u00e7as dos fluxos migrat\u00f3rios; discutir fatos atuais e hist\u00f3ricos que influenciam os movimentos populacionais, com foco na cidade de S\u00e3o Paulo como local de acolhida; debater deslocamentos regionais, especialmente na Am\u00e9rica do Sul, e fatores de relev\u00e2ncia na consolida\u00e7\u00e3o dos mesmos;<\/p>\n<p><strong>P\u00fablico Alvo:<\/strong> Organiza\u00e7\u00f5es da Sociedade Civil para e de migrantes; Organiza\u00e7\u00f5es P\u00fablicas e Estudantis envolvidas com o tema; estudantes interessados em discutir migra\u00e7\u00e3o; Coletivos de Migrantes; servidores p\u00fablicos; p\u00fablico em geral<\/p>\n<p><strong>Coordena\u00e7\u00e3o: <\/strong>Camila Breitenvieser (Secretaria Municipal de Direitos Humanos e Cidadania) e<strong>\u00a0<\/strong>Tatiana Waldman (Museu da Imigra\u00e7\u00e3o do Estado de S\u00e3o Paulo)<\/p>\n<p><strong>Diretor Respons\u00e1vel:<\/strong> Ant\u00f4nio Rodrigues de Freitas J\u00fanior<\/p>\n<p><strong>Carga Hor\u00e1ria:<\/strong> 24h<\/p>\n<p><strong>Vagas:<\/strong> 60<\/p>\n<p><strong>Inscri\u00e7\u00f5es:\u00a0<\/strong>Encerradas. <a href=\"http:\/\/www.saopaulo.sp.leg.br\/escoladoparlamento\/wp-content\/uploads\/sites\/5\/2016\/10\/Lista-Final-de-Inscritos-SP-Imig.pdf\">Lista Final de Inscritos<\/a>.<\/p>\n<p><strong>Programa\u00e7\u00e3o:<br \/>\n<\/strong><\/p>\n<table>\n<tbody>\n<tr>\n<td><strong>Data<\/strong><\/td>\n<td><strong>Local<\/strong><\/td>\n<td><strong>Tema<\/strong><\/td>\n<td><strong>Palestrantes<\/strong><\/td>\n<td><strong>Debatedores<\/strong><\/td>\n<\/tr>\n<tr>\n<td rowspan=\"3\"><strong>10\/nov<\/strong><\/p>\n<p>9h \u00e0s 13h<\/td>\n<td rowspan=\"3\"><a title=\"Audit\u00f3rio Prestes Maia\" href=\"http:\/\/www.saopaulo.sp.leg.br\/transparencia\/auditorios-online\/auditorio-prestes-maia\/\">Audit\u00f3rio Prestes Maia (Plenarinho)<\/a><\/td>\n<td colspan=\"2\">Mesa de Abertura<\/td>\n<td rowspan=\"3\">Oriana Jara<\/td>\n<\/tr>\n<tr>\n<td rowspan=\"2\">Acordo de Resid\u00eancia do Mercosul e as migra\u00e7\u00f5es regionais<\/td>\n<td><a href=\"http:\/\/lattes.cnpq.br\/6936384513207117\">Camila Baraldi<\/a><\/td>\n<\/tr>\n<tr>\n<td><a href=\"http:\/\/lattes.cnpq.br\/1935382452547604\">Antonio Freitas Jr.<\/a><\/td>\n<\/tr>\n<tr>\n<td rowspan=\"2\"><strong>17\/nov<\/strong><\/p>\n<p>9h \u00e0s 13h<\/td>\n<td rowspan=\"2\"><a title=\"Audit\u00f3rio Prestes Maia\" href=\"http:\/\/www.saopaulo.sp.leg.br\/transparencia\/auditorios-online\/auditorio-prestes-maia\/\">Audit\u00f3rio Prestes Maia (Plenarinho)<\/a><\/td>\n<td>Din\u00e2micas migrat\u00f3rias e o mercado de trabalho na cidade de S\u00e3o Paulo: a quest\u00e3o da informalidade<\/td>\n<td><a href=\"http:\/\/lattes.cnpq.br\/7489756177996098\">Carlos Freire da Silva<\/a><\/td>\n<td rowspan=\"2\"><a href=\"http:\/\/lattes.cnpq.br\/7290625113244129\">Veronica Yujra<\/a><\/td>\n<\/tr>\n<tr>\n<td>Migrantes Chineses e Informalidade nos mercados de S\u00e3o Paulo<\/td>\n<td><a href=\"http:\/\/lattes.cnpq.br\/2938846871400741\">Douglas de Toledo Piza<\/a><\/td>\n<\/tr>\n<tr>\n<td rowspan=\"3\"><strong>24\/nov<\/strong><\/p>\n<p>9h \u00e0s 13h<\/td>\n<td rowspan=\"3\"><a href=\"http:\/\/www.saopaulo.sp.leg.br\/transparencia\/auditorios-online\/sala-sergio-vieira-de-mello-sala\/\">Sala S\u00e9rgio Vieira de Mello \u2013 (\u201cSala A\u201d)<\/a><\/td>\n<td rowspan=\"2\">A forma\u00e7\u00e3o do Estado de Israel: antecedentes e desdobramentos<\/td>\n<td><a href=\"http:\/\/lattes.cnpq.br\/7114458351891432\">Bruno Huberman<\/a><\/td>\n<td rowspan=\"3\">Salim Mhanna<\/td>\n<\/tr>\n<tr>\n<td><a href=\"http:\/\/lattes.cnpq.br\/0779630855397777\">Samuel Feldberg<\/a><\/td>\n<\/tr>\n<tr>\n<td>Di\u00e1spora palestina<\/td>\n<td><a href=\"http:\/\/lattes.cnpq.br\/0717133384261187\">Reginaldo Nasser<\/a><\/td>\n<\/tr>\n<tr>\n<td rowspan=\"2\"><strong>01\/dez<\/strong><\/p>\n<p>9h \u00e0s 13h<\/td>\n<td rowspan=\"2\"><a href=\"http:\/\/www.saopaulo.sp.leg.br\/transparencia\/auditorios-online\/sala-sergio-vieira-de-mello-sala\/\">Sala S\u00e9rgio Vieira de Mello \u2013 (\u201cSala A\u201d)<\/a><\/td>\n<td rowspan=\"2\">Divis\u00e3o Sexual do Trabalho: G\u00eanero e Migra\u00e7\u00f5es<\/td>\n<td><a href=\"http:\/\/lattes.cnpq.br\/6533436536001108\">Larissa Viana Barbosa<\/a><\/td>\n<td rowspan=\"2\">Nadia Ferreira<\/td>\n<\/tr>\n<tr>\n<td><a href=\"http:\/\/lattes.cnpq.br\/8745959404189403\">Roberta Guimar\u00e3es Peres<\/a><\/td>\n<\/tr>\n<tr>\n<td rowspan=\"2\"><strong>08\/dez<\/strong><\/p>\n<p>9h \u00e0s 13h<\/td>\n<td rowspan=\"2\"><a href=\"http:\/\/www.saopaulo.sp.leg.br\/transparencia\/auditorios-online\/sala-sergio-vieira-de-mello-sala\/\">Sala S\u00e9rgio Vieira de Mello \u2013 (\u201cSala A\u201d)<\/a><\/td>\n<td rowspan=\"2\">Col\u00f4mbia \u2013 Acordo de Paz e os impactos nos deslocamentos humanos<\/td>\n<td><a href=\"http:\/\/lattes.cnpq.br\/4123203556687864\">Pietro de Jes\u00fas Lora Alarc\u00f3n<\/a><\/td>\n<td rowspan=\"2\">Facundo Hernandez<\/td>\n<\/tr>\n<tr>\n<td><a href=\"http:\/\/lattes.cnpq.br\/1976265962317059\">Catalina Revollo Pardo<\/a><\/td>\n<\/tr>\n<tr>\n<td rowspan=\"2\"><strong>10\/dez<\/strong><\/p>\n<p>10h \u00e0s 13h<\/td>\n<td><a href=\"http:\/\/museudaimigracao.org.br\/\">Museu da Imigra\u00e7\u00e3o<\/a><\/td>\n<td colspan=\"2\">Dia Internacional dos Direitos Humanos: visita \u00e0 exposi\u00e7\u00e3o &#8220;Direitos Migrantes: Nenhum a menos&#8221;, seguido de roda de conversa<\/td>\n<td>Adama Konate<\/p>\n<p>Agostinho Martinho<\/p>\n<p>Jobana Moya<\/p>\n<p>Patr\u00edcia Torrez<\/p>\n<p>Tatiana Waldman<\/p>\n<p>Viviana Pe\u00f1a<\/p>\n<p>Werner Reghental<\/td>\n<\/tr>\n<\/tbody>\n<\/table>\n","protected":false},"excerpt":{"rendered":"<p>Este curso \u00e9 uma parceria da Escola do Parlamento com a Secretaria de Direitos Humanos e Cidadania e o \u00a0Museu da Imigra\u00e7\u00e3o Objetivo: Abordar temas transversais \u00e0s migra\u00e7\u00f5es contempor\u00e2neas; visualizar os tipos e mudan\u00e7as dos fluxos migrat\u00f3rios; discutir fatos atuais e hist\u00f3ricos que influenciam os movimentos populacionais, com foco na cidade de S\u00e3o Paulo como [&hellip;]<\/p>\n","protected":false},"author":183,"featured_media":0,"parent":3097,"menu_order":532,"comment_status":"closed","ping_status":"closed","template":"","meta":{"_acf_changed":false,"footnotes":""},"class_list":["post-5772","page","type-page","status-publish","hentry"],"acf":[],"_links":{"self":[{"href":"https:\/\/www.saopaulo.sp.leg.br\/escoladoparlamento\/wp-json\/wp\/v2\/pages\/5772","targetHints":{"allow":["GET"]}}],"collection":[{"href":"https:\/\/www.saopaulo.sp.leg.br\/escoladoparlamento\/wp-json\/wp\/v2\/pages"}],"about":[{"href":"https:\/\/www.saopaulo.sp.leg.br\/escoladoparlamento\/wp-json\/wp\/v2\/types\/page"}],"author":[{"embeddable":true,"href":"https:\/\/www.saopaulo.sp.leg.br\/escoladoparlamento\/wp-json\/wp\/v2\/users\/183"}],"replies":[{"embeddable":true,"href":"https:\/\/www.saopaulo.sp.leg.br\/escoladoparlamento\/wp-json\/wp\/v2\/comments?post=5772"}],"version-history":[{"count":0,"href":"https:\/\/www.saopaulo.sp.leg.br\/escoladoparlamento\/wp-json\/wp\/v2\/pages\/5772\/revisions"}],"up":[{"embeddable":true,"href":"https:\/\/www.saopaulo.sp.leg.br\/escoladoparlamento\/wp-json\/wp\/v2\/pages\/3097"}],"wp:attachment":[{"href":"https:\/\/www.saopaulo.sp.leg.br\/escoladoparlamento\/wp-json\/wp\/v2\/media?parent=5772"}],"curies":[{"name":"wp","href":"https:\/\/api.w.org\/{rel}","templated":true}]}}