{"id":5097,"date":"2016-08-15T16:19:14","date_gmt":"2016-08-15T19:19:14","guid":{"rendered":"http:\/\/www.saopaulo.sp.leg.br\/escoladoparlamento\/?page_id=5097"},"modified":"2018-05-11T16:50:33","modified_gmt":"2018-05-11T19:50:33","slug":"curso-de-extensao-gestao-de-contratos-e-licitacoes","status":"publish","type":"page","link":"https:\/\/www.saopaulo.sp.leg.br\/escoladoparlamento\/cursos\/cursos-anteriores\/cursos-realizados-em-2016\/curso-de-extensao-gestao-de-contratos-e-licitacoes\/","title":{"rendered":"CURSO DE EXTENS\u00c3O: GEST\u00c3O DE CONTRATOS E LICITA\u00c7\u00d5ES"},"content":{"rendered":"<h3><strong>Diretor Respons\u00e1vel:<\/strong> Christy Ganzert Pato<\/h3>\n<p><strong>Coordenadores:<\/strong> Adriana Maniolo (Escola de Contas) e Alexsandro Santos (Escola do Parlamento)<\/p>\n<p><strong>Objetivo:<\/strong>\u00a0Proporcionar conhecimento te\u00f3rico e pr\u00e1tico sobre os diversos modos de contrata\u00e7\u00e3o dispon\u00edveis \u00e0 Administra\u00e7\u00e3o P\u00fablica pelo ordenamento jur\u00eddico-constitucional brasileiro, orientando sobre a execu\u00e7\u00e3o adequada de cada um, com apresenta\u00e7\u00e3o de trabalho de pesquisa sobre as irregularidades encontradas em processos administrativos.<\/p>\n<p><strong>P\u00fablico Alvo:<\/strong> Curso exclusivo para servidores da CMSP<\/p>\n<p><strong>Vagas:<\/strong> 30 vagas<\/p>\n<p><strong>Local:<\/strong> <a href=\"http:\/\/www.saopaulo.sp.leg.br\/transparencia\/auditorios-online\/sala-tiradentes\/\">Sala Tiradentes<\/a><\/p>\n<p><strong>Carga Hor\u00e1ria:<\/strong>\u00a060h<\/p>\n<p><strong>Inscri\u00e7\u00f5es:<\/strong>\u00a0Encerradas!<\/p>\n<p><strong>Programa\u00e7\u00e3o:\u00a0<\/strong><\/p>\n<p><strong>M\u00d3DULO I \u2013 LICITA\u00c7\u00c3O: TEORIA E PR\u00c1TICA (30h)<\/strong><\/p>\n<table>\n<tbody>\n<tr>\n<td><strong>Data<\/strong><\/td>\n<td><strong>Hora<\/strong><\/td>\n<td><strong>Palestrante<\/strong><\/td>\n<td colspan=\"2\"><strong>Conte\u00fado program\u00e1tico<\/strong><\/td>\n<\/tr>\n<tr>\n<td><strong>12\/08<\/strong><\/td>\n<td>9h30 \u2013 12h30<\/td>\n<td>Alessandra Sales<\/td>\n<td>Origem e Fundamento Constitucional; Modalidades Licitat\u00f3rias; Apresenta\u00e7\u00e3o geral das fases processuais interna e externa.<\/td>\n<\/tr>\n<tr>\n<td><strong>19\/08<\/strong><\/td>\n<td>9h30 \u2013 12h30<\/td>\n<td>Alessandra Sales<\/td>\n<td>Participa\u00e7\u00e3o; Cooperativas e Empresas reunidas em Cons\u00f3rcio; Veda\u00e7\u00f5es Legais \u00e0 Participa\u00e7\u00e3o; Tratamento Diferenciado &#8211; MPE.<\/td>\n<\/tr>\n<tr>\n<td><strong>26\/08<\/strong><\/td>\n<td>9h30 \u2013 12h30<\/td>\n<td>Alessandra Sales<\/td>\n<td>Objeto; Padroniza\u00e7\u00e3o e indica\u00e7\u00e3o de marca; Tratamento Preferencial para bens, servi\u00e7os e obras. Modo para fornecimento, presta\u00e7\u00e3o de servi\u00e7os e execu\u00e7\u00e3o de obras.<\/td>\n<\/tr>\n<tr>\n<td><strong>02\/09<\/strong><\/td>\n<td>9h30 \u2013 12h30<\/td>\n<td>Alessandra Sales<\/td>\n<td>Fase interna processual; Fase externa \u2013 considera\u00e7\u00f5es gerais da habilita\u00e7\u00e3o e das classifica\u00e7\u00f5es; Apresenta\u00e7\u00e3o geral dos recursos na licita\u00e7\u00e3o p\u00fablica; Tipos de licita\u00e7\u00e3o.<\/td>\n<\/tr>\n<tr>\n<td><strong>09\/09<\/strong><\/td>\n<td>9h30 \u2013 12h30<\/td>\n<td>Alessandra Sales<\/td>\n<td>Eventuais procedimentos pr\u00e9vios: Audi\u00eancia P\u00fablica, Consulta P\u00fablica, Pr\u00e9-Qualifica\u00e7\u00e3o, Cadastramento\/Credenciamentos. Aspectos negativos \u2013 licita\u00e7\u00e3o deserta e fracassada<\/td>\n<\/tr>\n<tr>\n<td><strong>16\/09<\/strong><\/td>\n<td>9h30 \u2013 12h30<\/td>\n<td>Alessandra Sales<\/td>\n<td colspan=\"2\">Processamento das modalidades licitat\u00f3rias: Concorr\u00eancia P\u00fablica, Tomada de Pre\u00e7os e Convite, Admissibilidade da invers\u00e3o de fases. Processamento da Modalidade Preg\u00e3o. Fase de lances.<\/td>\n<\/tr>\n<tr>\n<td><strong>16\/09<\/strong><\/td>\n<td>14h \u2013 17h<\/td>\n<td>Alessandra Sales<\/td>\n<td colspan=\"2\">Processamento e particularidades da Modalidade Publicidade; Subcomiss\u00e3o T\u00e9cnica.<\/td>\n<\/tr>\n<tr>\n<td><strong>23\/09<\/strong><\/td>\n<td>9h30 \u2013 12h30<\/td>\n<td>Alessandra Sales<\/td>\n<td colspan=\"2\">Processamento do Regime Diferenciado de Contrata\u00e7\u00f5es; Chamamento P\u00fablico; Fase de Lances.<\/td>\n<\/tr>\n<tr>\n<td><strong>30\/09<\/strong><\/td>\n<td>9h30 \u2013 12h30<\/td>\n<td>Alessandra Sales<\/td>\n<td colspan=\"2\">Hip\u00f3teses de contrata\u00e7\u00e3o direta: Licita\u00e7\u00e3o Dispensada, dispens\u00e1vel e inexig\u00edvel. Princ\u00edpios da Administra\u00e7\u00e3o P\u00fablica. Correla\u00e7\u00e3o \u00e0 Lei de Improbidade Administrativa.<\/td>\n<\/tr>\n<tr>\n<td><strong>07\/10<\/strong><\/td>\n<td>9h30 \u2013 12h30<\/td>\n<td>Alessandra Sales<\/td>\n<td colspan=\"2\">Panorama geral do processo licitat\u00f3rio. Avalia\u00e7\u00e3o Final.<\/td>\n<\/tr>\n<\/tbody>\n<\/table>\n<p>&nbsp;<\/p>\n<p><strong>M\u00d3DULO II \u2013 GEST\u00c3O CONTRATUAL (15h)<\/strong><\/p>\n<table>\n<tbody>\n<tr>\n<td><strong>Data<\/strong><\/td>\n<td><strong>Hora<\/strong><\/td>\n<td><strong>Palestrante<\/strong><\/td>\n<td><strong>Conte\u00fado program\u00e1tico<\/strong><\/td>\n<\/tr>\n<tr>\n<td><strong>14\/10<\/strong><\/td>\n<td>9h30 \u2013 12h30<\/td>\n<td>Miriam Santos<\/td>\n<td>Breves apontamentos sobre licita\u00e7\u00e3o \u2013 Legisla\u00e7\u00e3o aplic\u00e1vel;\u00a0Princ\u00edpios norteadores do contrato administrativo; Caracter\u00edsticas do contrato administrativo; Procedimentos pr\u00e9vios para a sua formaliza\u00e7\u00e3o [<a href=\"http:\/\/camarasp.flashserverbr.com\/23141\">V\u00eddeo 1<\/a>] [<a href=\"http:\/\/camarasp.flashserverbr.com\/23142\">V\u00eddeo 2<\/a>]<\/td>\n<\/tr>\n<tr>\n<td><strong>21\/10<\/strong><\/td>\n<td>9h30 \u2013 12h30<\/td>\n<td>Miriam Santos<\/td>\n<td>Cl\u00e1usulas essenciais do contrato administrativo; Sugest\u00f5es de exig\u00eancias para resguardar a boa execu\u00e7\u00e3o: Perfeita descri\u00e7\u00e3o dos direitos e obriga\u00e7\u00f5es das partes, Cl\u00e1usulas de san\u00e7\u00f5es e penalidades bem definidas; Workshop [<a href=\"http:\/\/camarasp.flashserverbr.com\/23228\">V\u00eddeo 1<\/a>]\u00a0[<a href=\"http:\/\/camarasp.flashserverbr.com\/23230\">V\u00eddeo 2<\/a>]<\/td>\n<\/tr>\n<tr>\n<td><strong>04\/11<\/strong><\/td>\n<td>9h30 \u2013 12h30<\/td>\n<td>Miriam Santos<\/td>\n<td>Controle da execu\u00e7\u00e3o contratual: Fiscaliza\u00e7\u00e3o, Acompanhamento, Pagamento; Prorroga\u00e7\u00e3o contratual: Prazo de vig\u00eancia e prazo de execu\u00e7\u00e3o de obras [<a href=\"http:\/\/camarasp.flashserverbr.com\/23337\">V\u00eddeo 1<\/a>] [<a href=\"http:\/\/camarasp.flashserverbr.com\/23339\">V\u00eddeo 2<\/a>]<\/td>\n<\/tr>\n<tr>\n<td><strong>11\/11<\/strong><\/td>\n<td>9h30 \u2013 12h30<\/td>\n<td>Miriam Santos<\/td>\n<td>Equil\u00edbrio Econ\u00f4mico-Financeiro; Reajustamento Contratual de Pre\u00e7os: Aplica\u00e7\u00e3o da cl\u00e1usula de reajuste [<a href=\"http:\/\/camarasp.flashserverbr.com\/23489\">V\u00eddeo 1<\/a>] [<a href=\"http:\/\/camarasp.flashserverbr.com\/23501\">V\u00eddeo 2<\/a>]<\/td>\n<\/tr>\n<tr>\n<td><strong>18\/11<\/strong><\/td>\n<td>9h30 \u2013 12h30<\/td>\n<td>Miriam Santos<\/td>\n<td>Altera\u00e7\u00e3o do contrato administrativo: Qualitativa e Quantitativa; Inexecu\u00e7\u00e3o contratual: Responsabilidades e Consequ\u00eancias; Extin\u00e7\u00e3o do contrato administrativo; Quest\u00f5es Pr\u00e1ticas [<a href=\"http:\/\/camarasp.flashserverbr.com\/23568\">V\u00eddeo 1<\/a>] [<a href=\"http:\/\/camarasp.flashserverbr.com\/23571\">V\u00eddeo 2<\/a>]<\/td>\n<\/tr>\n<\/tbody>\n<\/table>\n<p><strong>\u00a0<\/strong><\/p>\n<p><strong>M\u00d3DULO III \u2013 <\/strong><strong>ELABORA\u00c7\u00c3O DE EDITAL DE LICITA\u00c7\u00c3O P\u00daBLICA (15 HORAS)<\/strong><\/p>\n<table>\n<tbody>\n<tr>\n<td><strong>Data<\/strong><\/td>\n<td><strong>Hora<\/strong><\/td>\n<td><strong>Palestrante<\/strong><\/td>\n<td><strong>Conte\u00fado program\u00e1tico<\/strong><\/td>\n<\/tr>\n<tr>\n<td><strong>25\/11<\/strong><\/td>\n<td>9h30 \u2013 12h30<\/td>\n<td>Alessandra Sales<\/td>\n<td>Breves anota\u00e7\u00f5es da fase interna do processo; Objeto e sele\u00e7\u00e3o da modalidade licitat\u00f3ria adequada; Resumo do: Tratamento diferenciado e preferencial nas licita\u00e7\u00f5es p\u00fablicas; Participa\u00e7\u00f5es e Veda\u00e7\u00f5es legais; Tipos de licita\u00e7\u00f5es [<a href=\"http:\/\/camarasp.flashserverbr.com\/23690\">V\u00eddeo 1<\/a>] [<a href=\"http:\/\/camarasp.flashserverbr.com\/23691\">V\u00eddeo 2<\/a>] [<a href=\"http:\/\/camarasp.flashserverbr.com\/23696\">V\u00eddeo 3<\/a>]<\/td>\n<\/tr>\n<tr>\n<td><strong>8\/12<\/strong><\/td>\n<td>9h30 \u2013 12h30<\/td>\n<td>Alessandra Sales<\/td>\n<td>Apresenta\u00e7\u00e3o do edital da licita\u00e7\u00e3o; Pre\u00e2mbulo, Corpo e Anexos&gt;Detalhamento do Pre\u00e2mbulo e corpo do Edital; Do objeto ao julgamento da licita\u00e7\u00e3o [<a href=\"http:\/\/camarasp.flashserverbr.com\/23834\">V\u00eddeo 1<\/a>] [<a href=\"http:\/\/camarasp.flashserverbr.com\/23838\">V\u00eddeo 2<\/a>]<\/td>\n<\/tr>\n<tr>\n<td><strong>09\/12<\/strong><\/td>\n<td>9h30 \u2013 12h30<\/td>\n<td>Alessandra Sales<\/td>\n<td>Exerc\u00edcio de fixa\u00e7\u00e3o<\/td>\n<\/tr>\n<tr>\n<td><strong>15\/12<\/strong><\/td>\n<td>9h30 \u2013 12h30<\/td>\n<td>Alessandra Sales<\/td>\n<td>Detalhamento do Corpo do Edital; Dos recursos \u00e0 disposi\u00e7\u00e3o final; Anota\u00e7\u00f5es Gerais e Avalia\u00e7\u00e3o Final [<a href=\"http:\/\/camarasp.flashserverbr.com\/23916\">V\u00eddeo 1<\/a>]; [<a href=\"http:\/\/camarasp.flashserverbr.com\/23918\">V\u00eddeo 2<\/a>]; [<a href=\"http:\/\/camarasp.flashserverbr.com\/23919\">V\u00eddeo 3<\/a>]<\/td>\n<\/tr>\n<tr>\n<td><strong>16\/12<\/strong><\/td>\n<td>9h30 \u2013 12h30<\/td>\n<td>Alessandra Sales<\/td>\n<td>Apresenta\u00e7\u00e3o da metodologia; Apresenta\u00e7\u00e3o das anomalias\/irregularidades processuais por \u00e1rea: Or\u00e7ament\u00e1ria-Financeira; Gest\u00e3o Administrativa; Contratos Administrativos; Licita\u00e7\u00f5es P\u00fablicas<\/td>\n<\/tr>\n<\/tbody>\n<\/table>\n<p>&nbsp;<\/p>\n","protected":false},"excerpt":{"rendered":"<p>Diretor Respons\u00e1vel: Christy Ganzert Pato Coordenadores: Adriana Maniolo (Escola de Contas) e Alexsandro Santos (Escola do Parlamento) Objetivo:\u00a0Proporcionar conhecimento te\u00f3rico e pr\u00e1tico sobre os diversos modos de contrata\u00e7\u00e3o dispon\u00edveis \u00e0 Administra\u00e7\u00e3o P\u00fablica pelo ordenamento jur\u00eddico-constitucional brasileiro, orientando sobre a execu\u00e7\u00e3o adequada de cada um, com apresenta\u00e7\u00e3o de trabalho de pesquisa sobre as irregularidades encontradas em [&hellip;]<\/p>\n","protected":false},"author":183,"featured_media":0,"parent":3097,"menu_order":545,"comment_status":"closed","ping_status":"closed","template":"","meta":{"_acf_changed":false,"footnotes":""},"class_list":["post-5097","page","type-page","status-publish","hentry"],"acf":[],"_links":{"self":[{"href":"https:\/\/www.saopaulo.sp.leg.br\/escoladoparlamento\/wp-json\/wp\/v2\/pages\/5097","targetHints":{"allow":["GET"]}}],"collection":[{"href":"https:\/\/www.saopaulo.sp.leg.br\/escoladoparlamento\/wp-json\/wp\/v2\/pages"}],"about":[{"href":"https:\/\/www.saopaulo.sp.leg.br\/escoladoparlamento\/wp-json\/wp\/v2\/types\/page"}],"author":[{"embeddable":true,"href":"https:\/\/www.saopaulo.sp.leg.br\/escoladoparlamento\/wp-json\/wp\/v2\/users\/183"}],"replies":[{"embeddable":true,"href":"https:\/\/www.saopaulo.sp.leg.br\/escoladoparlamento\/wp-json\/wp\/v2\/comments?post=5097"}],"version-history":[{"count":0,"href":"https:\/\/www.saopaulo.sp.leg.br\/escoladoparlamento\/wp-json\/wp\/v2\/pages\/5097\/revisions"}],"up":[{"embeddable":true,"href":"https:\/\/www.saopaulo.sp.leg.br\/escoladoparlamento\/wp-json\/wp\/v2\/pages\/3097"}],"wp:attachment":[{"href":"https:\/\/www.saopaulo.sp.leg.br\/escoladoparlamento\/wp-json\/wp\/v2\/media?parent=5097"}],"curies":[{"name":"wp","href":"https:\/\/api.w.org\/{rel}","templated":true}]}}