{"id":4794,"date":"2016-07-13T18:46:05","date_gmt":"2016-07-13T21:46:05","guid":{"rendered":"http:\/\/www.saopaulo.sp.leg.br\/escoladoparlamento\/?page_id=4794"},"modified":"2017-10-03T13:57:23","modified_gmt":"2017-10-03T16:57:23","slug":"pos-graduacao-aperfeicoamento-legislativo-controle-externo-e-politicas-publicas-no-brasil","status":"publish","type":"page","link":"https:\/\/www.saopaulo.sp.leg.br\/escoladoparlamento\/cursos\/cursos-anteriores\/cursos-realizados-em-2017\/pos-graduacao-aperfeicoamento-legislativo-controle-externo-e-politicas-publicas-no-brasil\/","title":{"rendered":"Aperfei\u00e7oamento: Legislativo, Controle Externo e Pol\u00edticas P\u00fablicas no Brasil"},"content":{"rendered":"<figure id=\"attachment_4812\" aria-describedby=\"caption-attachment-4812\" style=\"width: 150px\" class=\"wp-caption alignright\"><a href=\"http:\/\/www.saopaulo.sp.leg.br\/escoladoparlamento\/wp-content\/uploads\/sites\/5\/2016\/07\/logoEscoladeContas-TCM.png\"><img loading=\"lazy\" decoding=\"async\" class=\"wp-image-4812 size-full\" src=\"http:\/\/www.saopaulo.sp.leg.br\/escoladoparlamento\/wp-content\/uploads\/sites\/5\/2016\/07\/logoEscoladeContas-TCM.png\" alt=\"logoEscoladeContas TCM\" width=\"150\" height=\"75\" \/><\/a><figcaption id=\"caption-attachment-4812\" class=\"wp-caption-text\">Este curso \u00e9 uma parceria com a Escola de Contas do TCM-SP<\/figcaption><\/figure>\n<h3>CONVOCA\u00c7\u00c3O PARA APRESENTA\u00c7\u00c3O DE DOCUMENTOS<\/h3>\n<p>Publicamos hoje, dia 28\/07\/2016, no Di\u00e1rio Oficial da Cidade de S\u00e3o Paulo (pg. 79), a lista com os candidatos convocados para apresenta\u00e7\u00e3o de documentos comprobat\u00f3rios da inscri\u00e7\u00e3o no curso de p\u00f3s-gradua\u00e7\u00e3o (aperfei\u00e7oamento) \u201cLegislativo, Controle Externo e Pol\u00edticas P\u00fablicas\u201d.<\/p>\n<p>Atendendo \u00e0s normas do Regulamento, foram convocados os 60 primeiros classificados no grupo de servidores p\u00fablicos e todos os 56 candidatos classificados como n\u00e3o-servidores p\u00fablicos.<br \/>\n<a href=\"http:\/\/www.saopaulo.sp.leg.br\/escoladoparlamento\/wp-content\/uploads\/sites\/5\/2016\/07\/Lista-de-Convocados_Aperfeicoamento_DOC-28_07.pdf\">Clique aqui<\/a> para ter acesso \u00e0 lista de convocados e \u00e0 convoca\u00e7\u00e3o publicada no Di\u00e1rio Oficial da Cidade.<\/p>\n<p>Todos os convocados dever\u00e3o comparecer \u00e0 sede da Escola Superior de Gest\u00e3o e Contas P\u00fablicas de hoje at\u00e9 ter\u00e7a-feira (dia 02\/08\/2016), das 8h30 \u00e0s 17h30 e apresentar os seguintes documentos:<br \/>\na) documento de identifica\u00e7\u00e3o v\u00e1lido (original e c\u00f3pia simples);<br \/>\nb) CPF (original e c\u00f3pia simples);<br \/>\nc) comprovante de endere\u00e7o (original e c\u00f3pia simples);<br \/>\nd) diploma ou certificado de conclus\u00e3o de curso de n\u00edvel superior (original e c\u00f3pia simples);<br \/>\ne) documentos comprobat\u00f3rios dos quesitos informados no Question\u00e1rio Classificat\u00f3rio, para confer\u00eancia da pontua\u00e7\u00e3o atribu\u00edda.<\/p>\n<p>Ap\u00f3s a comprova\u00e7\u00e3o documental, ser\u00e3o convocados para confirma\u00e7\u00e3o da matr\u00edcula os candidatos at\u00e9 o n\u00famero de vagas previsto para cada grupo no Regulamento.<\/p>\n<p><a href=\"http:\/\/www.saopaulo.sp.leg.br\/escoladoparlamento\/wp-content\/uploads\/sites\/5\/2016\/07\/ORIENTA\u00c7\u00d5ES_Convoca\u00e7\u00e3o-para-Apresenta\u00e7\u00e3o-de-Documenta\u00e7\u00e3o_DOC-28_07.pdf\">Clique aqui<\/a>\u00a0para acessar a convoca\u00e7\u00e3o na \u00edntegra.<\/p>\n<p><strong>Objetivo:<\/strong> Oferecer aos cursistas um conjunto de ferramentas te\u00f3rico-metodol\u00f3gicas para:<\/p>\n<p>a) a identifica\u00e7\u00e3o e compreens\u00e3o dos tra\u00e7os fundamentais da estrutura e do funcionamento do Estado Brasileiro como condicionantes da formula\u00e7\u00e3o e implementa\u00e7\u00e3o das pol\u00edticas p\u00fablicas;<\/p>\n<p>b) a compreens\u00e3o dos processos de agendamento, formula\u00e7\u00e3o, desenho, implementa\u00e7\u00e3o, controle e avalia\u00e7\u00e3o das pol\u00edticas p\u00fablicas;<\/p>\n<p>c) a realiza\u00e7\u00e3o de processos de planejamento estrat\u00e9gico na administra\u00e7\u00e3o p\u00fablica;<\/p>\n<p>d) identifica\u00e7\u00e3o da miss\u00e3o e lugar do poder legislativo no processo de produ\u00e7\u00e3o, acompanhamento e fiscaliza\u00e7\u00e3o de execu\u00e7\u00e3o das pol\u00edticas p\u00fablicas;<\/p>\n<p>e) identifica\u00e7\u00e3o da miss\u00e3o e lugar dos \u00f3rg\u00e3os de controle externo no processo de acompanhamento, fiscaliza\u00e7\u00e3o e auditoria t\u00e9cnica da execu\u00e7\u00e3o das pol\u00edticas p\u00fablicas.<\/p>\n<p><strong>Regime de Oferta, Per\u00edodo e Carga Hor\u00e1ria:\u00a0<\/strong>O curso de Aperfei\u00e7oamento em \u201cLegislativo, Controle Externo e Pol\u00edticas P\u00fablicas no Brasil\u201d ser\u00e1\u00a0oferecido no per\u00edodo da <strong>matutino, \u00e0s ter\u00e7as e quintas-feiras, das 9h \u00e0s 12h.<\/strong><\/p>\n<p>A carga hor\u00e1ria total ser\u00e1 de 180 horas, com dura\u00e7\u00e3o total prevista de <strong>12 (doze) meses<\/strong>.<\/p>\n<p><strong>In\u00edcio das Aulas:<\/strong> 13 de setembro de 2016<\/p>\n<p><strong>P\u00fablico Alvo: <\/strong>Servidores p\u00fablicos e cidad\u00e3os em geral.<\/p>\n<p><strong>Vagas:\u00a0<\/strong>30 vagas para servidores p\u00fablicos e\u00a030 vagas para\u00a0cidad\u00e3os em geral.<\/p>\n<p><strong>Inscri\u00e7\u00f5es:\u00a0<\/strong>Encerradas.<\/p>\n<p><strong>Grade Curricular:<\/strong><\/p>\n<table>\n<tbody>\n<tr>\n<td><strong>Disciplina<\/strong><\/td>\n<td><strong>Carga Hor\u00e1ria<\/strong><\/td>\n<\/tr>\n<tr>\n<td>Pol\u00edticas P\u00fablicas: Conceitos Fundamentais<\/td>\n<td>30h<\/td>\n<\/tr>\n<tr>\n<td>Poder Legislativo e Pol\u00edticas P\u00fablicas: Da Agenda \u00e0 Avalia\u00e7\u00e3o<\/td>\n<td>30h<\/td>\n<\/tr>\n<tr>\n<td>Financiamento e Or\u00e7amento das Pol\u00edticas P\u00fablicas no Brasil<\/td>\n<td>30h<\/td>\n<\/tr>\n<tr>\n<td>Controle Externo e Pol\u00edticas P\u00fablicas no Brasil<\/td>\n<td>30h<\/td>\n<\/tr>\n<tr>\n<td>Estado, Democracia e Controle Social das Pol\u00edticas P\u00fablicas no Brasil<\/td>\n<td>30h<\/td>\n<\/tr>\n<tr>\n<td>Semin\u00e1rios Tem\u00e1ticos<\/td>\n<td>30h<\/td>\n<\/tr>\n<\/tbody>\n<\/table>\n","protected":false},"excerpt":{"rendered":"<p>CONVOCA\u00c7\u00c3O PARA APRESENTA\u00c7\u00c3O DE DOCUMENTOS Publicamos hoje, dia 28\/07\/2016, no Di\u00e1rio Oficial da Cidade de S\u00e3o Paulo (pg. 79), a lista com os candidatos convocados para apresenta\u00e7\u00e3o de documentos comprobat\u00f3rios da inscri\u00e7\u00e3o no curso de p\u00f3s-gradua\u00e7\u00e3o (aperfei\u00e7oamento) \u201cLegislativo, Controle Externo e Pol\u00edticas P\u00fablicas\u201d. Atendendo \u00e0s normas do Regulamento, foram convocados os 60 primeiros classificados no [&hellip;]<\/p>\n","protected":false},"author":183,"featured_media":0,"parent":6500,"menu_order":556,"comment_status":"closed","ping_status":"closed","template":"","meta":{"_acf_changed":false,"footnotes":""},"class_list":["post-4794","page","type-page","status-publish","hentry"],"acf":[],"_links":{"self":[{"href":"https:\/\/www.saopaulo.sp.leg.br\/escoladoparlamento\/wp-json\/wp\/v2\/pages\/4794","targetHints":{"allow":["GET"]}}],"collection":[{"href":"https:\/\/www.saopaulo.sp.leg.br\/escoladoparlamento\/wp-json\/wp\/v2\/pages"}],"about":[{"href":"https:\/\/www.saopaulo.sp.leg.br\/escoladoparlamento\/wp-json\/wp\/v2\/types\/page"}],"author":[{"embeddable":true,"href":"https:\/\/www.saopaulo.sp.leg.br\/escoladoparlamento\/wp-json\/wp\/v2\/users\/183"}],"replies":[{"embeddable":true,"href":"https:\/\/www.saopaulo.sp.leg.br\/escoladoparlamento\/wp-json\/wp\/v2\/comments?post=4794"}],"version-history":[{"count":0,"href":"https:\/\/www.saopaulo.sp.leg.br\/escoladoparlamento\/wp-json\/wp\/v2\/pages\/4794\/revisions"}],"up":[{"embeddable":true,"href":"https:\/\/www.saopaulo.sp.leg.br\/escoladoparlamento\/wp-json\/wp\/v2\/pages\/6500"}],"wp:attachment":[{"href":"https:\/\/www.saopaulo.sp.leg.br\/escoladoparlamento\/wp-json\/wp\/v2\/media?parent=4794"}],"curies":[{"name":"wp","href":"https:\/\/api.w.org\/{rel}","templated":true}]}}