{"id":45,"date":"2015-05-11T20:53:57","date_gmt":"2015-05-11T20:53:57","guid":{"rendered":"http:\/\/toborino.net\/escola-parlamento\/?page_id=45"},"modified":"2021-07-07T13:46:00","modified_gmt":"2021-07-07T16:46:00","slug":"pos-graduacao","status":"publish","type":"page","link":"https:\/\/www.saopaulo.sp.leg.br\/escoladoparlamento\/pos-graduacao\/","title":{"rendered":"P\u00f3s-Gradua\u00e7\u00e3o"},"content":{"rendered":"<p><strong>Regulamentos de abrang\u00eancia ampla<\/strong><\/p>\n<p><a href=\"https:\/\/www.saopaulo.sp.leg.br\/escoladoparlamento\/wp-content\/uploads\/sites\/5\/2021\/07\/ORIENTAC\u0327A\u0303O-TE\u0301CNICA-EP-01.2021.pdf\">ORIENTAC\u0327A\u0303O TE\u0301CNICA EP 01.2021<\/a><\/p>\n<p>Procedimentos acad\u00eamicos relativos a avalia\u00e7\u00e3o de desempenho acad\u00eamico em cursos e disciplinas de p\u00f3s-gradua\u00e7\u00e3o da Escola do Parlamento<\/p>\n<p><a href=\"https:\/\/www.saopaulo.sp.leg.br\/escoladoparlamento\/wp-content\/uploads\/sites\/5\/2021\/07\/ORIENTAC\u0327A\u0303O-TE\u0301CNICA-EP-02.2021.pdf\">ORIENTAC\u0327A\u0303O TE\u0301CNICA EP 02.2021<\/a><\/p>\n<p>Procedimentos acad\u00eamicos relativos ao registro e valida\u00e7\u00e3o do cumprimento de horas de atividades complementares dos cursos de p\u00f3s-gradua\u00e7\u00e3o da Escola do Parlamento<\/p>\n","protected":false},"excerpt":{"rendered":"<p>Regulamentos de abrang\u00eancia ampla ORIENTAC\u0327A\u0303O TE\u0301CNICA EP 01.2021 Procedimentos acad\u00eamicos relativos a avalia\u00e7\u00e3o de desempenho acad\u00eamico em cursos e disciplinas de p\u00f3s-gradua\u00e7\u00e3o da Escola do Parlamento ORIENTAC\u0327A\u0303O TE\u0301CNICA EP 02.2021 Procedimentos acad\u00eamicos relativos ao registro e valida\u00e7\u00e3o do cumprimento de horas de atividades complementares dos cursos de p\u00f3s-gradua\u00e7\u00e3o da Escola do Parlamento<\/p>\n","protected":false},"author":19,"featured_media":0,"parent":0,"menu_order":720,"comment_status":"open","ping_status":"open","template":"","meta":{"_acf_changed":false,"footnotes":""},"class_list":["post-45","page","type-page","status-publish","hentry"],"acf":[],"_links":{"self":[{"href":"https:\/\/www.saopaulo.sp.leg.br\/escoladoparlamento\/wp-json\/wp\/v2\/pages\/45","targetHints":{"allow":["GET"]}}],"collection":[{"href":"https:\/\/www.saopaulo.sp.leg.br\/escoladoparlamento\/wp-json\/wp\/v2\/pages"}],"about":[{"href":"https:\/\/www.saopaulo.sp.leg.br\/escoladoparlamento\/wp-json\/wp\/v2\/types\/page"}],"author":[{"embeddable":true,"href":"https:\/\/www.saopaulo.sp.leg.br\/escoladoparlamento\/wp-json\/wp\/v2\/users\/19"}],"replies":[{"embeddable":true,"href":"https:\/\/www.saopaulo.sp.leg.br\/escoladoparlamento\/wp-json\/wp\/v2\/comments?post=45"}],"version-history":[{"count":0,"href":"https:\/\/www.saopaulo.sp.leg.br\/escoladoparlamento\/wp-json\/wp\/v2\/pages\/45\/revisions"}],"wp:attachment":[{"href":"https:\/\/www.saopaulo.sp.leg.br\/escoladoparlamento\/wp-json\/wp\/v2\/media?parent=45"}],"curies":[{"name":"wp","href":"https:\/\/api.w.org\/{rel}","templated":true}]}}