{"id":3639,"date":"2016-03-30T13:22:30","date_gmt":"2016-03-30T16:22:30","guid":{"rendered":"http:\/\/www.saopaulo.sp.leg.br\/escoladoparlamento\/?page_id=3639"},"modified":"2018-05-11T16:47:01","modified_gmt":"2018-05-11T19:47:01","slug":"ciclo-de-debates-sp-2030-2o-encontro-inovacao","status":"publish","type":"page","link":"https:\/\/www.saopaulo.sp.leg.br\/escoladoparlamento\/cursos\/cursos-anteriores\/cursos-realizados-em-2016\/ciclo-de-debates-sp-2030-2o-encontro-inovacao\/","title":{"rendered":"Ciclo de Debates SP 2030"},"content":{"rendered":"<p><iframe loading=\"lazy\" title=\"Escola do Parlamento debate futuro da cidade de S\u00e3o Paulo\" width=\"640\" height=\"480\" src=\"https:\/\/www.youtube.com\/embed\/XXE9Pf6HLf8?feature=oembed\" frameborder=\"0\" allow=\"accelerometer; autoplay; clipboard-write; encrypted-media; gyroscope; picture-in-picture; web-share\" referrerpolicy=\"strict-origin-when-cross-origin\" allowfullscreen><\/iframe><\/p>\n<p><iframe loading=\"lazy\" title=\"Produ\u00e7\u00e3o de conhecimento \u00e9 tema de ciclo de debates\" width=\"640\" height=\"480\" src=\"https:\/\/www.youtube.com\/embed\/IRNOuVMaYS0?feature=oembed\" frameborder=\"0\" allow=\"accelerometer; autoplay; clipboard-write; encrypted-media; gyroscope; picture-in-picture; web-share\" referrerpolicy=\"strict-origin-when-cross-origin\" allowfullscreen><\/iframe><\/p>\n<p><iframe loading=\"lazy\" title=\"SP 2030 discute formas de gerar empregos na capital\" width=\"640\" height=\"480\" src=\"https:\/\/www.youtube.com\/embed\/ViGaXM6-9tk?feature=oembed\" frameborder=\"0\" allow=\"accelerometer; autoplay; clipboard-write; encrypted-media; gyroscope; picture-in-picture; web-share\" referrerpolicy=\"strict-origin-when-cross-origin\" allowfullscreen><\/iframe><\/p>\n<p><iframe loading=\"lazy\" title=\"4\u00ba encontro do Ciclo de Debates SP 2030 discute sustentabilidade\" width=\"640\" height=\"480\" src=\"https:\/\/www.youtube.com\/embed\/-JOj71a6tAY?feature=oembed\" frameborder=\"0\" allow=\"accelerometer; autoplay; clipboard-write; encrypted-media; gyroscope; picture-in-picture; web-share\" referrerpolicy=\"strict-origin-when-cross-origin\" allowfullscreen><\/iframe><\/p>\n<p><iframe loading=\"lazy\" title=\"Ecocidade | Sustentabilidade\" width=\"640\" height=\"480\" src=\"https:\/\/www.youtube.com\/embed\/3evxFEtBtwE?feature=oembed\" frameborder=\"0\" allow=\"accelerometer; autoplay; clipboard-write; encrypted-media; gyroscope; picture-in-picture; web-share\" referrerpolicy=\"strict-origin-when-cross-origin\" allowfullscreen><\/iframe><\/p>\n<p><iframe loading=\"lazy\" title=\"Governan\u00e7a metropolitana \u00e9 tema do Ciclo de Debates SP 2030\" width=\"640\" height=\"480\" src=\"https:\/\/www.youtube.com\/embed\/tYv_cLgE_tQ?feature=oembed\" frameborder=\"0\" allow=\"accelerometer; autoplay; clipboard-write; encrypted-media; gyroscope; picture-in-picture; web-share\" referrerpolicy=\"strict-origin-when-cross-origin\" allowfullscreen><\/iframe><\/p>\n<hr \/>\n<p><strong>Objetivos:<\/strong> Debater as quest\u00f5es e desafios da Cidade de S\u00e3o Paulo para os pr\u00f3ximos 15 anos, dialogando com especialistas e com a sociedade civil a respeito dos caminhos que precisamos trilhar em \u00e1reas como: mobilidade urbana, cultura esporte e lazer, meio ambiente e sustentabilidade, entre outras.<\/p>\n<p><strong>Diretor Respons\u00e1vel:<\/strong> Christy Ganzert Pato<\/p>\n<p><strong>Coordena\u00e7\u00e3o:<\/strong> Lara Mesquita<\/p>\n<p><strong>P\u00fablico Alvo:<\/strong> Sociedade Civil Organizada, mun\u00edcipes e servidores p\u00fablicos.<\/p>\n<p><strong>Carga Hor\u00e1ria Total:<\/strong> 5 encontros de 3h = 15h<\/p>\n<p><strong>Data e Hor\u00e1rio:<\/strong> 23\/05, das 14h \u00e0s 18h<\/p>\n<p><strong>Local:<\/strong> <a title=\"Plen\u00e1rio 1\u00ba de Maio\" href=\"http:\/\/www.saopaulo.sp.leg.br\/transparencia\/auditorios-online\/plenario-1o-de-maio\/\">Plen\u00e1rio 1\u00ba de Maio<\/a><\/p>\n<h3><strong>TEMA 1: MOBILIDADE (21\/03)\u00a0<\/strong><\/h3>\n<p>O primeiro dos cinco semin\u00e1rios abordar\u00e1 a quest\u00e3o da mobilidade e ter\u00e1 dois focos: transporte p\u00fablico coletivo e mobilidade ativa. Discutir os desafios para S\u00e3o Paulo nessa \u00e1rea, como melhorar o transporte p\u00fablico e incentivar que as pessoas andem a p\u00e9 e de bicicleta pela cidade, para que em 2030 a cidade seja mais humana e acess\u00edvel para todos.<\/p>\n<p><strong>Expositores:<\/strong> Ciro Biderman (FGV \/ SMT) e Maria Ermelina Malatesta (consultora de Mobilidade Ativa)<\/p>\n<p><strong>Debatedores:<\/strong> Jos\u00e9 Jailson da Silva (F\u00f3rum Viva Fund\u00e3o M\u2019Boi Mirim) e Victor Callil (CEBRAP)<\/p>\n<p><a href=\"http:\/\/www.saopaulo.sp.leg.br\/escoladoparlamento\/wp-content\/uploads\/sites\/5\/2016\/06\/S\u00e3o-Paulo-2030-mobilidade.pdf\">Relat\u00f3rio de Pesquisa: SP 2030 I \u2013 Mobilidade<\/a><\/p>\n<h3><strong>TEMA 2: INOVA\u00c7\u00c3O\u00a0(25\/04)\u00a0<\/strong><\/h3>\n<p>O segundo dos cinco semin\u00e1rios abordar\u00e1 a quest\u00e3o da inova\u00e7\u00e3o. O objetivo \u00e9 refletir sobre o potencial da cidade e como o poder p\u00fablico pode atuar para desenvolver esse potencial. Conhecer experi\u00eancias de empreendedorismo e inova\u00e7\u00e3o que deram certo, e o que os atores mais engajados esperam da Prefeitura Municipal de S\u00e3o Paulo. Quais iniciativas devem ser tomadas para S\u00e3o Paulo se tornar um polo de inova\u00e7\u00e3o em 2030 e em que \u00e1reas se concentram os potenciais da cidade.<\/p>\n<p><strong>Expositores:<\/strong> Ver. Police Neto (PSD); Carlos Eduardo Torres Freire (CEBRAP); Haroldo Gama Torres; Jose Claudio Cyrineu Terra.<\/p>\n<p><a href=\"http:\/\/www.saopaulo.sp.leg.br\/escoladoparlamento\/wp-content\/uploads\/sites\/5\/2016\/06\/S\u00e3o-Paulo-2030-conhecimento-e-inova\u00e7\u00e3o.pdf\">Relat\u00f3rio de Pesquisa: SP 2030 II\u00a0\u2013 Conhecimento e Inova\u00e7\u00e3o<\/a><\/p>\n<h3><strong>TEMA 3: DESIGUALDADE (23\/05)\u00a0<\/strong><\/h3>\n<p>O terceiro dos cinco semin\u00e1rios abordar\u00e1 a quest\u00e3o das desigualdades sociais. O objetivo \u00e9 refletir sobre as desigualdades existentes hoje na cidade, e quais pol\u00edticas p\u00fablicas podem ser adotadas para mitigar essa realidade. Quais a\u00e7\u00f5es o poder p\u00fablico precisa tomar para que em 2030 SP seja uma cidade menos desigual? A desigualdade ser\u00e1 abordada a partir de tr\u00eas perspectivas distintas: espacial (geogr\u00e1fica), educa\u00e7\u00e3o, trabalho e renda.<\/p>\n<p><strong>Expositores:<\/strong>\u00a0Eduardo Marques; Vera Masag\u00e3o; Padre Jaime; Vereadora Juliana Cardoso.<\/p>\n<p><a href=\"http:\/\/www.saopaulo.sp.leg.br\/escoladoparlamento\/wp-content\/uploads\/sites\/5\/2016\/06\/SP_2030_pesquisa.pdf\">Relat\u00f3rio de Pesquisa: SP 2030 III \u2013 Desigualdade<\/a><\/p>\n<h3><strong>TEMA 4: SUSTENTABILIDADE (20\/06)<\/strong><\/h3>\n<p>O quarto dos cinco semin\u00e1rios abordar\u00e1 a quest\u00e3o do desenvolvimento sustent\u00e1vel. O objetivo \u00e9 refletir sobre as condi\u00e7\u00f5es ambientais e sociais da cidade hoje e como a SP pode continuar crescendo e se desenvolvendo de forma sustent\u00e1vel. Quais pol\u00edticas p\u00fablicas podem ser adotadas para que SP seja uma cidade mais sustent\u00e1vel. Quais a\u00e7\u00f5es o poder p\u00fablico precisa tomar para que em 2030 SP seja uma cidade melhor para se viver?<\/p>\n<p><strong>Expositores:\u00a0<\/strong>Luciana Travassos (UFABC); Am\u00e9rico Sampaio (Rede Nossa SP); Fernanda Meirelles (FGV\/DireitoSP); Ver. Ricardo Young (CMSP\/REDE).<\/p>\n<p><a href=\"http:\/\/www.saopaulo.sp.leg.br\/escoladoparlamento\/wp-content\/uploads\/sites\/5\/2016\/06\/S\u00e3o-Paulo-2030-sustentabilidade.pdf\">Relat\u00f3rio de Pesquisa: SP 2030 IV \u2013 Sustentabilidade<\/a><\/p>\n<p>https:\/\/youtu.be\/Ehtw06lkLPY<\/p>\n<h3><strong>TEMA 5: GOVERNAN\u00c7A (27\/06)\u00a0<\/strong><\/h3>\n<p>O \u00faltimo dos cinco semin\u00e1rios abordar\u00e1 a quest\u00e3o da governan\u00e7a metropolitana. O objetivo \u00e9 refletir sobre os desafios de se governar uma megacidade como S\u00e3o Paulo e fazer a governan\u00e7a de pol\u00edticas p\u00fablicas que n\u00e3o se esgotam dentro das fronteiras da cidade. A quest\u00e3o ambiental, do tratamento de res\u00edduas s\u00f3lidos, de transporte p\u00fablico e da gest\u00e3o de recursos h\u00eddricos s\u00e3o apenas alguns exemplos de problemas metropolitanos que n\u00e3o se resolvem sem uma a\u00e7\u00e3o conjunta das diferentes esferas de governo envolvidas. Quais pol\u00edticas p\u00fablicas podem ser adotadas para que SP seja uma cidade melhor e mais govern\u00e1vel. Quais a\u00e7\u00f5es o poder p\u00fablico precisa tomar para que em 2030 SP seja uma cidade melhor para se viver?<\/p>\n<p><strong>Debatedores:<\/strong><\/p>\n<ul>\n<li><strong>Antonio Donato (CMSP): <\/strong>Presidente da C\u00e2mara Municipal de S\u00e3o Paulo.<\/li>\n<li><strong>Mariana Mencio (UFABC):<\/strong> Doutora em Direito Urban\u00edstico pela Pontif\u00edcia Universidade Cat\u00f3lica de S\u00e3o Paulo. Professora adjunta de Direito Ambiental e Urban\u00edstico da Universidade Federal do ABC (UFABC), vinculada ao Centro de Engenharia, Modelagem e Ci\u00eancias Sociais Aplicadas. Coordenadora de ensino do Instituto Brasileiro de Direito Urban\u00edstico.<\/li>\n<li><strong>Anderson Kazuo Nakano(FGV\/DireitoSP):<\/strong> Professor no programa de p\u00f3s-gradua\u00e7\u00e3o lato sensu em direito imobili\u00e1rio da Funda\u00e7\u00e3o Get\u00falio Vargas de S\u00e3o Paulo (FGV-SP), do curso de gradua\u00e7\u00e3o em arquitetura e urbanismo do FIAM FAAM Centro Universit\u00e1rio.\u00a0 Graduado em Arquitetura e Urbanismo (1995) e mestre em Estruturas Urbanas e Ambientais (2002) pela Universidade de S\u00e3o Paulo (FAUUSP), com especializa\u00e7\u00e3o em gest\u00e3o urbana e ambiental pelo Institute for Housing and Urban Development (IHS) de Rotterdam, Holanda (2000). \u00c9 doutor em Demografia pelo N\u00facleo de Estudos de Popula\u00e7\u00e3o da Universidade de Campinas (NEPO-UNICAMP). (2015) Foi Gerente de Projetos do Minist\u00e9rio das Cidades (2004-2005) e trabalhou como t\u00e9cnico senior do P\u00f3lis \u2013 Instituto de Estudos, Forma\u00e7\u00e3o e Assessoria em Pol\u00edticas Sociais (2000-2004 e 2006-2012). Integrou a equipe de consultoria para elabora\u00e7\u00e3o do Plano Nacional de Habita\u00e7\u00e3o (PlanHab) (2009) e foi diretor do Departamento de Urbanismo da Secretaria Municipal de Desenvolvimento Urbano da Prefeitura de S\u00e3o Paulo (2013-2014).<\/li>\n<li><strong>Luis Paulo Bresciani (Cons\u00f3rcio ABC): <\/strong>Secret\u00e1rio Executivo do Cons\u00f3rcio do ABC e professor do Programa de P\u00f3s-gradua\u00e7\u00e3o em Administra\u00e7\u00e3o da Universidade Municipal de S\u00e3o Caetano do Sul (USCS). Graduado em Engenharia de Produ\u00e7\u00e3o pela Escola Polit\u00e9cnica da Universidade de S\u00e3o Paulo (1983), com mestrado em Engenharia (Produ\u00e7\u00e3o) tamb\u00e9m pela Universidade de S\u00e3o Paulo (1991), especializa\u00e7\u00e3o em Rela\u00e7\u00f5es do Trabalho (Universidade de Harvard, EUA, 1998), e doutorado em Pol\u00edtica Cient\u00edfica e Tecnol\u00f3gica pela Universidade Estadual de Campinas (2001).<\/li>\n<\/ul>\n<p><a href=\"http:\/\/www.saopaulo.sp.leg.br\/escoladoparlamento\/wp-content\/uploads\/sites\/5\/2016\/06\/S\u00e3o-Paulo-2030-V-Governan\u00e7a.pdf\">Relat\u00f3rio da Pesquisa: SP 2030 V \u2013 Governan\u00e7a<\/a><\/p>\n<hr \/>\n<p><iframe loading=\"lazy\" title=\"CEPAL firma conv\u00eanio com a Escola do Parlamento\" width=\"640\" height=\"480\" src=\"https:\/\/www.youtube.com\/embed\/kI3uv0Kp7YQ?feature=oembed\" frameborder=\"0\" allow=\"accelerometer; autoplay; clipboard-write; encrypted-media; gyroscope; picture-in-picture; web-share\" referrerpolicy=\"strict-origin-when-cross-origin\" allowfullscreen><\/iframe><\/p>\n","protected":false},"excerpt":{"rendered":"<p>Objetivos: Debater as quest\u00f5es e desafios da Cidade de S\u00e3o Paulo para os pr\u00f3ximos 15 anos, dialogando com especialistas e com a sociedade civil a respeito dos caminhos que precisamos trilhar em \u00e1reas como: mobilidade urbana, cultura esporte e lazer, meio ambiente e sustentabilidade, entre outras. Diretor Respons\u00e1vel: Christy Ganzert Pato Coordena\u00e7\u00e3o: Lara Mesquita P\u00fablico [&hellip;]<\/p>\n","protected":false},"author":127,"featured_media":0,"parent":3097,"menu_order":573,"comment_status":"closed","ping_status":"closed","template":"","meta":{"_acf_changed":false,"footnotes":""},"class_list":["post-3639","page","type-page","status-publish","hentry"],"acf":[],"_links":{"self":[{"href":"https:\/\/www.saopaulo.sp.leg.br\/escoladoparlamento\/wp-json\/wp\/v2\/pages\/3639","targetHints":{"allow":["GET"]}}],"collection":[{"href":"https:\/\/www.saopaulo.sp.leg.br\/escoladoparlamento\/wp-json\/wp\/v2\/pages"}],"about":[{"href":"https:\/\/www.saopaulo.sp.leg.br\/escoladoparlamento\/wp-json\/wp\/v2\/types\/page"}],"author":[{"embeddable":true,"href":"https:\/\/www.saopaulo.sp.leg.br\/escoladoparlamento\/wp-json\/wp\/v2\/users\/127"}],"replies":[{"embeddable":true,"href":"https:\/\/www.saopaulo.sp.leg.br\/escoladoparlamento\/wp-json\/wp\/v2\/comments?post=3639"}],"version-history":[{"count":0,"href":"https:\/\/www.saopaulo.sp.leg.br\/escoladoparlamento\/wp-json\/wp\/v2\/pages\/3639\/revisions"}],"up":[{"embeddable":true,"href":"https:\/\/www.saopaulo.sp.leg.br\/escoladoparlamento\/wp-json\/wp\/v2\/pages\/3097"}],"wp:attachment":[{"href":"https:\/\/www.saopaulo.sp.leg.br\/escoladoparlamento\/wp-json\/wp\/v2\/media?parent=3639"}],"curies":[{"name":"wp","href":"https:\/\/api.w.org\/{rel}","templated":true}]}}