{"id":3477,"date":"2016-03-16T13:28:17","date_gmt":"2016-03-16T16:28:17","guid":{"rendered":"http:\/\/www.saopaulo.sp.leg.br\/escoladoparlamento\/?page_id=3477"},"modified":"2016-03-16T13:28:17","modified_gmt":"2016-03-16T16:28:17","slug":"pnaic-pacto-nacional-pela-alfabetizacao-na-idade-certa","status":"publish","type":"page","link":"https:\/\/www.saopaulo.sp.leg.br\/escoladoparlamento\/cursos\/cursos-anteriores\/cursos-realizados-em-2012\/pnaic-pacto-nacional-pela-alfabetizacao-na-idade-certa\/","title":{"rendered":"PNAIC &#8211; Pacto Nacional pela Alfabetiza\u00e7\u00e3o na Idade Certa"},"content":{"rendered":"<p>Evento em parceria com a Comunidade Educativa CEDAC<\/p>\n<p><strong>Palestrante: Cesar Callegari<\/strong>. Soci\u00f3logo. Foi nomeado Secret\u00e1rio de Educa\u00e7\u00e3o B\u00e1sica do Minist\u00e9rio da Educa\u00e7\u00e3o em 2012. Membro da C\u00e2mara de Educa\u00e7\u00e3o B\u00e1sica do Conselho Nacional de Educa\u00e7\u00e3o e do Conselho de Acompanhamento e Controle Social do FUNDEB no \u00e2mbito da Uni\u00e3o.<\/p>\n<p><strong>Data:<\/strong> 23\/11<\/p>\n<p><strong>Hor\u00e1rio:<\/strong> 09h \u00e0s 12h<\/p>\n<p><strong>Sala:<\/strong> S\u00e9rgio Vieira de Melo &#8211; 1\u00b0 subsolo, C\u00e2mara Municipal de S\u00e3o Paulo.<\/p>\n","protected":false},"excerpt":{"rendered":"<p>Evento em parceria com a Comunidade Educativa CEDAC Palestrante: Cesar Callegari. Soci\u00f3logo. Foi nomeado Secret\u00e1rio de Educa\u00e7\u00e3o B\u00e1sica do Minist\u00e9rio da Educa\u00e7\u00e3o em 2012. Membro da C\u00e2mara de Educa\u00e7\u00e3o B\u00e1sica do Conselho Nacional de Educa\u00e7\u00e3o e do Conselho de Acompanhamento e Controle Social do FUNDEB no \u00e2mbito da Uni\u00e3o. Data: 23\/11 Hor\u00e1rio: 09h \u00e0s 12h [&hellip;]<\/p>\n","protected":false},"author":127,"featured_media":0,"parent":1339,"menu_order":581,"comment_status":"closed","ping_status":"closed","template":"","meta":{"_acf_changed":false,"footnotes":""},"class_list":["post-3477","page","type-page","status-publish","hentry"],"acf":[],"_links":{"self":[{"href":"https:\/\/www.saopaulo.sp.leg.br\/escoladoparlamento\/wp-json\/wp\/v2\/pages\/3477","targetHints":{"allow":["GET"]}}],"collection":[{"href":"https:\/\/www.saopaulo.sp.leg.br\/escoladoparlamento\/wp-json\/wp\/v2\/pages"}],"about":[{"href":"https:\/\/www.saopaulo.sp.leg.br\/escoladoparlamento\/wp-json\/wp\/v2\/types\/page"}],"author":[{"embeddable":true,"href":"https:\/\/www.saopaulo.sp.leg.br\/escoladoparlamento\/wp-json\/wp\/v2\/users\/127"}],"replies":[{"embeddable":true,"href":"https:\/\/www.saopaulo.sp.leg.br\/escoladoparlamento\/wp-json\/wp\/v2\/comments?post=3477"}],"version-history":[{"count":0,"href":"https:\/\/www.saopaulo.sp.leg.br\/escoladoparlamento\/wp-json\/wp\/v2\/pages\/3477\/revisions"}],"up":[{"embeddable":true,"href":"https:\/\/www.saopaulo.sp.leg.br\/escoladoparlamento\/wp-json\/wp\/v2\/pages\/1339"}],"wp:attachment":[{"href":"https:\/\/www.saopaulo.sp.leg.br\/escoladoparlamento\/wp-json\/wp\/v2\/media?parent=3477"}],"curies":[{"name":"wp","href":"https:\/\/api.w.org\/{rel}","templated":true}]}}

PNAIC &#8211; Pacto Nacional pela Alfabetização na Idade Certa

<p>Evento em parceria com a Comunidade Educativa CEDAC</p>
<p><strong>Palestrante: Cesar Callegari</strong>. Sociólogo. Foi nomeado Secretário de Educação Básica do Ministério da Educação em 2012. Membro da Câmara de Educação Básica do Conselho Nacional de Educação e do Conselho de Acompanhamento e Controle Social do FUNDEB no âmbito da União.</p>
<p><strong>Data:</strong> 23/11</p>
<p><strong>Horário:</strong> 09h às 12h</p>
<p><strong>Sala:</strong> Sérgio Vieira de Melo &#8211; 1° subsolo, Câmara Municipal de São Paulo.</p>

<p>Evento em parceria com a Comunidade Educativa CEDAC Palestrante: Cesar Callegari. Sociólogo. Foi nomeado Secretário de Educação Básica do Ministério da Educação em 2012. Membro da Câmara de Educação Básica do Conselho Nacional de Educação e do Conselho de Acompanhamento e Controle Social do FUNDEB no âmbito da União. Data: 23/11 Horário: 09h às 12h [&hellip;]</p>
