{"id":3471,"date":"2016-03-16T13:07:49","date_gmt":"2016-03-16T16:07:49","guid":{"rendered":"http:\/\/www.saopaulo.sp.leg.br\/escoladoparlamento\/?page_id=3471"},"modified":"2016-03-16T13:08:10","modified_gmt":"2016-03-16T16:08:10","slug":"3471-2","status":"publish","type":"page","link":"https:\/\/www.saopaulo.sp.leg.br\/escoladoparlamento\/cursos\/cursos-anteriores\/cursos-realizados-em-2012\/3471-2\/","title":{"rendered":"Tend\u00eancias Contempor\u00e2neas na Gest\u00e3o do Or\u00e7amento P\u00fablico"},"content":{"rendered":"<p>O or\u00e7amento p\u00fablico \u00e9 o principal documento do governo pois retrata efetivamente as reais prioridades governamentais quanto aos investimentos e pol\u00edticas p\u00fablicas bem como sua viabilidade e alcance. N\u00e3o obstante sua inerente caracter\u00edstica t\u00e9cnica, a formula\u00e7\u00e3o e a execu\u00e7\u00e3o or\u00e7ament\u00e1ria tem enorme impacto pol\u00edtico na cidade, afetando a vida de todos os cidad\u00e3os. Portanto, \u00e9 fundamental que tanto os servidores p\u00fablicos quanto os cidad\u00e3os estejam bem preparados para gerir e monitorar o or\u00e7amento de forma a alcan\u00e7ar os resultados desejados, de maneira eficiente, eficaz, efetiva e transparente.<\/p>\n<p>O <strong>Curso Tend\u00eancias Contempor\u00e2neas na Gest\u00e3o do Or\u00e7amento P\u00fablico<\/strong> \u00e9 uma iniciativa inovadora da Escola do Parlamento, contando com a participa\u00e7\u00e3o de especialistas na \u00e1rea de Finan\u00e7as P\u00fablicas. Busca apresentar, analisar e debater as experi\u00eancias mais modernas na gest\u00e3o do or\u00e7amento p\u00fablico pelo mundo, preparando servidores p\u00fablicos e cidad\u00e3os para criticamente analisarem sua aplicabilidade aos contextos Brasileiro e Paulistano. O curso tamb\u00e9m chama a aten\u00e7\u00e3o para a necessidade de uma verdadeira reforma no sistema or\u00e7ament\u00e1rio, almejando criar massa cr\u00edtica para avan\u00e7ar esta discuss\u00e3o no Brasil.<\/p>\n<p><strong>Local do Curso:<\/strong> C\u00e2mara Municipal de S\u00e3o Paulo (Viaduto Jacare\u00ed, 100 \u2013 Bela Vista), Audit\u00f3rio S\u00e9rgio Vieira de Mello, 1\u00ba subsolo.<\/p>\n<p><strong>P\u00fablico-alvo:<\/strong> servidores p\u00fablicos dos Poderes Executivo e Legislativo de S\u00e3o Paulo e outros munic\u00edpios, servidores p\u00fablicos estaduais, pesquisadores, acad\u00eamicos, membros de organiza\u00e7\u00f5es n\u00e3o governamentais e movimentos sociais, cidad\u00e3os em geral.<\/p>\n<p><strong>N\u00famero de vagas:<\/strong> 90 (os inscritos ser\u00e3o definidos por ordem de inscri\u00e7\u00e3o).<\/p>\n<p><strong>Programa\u00e7\u00e3o:<\/strong><\/p>\n<table>\n<tbody>\n<tr>\n<td><strong>Data<\/strong><\/td>\n<td><strong>Hora<\/strong><\/td>\n<td><strong>Tema<\/strong><\/td>\n<td><strong>Palestrante<\/strong><\/td>\n<\/tr>\n<tr>\n<td rowspan=\"3\"><strong>28\/nov<\/strong><\/td>\n<td>17h-18h<\/td>\n<td>Abertura<\/td>\n<td><\/td>\n<\/tr>\n<tr>\n<td>18h-19:50h<\/td>\n<td>Introdu\u00e7\u00e3o ao Or\u00e7amento P\u00fablico (PPA, LDO e LOA): limites e desafios<\/td>\n<td><em>Monica Pinhanez<\/em><\/td>\n<\/tr>\n<tr>\n<td>20h-21:50h<\/td>\n<td>Introdu\u00e7\u00e3o \u00e0s tend\u00eancias contempor\u00e2neas da gest\u00e3o do or\u00e7amento p\u00fablico nos pa\u00edses da OCDE.<\/td>\n<td><em>Carlos Alexandre Nascimento<\/em><\/td>\n<\/tr>\n<tr>\n<td rowspan=\"2\"><strong>29\/nov<\/strong><\/td>\n<td>18h-19:50h<\/td>\n<td>Or\u00e7amento de Cima para Baixo (<em>Top-Down Budgeting<\/em>)<\/td>\n<td><em>Carlos Alexandre Nascimento<\/em><\/td>\n<\/tr>\n<tr>\n<td>20h-21:50h<\/td>\n<td>Or\u00e7amento baseado em desempenho (<em>Performance Budgeting<\/em>)<\/td>\n<td><em>Carlos Alexandre Nascimento<\/em><\/td>\n<\/tr>\n<tr>\n<td rowspan=\"2\"><strong>30\/nov<\/strong><\/td>\n<td>18h-19:50h<\/td>\n<td>Transpar\u00eancia Or\u00e7ament\u00e1ria<\/td>\n<td><em>Carlos Alexandre Nascimento<\/em><\/td>\n<\/tr>\n<tr>\n<td>20h-21:50h<\/td>\n<td>Palestra I: Or\u00e7amento Participativo<\/td>\n<td><em>Roso\u00e9 Aparecido Donato<\/em><\/td>\n<\/tr>\n<tr>\n<td rowspan=\"2\"><strong>03\/dez<\/strong><\/td>\n<td>18h- 19:50h<\/td>\n<td>Or\u00e7amento Legislativo I: uma vis\u00e3o sobre o controle do or\u00e7amento pelo Poder Legislativo no mundo<\/td>\n<td><em>Carlos Alexandre Nascimento<\/em><\/td>\n<\/tr>\n<tr>\n<td>20h-21:50h<\/td>\n<td>Or\u00e7amento Legislativo II: Or\u00e7amento p\u00fablico no Poder Legislativo Paulistano<\/td>\n<td><em>Fernanda Graziella Cardoso<\/em><\/td>\n<\/tr>\n<tr>\n<td rowspan=\"2\"><strong>04\/dez<\/strong><\/td>\n<td>18h-19:50h<\/td>\n<td>Palestra II: Efici\u00eancia nas compras governamentais<\/td>\n<td><em>Alexandre Motta Ribeiro<\/em><\/td>\n<\/tr>\n<tr>\n<td>20h-21:50h<\/td>\n<td>T\u00f3picos avan\u00e7ados para pa\u00edses em desenvolvimento (foco no Brasil e S\u00e3o Paulo)<\/td>\n<td><em>Carlos Alexandre Nascimento<\/em><\/td>\n<\/tr>\n<\/tbody>\n<\/table>\n<p>&nbsp;<\/p>\n<p>&nbsp;<\/p>\n<p>&nbsp;<\/p>\n<p><strong>Bibliografia:<\/strong><\/p>\n<p>Bl\u00f6ndal, J. R. (2003). &#8220;Budget Reform in OECD Member Countries: Common Trends.&#8221; OECD Journal on Budgeting 2(4): 7-25.<\/p>\n<p>Caiden, N. (1980). &#8220;Budgeting in Poor Countries: Ten Common Assumptions Re-Examined.&#8221; Public Administration Review 40(1): 40-46.<\/p>\n<p>Ferejohn, J. and K. Krehbiel (1987). &#8220;The Budget Process and the Size of the Budget.&#8221; American Journal of Political Science 31(2): 296-320.<\/p>\n<p><span style=\"font-size: small\">International Monetary Fund (2009). &#8220;Fiscal Implications of the Global Economic and Financial Crisis.&#8221; IMF Staff Position Note SPN\/09\/13. <\/span><span style=\"font-family: Times New Roman,Times New Roman;font-size: small\"><span style=\"font-family: Times New Roman,Times New Roman;font-size: small\">3 <\/span><\/span><\/p>\n<p>Kim, J. M. and C.-K. Park (2006). &#8220;Top-down Budgeting as a Tool for Central Resource Management.&#8221; OECD Journal on Budgeting 6(1): 87-125.<\/p>\n<p>Kopits, G. and J. Craig (1998). &#8220;Transparency in Government Operations.&#8221; IMF Occasional Paper 158. Vers\u00e3o dispon\u00edvel na Internet em: <a href=\"http:\/\/www.iadb.org\/leg\/Documents\/Transparency%20Kopitz%20Eng.pdf\">http:\/\/www.iadb.org\/leg\/Documents\/Transparency%20Kopitz%20Eng.pdf<\/a><\/p>\n<p>Kristensen, J. K., Groszyk, W. S. and B. B\u00fchler (2002). &#8220;Outcome-Focused Management and Budgeting.&#8221; OECD Journal on Budgeting 1(4): 7-34.<\/p>\n<p>Nascimento, C. (2011). &#8220;Does budget transparency matter? Evidence from a cross-country analysis for corruption, access to global financial markets and fiscal performance.&#8221; Disserta\u00e7\u00e3o de Mestrado submetida \u00e0 London School of Economics and Political Science (LSE).<\/p>\n<p>Organisation for Economic Co-operation and Development (2002). &#8220;OECD Best Practices for Budget Transparency.&#8221; OECD Journal on Budgeting 1(3): 7-14.<\/p>\n<p>Robinson, M., Ed. (2007). Performance Budgeting: Linking Funding and Results. Basingstoke, Palgrave Macmillan: Esp. chapter 1.<\/p>\n<p>Schick, A. (1998). &#8220;Why Most Developing Countries Should Not Try New Zealand Reforms.&#8221; World Bank Research Observer 13(1): 123-131.<\/p>\n<p>Tarschys, D. (2002). &#8220;Time Horizons in Budgeting.&#8221; OECD Journal on Budgeting 2(2): 77-103.<\/p>\n<p>Wehner, J. (2006). &#8220;Assessing the Power of the Purse: An Index of Legislative Budget Institutions.&#8221; Political Studies 54(4): 767-785.<\/p>\n<p>&nbsp;<\/p>\n","protected":false},"excerpt":{"rendered":"<p>O or\u00e7amento p\u00fablico \u00e9 o principal documento do governo pois retrata efetivamente as reais prioridades governamentais quanto aos investimentos e pol\u00edticas p\u00fablicas bem como sua viabilidade e alcance. N\u00e3o obstante sua inerente caracter\u00edstica t\u00e9cnica, a formula\u00e7\u00e3o e a execu\u00e7\u00e3o or\u00e7ament\u00e1ria tem enorme impacto pol\u00edtico na cidade, afetando a vida de todos os cidad\u00e3os. Portanto, \u00e9 [&hellip;]<\/p>\n","protected":false},"author":127,"featured_media":0,"parent":1339,"menu_order":583,"comment_status":"closed","ping_status":"closed","template":"","meta":{"_acf_changed":false,"footnotes":""},"class_list":["post-3471","page","type-page","status-publish","hentry"],"acf":[],"_links":{"self":[{"href":"https:\/\/www.saopaulo.sp.leg.br\/escoladoparlamento\/wp-json\/wp\/v2\/pages\/3471","targetHints":{"allow":["GET"]}}],"collection":[{"href":"https:\/\/www.saopaulo.sp.leg.br\/escoladoparlamento\/wp-json\/wp\/v2\/pages"}],"about":[{"href":"https:\/\/www.saopaulo.sp.leg.br\/escoladoparlamento\/wp-json\/wp\/v2\/types\/page"}],"author":[{"embeddable":true,"href":"https:\/\/www.saopaulo.sp.leg.br\/escoladoparlamento\/wp-json\/wp\/v2\/users\/127"}],"replies":[{"embeddable":true,"href":"https:\/\/www.saopaulo.sp.leg.br\/escoladoparlamento\/wp-json\/wp\/v2\/comments?post=3471"}],"version-history":[{"count":0,"href":"https:\/\/www.saopaulo.sp.leg.br\/escoladoparlamento\/wp-json\/wp\/v2\/pages\/3471\/revisions"}],"up":[{"embeddable":true,"href":"https:\/\/www.saopaulo.sp.leg.br\/escoladoparlamento\/wp-json\/wp\/v2\/pages\/1339"}],"wp:attachment":[{"href":"https:\/\/www.saopaulo.sp.leg.br\/escoladoparlamento\/wp-json\/wp\/v2\/media?parent=3471"}],"curies":[{"name":"wp","href":"https:\/\/api.w.org\/{rel}","templated":true}]}}

Tendências Contemporâneas na Gestão do Orçamento Público

<p>O orçamento público é o principal documento do governo pois retrata efetivamente as reais prioridades governamentais quanto aos investimentos e políticas públicas bem como sua viabilidade e alcance. Não obstante sua inerente característica técnica, a formulação e a execução orçamentária tem enorme impacto político na cidade, afetando a vida de todos os cidadãos. Portanto, é fundamental que tanto os servidores públicos quanto os cidadãos estejam bem preparados para gerir e monitorar o orçamento de forma a alcançar os resultados desejados, de maneira eficiente, eficaz, efetiva e transparente.</p>
<p>O <strong>Curso Tendências Contemporâneas na Gestão do Orçamento Público</strong> é uma iniciativa inovadora da Escola do Parlamento, contando com a participação de especialistas na área de Finanças Públicas. Busca apresentar, analisar e debater as experiências mais modernas na gestão do orçamento público pelo mundo, preparando servidores públicos e cidadãos para criticamente analisarem sua aplicabilidade aos contextos Brasileiro e Paulistano. O curso também chama a atenção para a necessidade de uma verdadeira reforma no sistema orçamentário, almejando criar massa crítica para avançar esta discussão no Brasil.</p>
<p><strong>Local do Curso:</strong> Câmara Municipal de São Paulo (Viaduto Jacareí, 100 – Bela Vista), Auditório Sérgio Vieira de Mello, 1º subsolo.</p>
<p><strong>Público-alvo:</strong> servidores públicos dos Poderes Executivo e Legislativo de São Paulo e outros municípios, servidores públicos estaduais, pesquisadores, acadêmicos, membros de organizações não governamentais e movimentos sociais, cidadãos em geral.</p>
<p><strong>Número de vagas:</strong> 90 (os inscritos serão definidos por ordem de inscrição).</p>
<p><strong>Programação:</strong></p>
<table>
<tbody>
<tr>
<td><strong>Data</strong></td>
<td><strong>Hora</strong></td>
<td><strong>Tema</strong></td>
<td><strong>Palestrante</strong></td>
</tr>
<tr>
<td rowspan="3"><strong>28/nov</strong></td>
<td>17h-18h</td>
<td>Abertura</td>
<td></td>
</tr>
<tr>
<td>18h-19:50h</td>
<td>Introdução ao Orçamento Público (PPA, LDO e LOA): limites e desafios</td>
<td><em>Monica Pinhanez</em></td>
</tr>
<tr>
<td>20h-21:50h</td>
<td>Introdução às tendências contemporâneas da gestão do orçamento público nos países da OCDE.</td>
<td><em>Carlos Alexandre Nascimento</em></td>
</tr>
<tr>
<td rowspan="2"><strong>29/nov</strong></td>
<td>18h-19:50h</td>
<td>Orçamento de Cima para Baixo (<em>Top-Down Budgeting</em>)</td>
<td><em>Carlos Alexandre Nascimento</em></td>
</tr>
<tr>
<td>20h-21:50h</td>
<td>Orçamento baseado em desempenho (<em>Performance Budgeting</em>)</td>
<td><em>Carlos Alexandre Nascimento</em></td>
</tr>
<tr>
<td rowspan="2"><strong>30/nov</strong></td>
<td>18h-19:50h</td>
<td>Transparência Orçamentária</td>
<td><em>Carlos Alexandre Nascimento</em></td>
</tr>
<tr>
<td>20h-21:50h</td>
<td>Palestra I: Orçamento Participativo</td>
<td><em>Rosoé Aparecido Donato</em></td>
</tr>
<tr>
<td rowspan="2"><strong>03/dez</strong></td>
<td>18h- 19:50h</td>
<td>Orçamento Legislativo I: uma visão sobre o controle do orçamento pelo Poder Legislativo no mundo</td>
<td><em>Carlos Alexandre Nascimento</em></td>
</tr>
<tr>
<td>20h-21:50h</td>
<td>Orçamento Legislativo II: Orçamento público no Poder Legislativo Paulistano</td>
<td><em>Fernanda Graziella Cardoso</em></td>
</tr>
<tr>
<td rowspan="2"><strong>04/dez</strong></td>
<td>18h-19:50h</td>
<td>Palestra II: Eficiência nas compras governamentais</td>
<td><em>Alexandre Motta Ribeiro</em></td>
</tr>
<tr>
<td>20h-21:50h</td>
<td>Tópicos avançados para países em desenvolvimento (foco no Brasil e São Paulo)</td>
<td><em>Carlos Alexandre Nascimento</em></td>
</tr>
</tbody>
</table>
<p>&nbsp;</p>
<p>&nbsp;</p>
<p>&nbsp;</p>
<p><strong>Bibliografia:</strong></p>
<p>Blöndal, J. R. (2003). &#8220;Budget Reform in OECD Member Countries: Common Trends.&#8221; OECD Journal on Budgeting 2(4): 7-25.</p>
<p>Caiden, N. (1980). &#8220;Budgeting in Poor Countries: Ten Common Assumptions Re-Examined.&#8221; Public Administration Review 40(1): 40-46.</p>
<p>Ferejohn, J. and K. Krehbiel (1987). &#8220;The Budget Process and the Size of the Budget.&#8221; American Journal of Political Science 31(2): 296-320.</p>
<p><span style="font-size: small">International Monetary Fund (2009). &#8220;Fiscal Implications of the Global Economic and Financial Crisis.&#8221; IMF Staff Position Note SPN/09/13. </span><span style="font-family: Times New Roman,Times New Roman;font-size: small"><span style="font-family: Times New Roman,Times New Roman;font-size: small">3 </span></span></p>
<p>Kim, J. M. and C.-K. Park (2006). &#8220;Top-down Budgeting as a Tool for Central Resource Management.&#8221; OECD Journal on Budgeting 6(1): 87-125.</p>
<p>Kopits, G. and J. Craig (1998). &#8220;Transparency in Government Operations.&#8221; IMF Occasional Paper 158. Versão disponível na Internet em: <a href="http://www.iadb.org/leg/Documents/Transparency%20Kopitz%20Eng.pdf">http://www.iadb.org/leg/Documents/Transparency%20Kopitz%20Eng.pdf</a></p>
<p>Kristensen, J. K., Groszyk, W. S. and B. Bühler (2002). &#8220;Outcome-Focused Management and Budgeting.&#8221; OECD Journal on Budgeting 1(4): 7-34.</p>
<p>Nascimento, C. (2011). &#8220;Does budget transparency matter? Evidence from a cross-country analysis for corruption, access to global financial markets and fiscal performance.&#8221; Dissertação de Mestrado submetida à London School of Economics and Political Science (LSE).</p>
<p>Organisation for Economic Co-operation and Development (2002). &#8220;OECD Best Practices for Budget Transparency.&#8221; OECD Journal on Budgeting 1(3): 7-14.</p>
<p>Robinson, M., Ed. (2007). Performance Budgeting: Linking Funding and Results. Basingstoke, Palgrave Macmillan: Esp. chapter 1.</p>
<p>Schick, A. (1998). &#8220;Why Most Developing Countries Should Not Try New Zealand Reforms.&#8221; World Bank Research Observer 13(1): 123-131.</p>
<p>Tarschys, D. (2002). &#8220;Time Horizons in Budgeting.&#8221; OECD Journal on Budgeting 2(2): 77-103.</p>
<p>Wehner, J. (2006). &#8220;Assessing the Power of the Purse: An Index of Legislative Budget Institutions.&#8221; Political Studies 54(4): 767-785.</p>
<p>&nbsp;</p>

<p>O orçamento público é o principal documento do governo pois retrata efetivamente as reais prioridades governamentais quanto aos investimentos e políticas públicas bem como sua viabilidade e alcance. Não obstante sua inerente característica técnica, a formulação e a execução orçamentária tem enorme impacto político na cidade, afetando a vida de todos os cidadãos. Portanto, é [&hellip;]</p>
