{"id":3225,"date":"2016-02-25T19:12:45","date_gmt":"2016-02-25T22:12:45","guid":{"rendered":"http:\/\/www.saopaulo.sp.leg.br\/escoladoparlamento\/?page_id=3225"},"modified":"2016-02-25T19:15:41","modified_gmt":"2016-02-25T22:15:41","slug":"curso-democracia-e-o-legislativo-no-plano-municipal-2a-edicao","status":"publish","type":"page","link":"https:\/\/www.saopaulo.sp.leg.br\/escoladoparlamento\/cursos\/cursos-anteriores\/cursos-realizados-em-2012\/curso-democracia-e-o-legislativo-no-plano-municipal-2a-edicao\/","title":{"rendered":"Democracia e o Legislativo no Plano Municipal (2\u00aa edi\u00e7\u00e3o)"},"content":{"rendered":"<p><strong>Datas:<\/strong> 16, 17, 18, 23, 24, 25 e 30 de outubro de 2012<\/p>\n<p><strong>Hor\u00e1rio:<\/strong> 18h30 \u00e0s 21h30 \u2013 dois temas por noite (90 minutos cada tema)<\/p>\n<p><strong>Local: <\/strong>Audit\u00f3rio S\u00e9rgio Vieira de Mello (sala A), 1\u00ba subsolo da C\u00e2mara Municipal de S\u00e3o Paulo, Viaduto Jacare\u00ed, n\u00ba 100, Bela Vista<\/p>\n<p><strong>P\u00fablico alvo:<\/strong> cidad\u00e3os em geral, servidores da Casa e do poder p\u00fablico municipal<\/p>\n<p><strong>Objetivo: <\/strong>compreender aspectos centrais da pol\u00edtica por meio de discuss\u00f5es sobre temas apresentados na programa\u00e7\u00e3o, sendo as aulas ministradas por servidores titulados da C\u00e2mara Municipal e diversos professores que atuam em renomados centros de ensino superior<\/p>\n<p><strong>Custo: <\/strong>gratuito<\/p>\n<p><strong>Vagas<\/strong>: 90 &#8211; Inscri\u00e7\u00f5es at\u00e9 15 de outubro<\/p>\n<p><strong>Programa\u00e7\u00e3o:<\/strong><\/p>\n<table width=\"594\">\n<tbody>\n<tr>\n<td width=\"64\"><strong>Data<\/strong><\/td>\n<td width=\"64\"><strong>Hora<\/strong><\/td>\n<td width=\"64\"><strong>Local<\/strong><\/td>\n<td width=\"338\"><strong>Tema<\/strong><\/td>\n<td width=\"64\"><strong>Palestrante<\/strong><\/td>\n<\/tr>\n<tr>\n<td><strong>16\/out<\/strong><\/td>\n<td>18h30 \u00e0s 20h00<\/td>\n<td>Sala S\u00e9rgio Vieira de Mello<\/td>\n<td>O Legislativo na esfera municipal:\u00a0Reforma do Legislativo: uma nova forma de pensarmos o parlamento<\/td>\n<td>Roberto Lamari<\/td>\n<\/tr>\n<tr>\n<td><\/td>\n<td>\u00a020h00 \u00e0s 21h30<\/td>\n<td>Sala S\u00e9rgio Vieira de Mello<\/td>\n<td>O Legislativo na esfera municipal:\u00a0Letramento pol\u00edtico e a realidade dos legislativos e suas escolas<\/td>\n<td>Prof. Rildo Cosson<\/td>\n<\/tr>\n<tr>\n<td><strong>17\/out<\/strong><\/td>\n<td>18h30 \u00e0s 20h00<\/td>\n<td>Sala S\u00e9rgio Vieira de Mello<\/td>\n<td>Fiscaliza\u00e7\u00e3o: o Legislativo e o TCM: O papel fiscalizador do Poder Legislativo na cidade de S\u00e3o Paulo<\/td>\n<td>Prof. Caio Marcelo de Carvalho Giannini<\/td>\n<\/tr>\n<tr>\n<td><\/td>\n<td>20h00 \u00e0s 21h30<\/td>\n<td>Sala S\u00e9rgio Vieira de Mello<\/td>\n<td>Fiscaliza\u00e7\u00e3o: o Legislativo e o TCM: O papel fiscalizador do Poder Legislativo na cidade de S\u00e3o Paulo<\/td>\n<td>Prof. Marco Ant\u00f4nio Teixeira<\/td>\n<\/tr>\n<tr>\n<td><strong>18\/out<\/strong><\/td>\n<td>18h30 \u00e0s 20h00<\/td>\n<td>Sala S\u00e9rgio Vieira de Mello<\/td>\n<td>Poder Legislativo e Hist\u00f3ria: Hist\u00f3ria do Poder Legislativo na cidade de S\u00e3o Paulo<\/td>\n<td>Prof. Ubirajara de Farias Prestes Filho<\/td>\n<\/tr>\n<tr>\n<td><\/td>\n<td>20h \u00e0s 21h30<\/td>\n<td>Sala S\u00e9rgio Vieira de Mello<\/td>\n<td>Poder Legislativo e Hist\u00f3ria:\u00a0Hist\u00f3ria do Poder Legislativo brasileiro e a participa\u00e7\u00e3o pol\u00edtica no pa\u00eds<\/td>\n<td>Prof. Rodrigo Estramanho<\/td>\n<\/tr>\n<tr>\n<td><strong>23\/out<\/strong><\/td>\n<td>18h30 \u00e0s 20h00<\/td>\n<td>Sala S\u00e9rgio Vieira de Mello<\/td>\n<td>A pauta do Legislativo Municipal:\u00a0O Legislativo enquanto provocador de pol\u00edticas p\u00fablicas: um novo desafio?<\/td>\n<td>Prof. Roberto Noritomi<\/td>\n<\/tr>\n<tr>\n<td><\/td>\n<td>20h \u00e0s 21h30<\/td>\n<td>Sala S\u00e9rgio Vieira de Mello<\/td>\n<td>A pauta do Legislativo Municipal:\u00a0A pauta da C\u00e2mara Municipal: principais desafios e a l\u00f3gica de suas realiza\u00e7\u00f5es<\/td>\n<td>Prof. S\u00e9rgio Pra\u00e7a<\/td>\n<\/tr>\n<tr>\n<td><strong>24\/out<\/strong><\/td>\n<td>18h30 \u00e0s 20h<\/td>\n<td>Sala S\u00e9rgio Vieira de Mello<\/td>\n<td>O car\u00e1ter social do Legislativo local:\u00a0Direitos Humanos na pauta do Legislativo Municipal<\/td>\n<td>Prof. Allan Rodrigues Dias<\/td>\n<\/tr>\n<tr>\n<td><\/td>\n<td>20h \u00e0s 21h30<\/td>\n<td>Sala S\u00e9rgio Vieira de Mello<\/td>\n<td>O car\u00e1ter social do Legislativo local: Pol\u00edticas sociais no Legislativo municipal: sa\u00fade, educa\u00e7\u00e3o e assist\u00eancia social<\/td>\n<td>Prof. Wagner Iglecias<\/td>\n<\/tr>\n<tr>\n<td><strong>25\/out<\/strong><\/td>\n<td>18h30 \u00e0s 20h00<\/td>\n<td>Sala S\u00e9rgio Vieira de Mello<\/td>\n<td>Elei\u00e7\u00f5es e o Legislativo municipal: Sistema eleitoral e a l\u00f3gica para a composi\u00e7\u00e3o da C\u00e2mara Municipal<\/td>\n<td>Prof. Rog\u00e9rio De Sordi<\/td>\n<\/tr>\n<tr>\n<td><\/td>\n<td>20h \u00e0s 21h30<\/td>\n<td>Sala S\u00e9rgio Vieira de Mello<\/td>\n<td>Elei\u00e7\u00f5es e o Legislativo municipal: Coliga\u00e7\u00f5es em elei\u00e7\u00f5es municipais e coaliz\u00f5es em torno do governo local<\/td>\n<td>Prof. Humberto Dantas<\/td>\n<\/tr>\n<tr>\n<td><strong>30\/out<\/strong><\/td>\n<td>18h30 \u00e0s 20h00<\/td>\n<td>Sala S\u00e9rgio Vieira de Mello<\/td>\n<td>O Poder Legislativo: O Poder Legislativo: sua realidade em perspectiva comparada<\/td>\n<td>Prof. Pedro Dalari<\/td>\n<\/tr>\n<tr>\n<td><\/td>\n<td>20h \u00e0s 21h30<\/td>\n<td>Sala S\u00e9rgio Vieira de Mello<\/td>\n<td>O Poder Legislativo: Rela\u00e7\u00e3o Executivo e Legislativo na esfera municipal \u2013 o caso de S\u00e3o Paulo<\/td>\n<td>Prof. Vitor Marchetti<\/td>\n<\/tr>\n<\/tbody>\n<\/table>\n","protected":false},"excerpt":{"rendered":"<p>Datas: 16, 17, 18, 23, 24, 25 e 30 de outubro de 2012 Hor\u00e1rio: 18h30 \u00e0s 21h30 \u2013 dois temas por noite (90 minutos cada tema) Local: Audit\u00f3rio S\u00e9rgio Vieira de Mello (sala A), 1\u00ba subsolo da C\u00e2mara Municipal de S\u00e3o Paulo, Viaduto Jacare\u00ed, n\u00ba 100, Bela Vista P\u00fablico alvo: cidad\u00e3os em geral, servidores da [&hellip;]<\/p>\n","protected":false},"author":127,"featured_media":0,"parent":1339,"menu_order":589,"comment_status":"closed","ping_status":"closed","template":"","meta":{"_acf_changed":false,"footnotes":""},"class_list":["post-3225","page","type-page","status-publish","hentry"],"acf":[],"_links":{"self":[{"href":"https:\/\/www.saopaulo.sp.leg.br\/escoladoparlamento\/wp-json\/wp\/v2\/pages\/3225","targetHints":{"allow":["GET"]}}],"collection":[{"href":"https:\/\/www.saopaulo.sp.leg.br\/escoladoparlamento\/wp-json\/wp\/v2\/pages"}],"about":[{"href":"https:\/\/www.saopaulo.sp.leg.br\/escoladoparlamento\/wp-json\/wp\/v2\/types\/page"}],"author":[{"embeddable":true,"href":"https:\/\/www.saopaulo.sp.leg.br\/escoladoparlamento\/wp-json\/wp\/v2\/users\/127"}],"replies":[{"embeddable":true,"href":"https:\/\/www.saopaulo.sp.leg.br\/escoladoparlamento\/wp-json\/wp\/v2\/comments?post=3225"}],"version-history":[{"count":0,"href":"https:\/\/www.saopaulo.sp.leg.br\/escoladoparlamento\/wp-json\/wp\/v2\/pages\/3225\/revisions"}],"up":[{"embeddable":true,"href":"https:\/\/www.saopaulo.sp.leg.br\/escoladoparlamento\/wp-json\/wp\/v2\/pages\/1339"}],"wp:attachment":[{"href":"https:\/\/www.saopaulo.sp.leg.br\/escoladoparlamento\/wp-json\/wp\/v2\/media?parent=3225"}],"curies":[{"name":"wp","href":"https:\/\/api.w.org\/{rel}","templated":true}]}}

Democracia e o Legislativo no Plano Municipal (2ª edição)

<p><strong>Datas:</strong> 16, 17, 18, 23, 24, 25 e 30 de outubro de 2012</p>
<p><strong>Horário:</strong> 18h30 às 21h30 – dois temas por noite (90 minutos cada tema)</p>
<p><strong>Local: </strong>Auditório Sérgio Vieira de Mello (sala A), 1º subsolo da Câmara Municipal de São Paulo, Viaduto Jacareí, nº 100, Bela Vista</p>
<p><strong>Público alvo:</strong> cidadãos em geral, servidores da Casa e do poder público municipal</p>
<p><strong>Objetivo: </strong>compreender aspectos centrais da política por meio de discussões sobre temas apresentados na programação, sendo as aulas ministradas por servidores titulados da Câmara Municipal e diversos professores que atuam em renomados centros de ensino superior</p>
<p><strong>Custo: </strong>gratuito</p>
<p><strong>Vagas</strong>: 90 &#8211; Inscrições até 15 de outubro</p>
<p><strong>Programação:</strong></p>
<table width="594">
<tbody>
<tr>
<td width="64"><strong>Data</strong></td>
<td width="64"><strong>Hora</strong></td>
<td width="64"><strong>Local</strong></td>
<td width="338"><strong>Tema</strong></td>
<td width="64"><strong>Palestrante</strong></td>
</tr>
<tr>
<td><strong>16/out</strong></td>
<td>18h30 às 20h00</td>
<td>Sala Sérgio Vieira de Mello</td>
<td>O Legislativo na esfera municipal: Reforma do Legislativo: uma nova forma de pensarmos o parlamento</td>
<td>Roberto Lamari</td>
</tr>
<tr>
<td></td>
<td> 20h00 às 21h30</td>
<td>Sala Sérgio Vieira de Mello</td>
<td>O Legislativo na esfera municipal: Letramento político e a realidade dos legislativos e suas escolas</td>
<td>Prof. Rildo Cosson</td>
</tr>
<tr>
<td><strong>17/out</strong></td>
<td>18h30 às 20h00</td>
<td>Sala Sérgio Vieira de Mello</td>
<td>Fiscalização: o Legislativo e o TCM: O papel fiscalizador do Poder Legislativo na cidade de São Paulo</td>
<td>Prof. Caio Marcelo de Carvalho Giannini</td>
</tr>
<tr>
<td></td>
<td>20h00 às 21h30</td>
<td>Sala Sérgio Vieira de Mello</td>
<td>Fiscalização: o Legislativo e o TCM: O papel fiscalizador do Poder Legislativo na cidade de São Paulo</td>
<td>Prof. Marco Antônio Teixeira</td>
</tr>
<tr>
<td><strong>18/out</strong></td>
<td>18h30 às 20h00</td>
<td>Sala Sérgio Vieira de Mello</td>
<td>Poder Legislativo e História: História do Poder Legislativo na cidade de São Paulo</td>
<td>Prof. Ubirajara de Farias Prestes Filho</td>
</tr>
<tr>
<td></td>
<td>20h às 21h30</td>
<td>Sala Sérgio Vieira de Mello</td>
<td>Poder Legislativo e História: História do Poder Legislativo brasileiro e a participação política no país</td>
<td>Prof. Rodrigo Estramanho</td>
</tr>
<tr>
<td><strong>23/out</strong></td>
<td>18h30 às 20h00</td>
<td>Sala Sérgio Vieira de Mello</td>
<td>A pauta do Legislativo Municipal: O Legislativo enquanto provocador de políticas públicas: um novo desafio?</td>
<td>Prof. Roberto Noritomi</td>
</tr>
<tr>
<td></td>
<td>20h às 21h30</td>
<td>Sala Sérgio Vieira de Mello</td>
<td>A pauta do Legislativo Municipal: A pauta da Câmara Municipal: principais desafios e a lógica de suas realizações</td>
<td>Prof. Sérgio Praça</td>
</tr>
<tr>
<td><strong>24/out</strong></td>
<td>18h30 às 20h</td>
<td>Sala Sérgio Vieira de Mello</td>
<td>O caráter social do Legislativo local: Direitos Humanos na pauta do Legislativo Municipal</td>
<td>Prof. Allan Rodrigues Dias</td>
</tr>
<tr>
<td></td>
<td>20h às 21h30</td>
<td>Sala Sérgio Vieira de Mello</td>
<td>O caráter social do Legislativo local: Políticas sociais no Legislativo municipal: saúde, educação e assistência social</td>
<td>Prof. Wagner Iglecias</td>
</tr>
<tr>
<td><strong>25/out</strong></td>
<td>18h30 às 20h00</td>
<td>Sala Sérgio Vieira de Mello</td>
<td>Eleições e o Legislativo municipal: Sistema eleitoral e a lógica para a composição da Câmara Municipal</td>
<td>Prof. Rogério De Sordi</td>
</tr>
<tr>
<td></td>
<td>20h às 21h30</td>
<td>Sala Sérgio Vieira de Mello</td>
<td>Eleições e o Legislativo municipal: Coligações em eleições municipais e coalizões em torno do governo local</td>
<td>Prof. Humberto Dantas</td>
</tr>
<tr>
<td><strong>30/out</strong></td>
<td>18h30 às 20h00</td>
<td>Sala Sérgio Vieira de Mello</td>
<td>O Poder Legislativo: O Poder Legislativo: sua realidade em perspectiva comparada</td>
<td>Prof. Pedro Dalari</td>
</tr>
<tr>
<td></td>
<td>20h às 21h30</td>
<td>Sala Sérgio Vieira de Mello</td>
<td>O Poder Legislativo: Relação Executivo e Legislativo na esfera municipal – o caso de São Paulo</td>
<td>Prof. Vitor Marchetti</td>
</tr>
</tbody>
</table>

<p>Datas: 16, 17, 18, 23, 24, 25 e 30 de outubro de 2012 Horário: 18h30 às 21h30 – dois temas por noite (90 minutos cada tema) Local: Auditório Sérgio Vieira de Mello (sala A), 1º subsolo da Câmara Municipal de São Paulo, Viaduto Jacareí, nº 100, Bela Vista Público alvo: cidadãos em geral, servidores da [&hellip;]</p>
