{"id":3213,"date":"2016-02-25T18:03:17","date_gmt":"2016-02-25T21:03:17","guid":{"rendered":"http:\/\/www.saopaulo.sp.leg.br\/escoladoparlamento\/?page_id=3213"},"modified":"2016-02-25T18:03:17","modified_gmt":"2016-02-25T21:03:17","slug":"seminario-ocupacao-urbana-e-macrodrenagem-desafios-e-perspectivas","status":"publish","type":"page","link":"https:\/\/www.saopaulo.sp.leg.br\/escoladoparlamento\/cursos\/cursos-anteriores\/cursos-realizados-em-2012\/seminario-ocupacao-urbana-e-macrodrenagem-desafios-e-perspectivas\/","title":{"rendered":"Semin\u00e1rio Ocupa\u00e7\u00e3o Urbana e Macrodrenagem &#8211; Desafios e Perspectivas"},"content":{"rendered":"<p>Um dos maiores problemas enfrentados pela cidade tem sido o das enchentes, principalmente em consequ\u00eancia das formas inadequadas de ocupa\u00e7\u00e3o do espa\u00e7o urbano e, mais recentemente, agravado pelas altera\u00e7\u00f5es clim\u00e1ticas.<\/p>\n<p>A preven\u00e7\u00e3o e o controle das enchentes n\u00e3o se restringem a a\u00e7\u00f5es de car\u00e1ter pontual, mas envolvem um conjunto de a\u00e7\u00f5es simult\u00e2neas, cuja implementa\u00e7\u00e3o n\u00e3o se restringe aos limites administrativos dos munic\u00edpios. Al\u00e9m disso, alguns dos mecanismos atualmente adotados acabam produzindo um grande impacto sobre o entorno no qual est\u00e3o inseridos.<\/p>\n<p>Considera-se, portanto, que a an\u00e1lise da efic\u00e1cia de tais medidas pode trazer elementos importantes para a reavalia\u00e7\u00e3o das solu\u00e7\u00f5es que v\u00eam sendo utilizadas na cidade, para combater o problema, dentro de uma vis\u00e3o sist\u00eamica e metropolitana. Por outro lado, o estudo de mecanismos n\u00e3o convencionais de drenagem urbana tamb\u00e9m pode colaborar na busca de novas alternativas para enfrentar a situa\u00e7\u00e3o, dentro de padr\u00f5es de maior sustentabilidade ambiental.<\/p>\n<p>Nesse sentido, o semin\u00e1rio \u201cOcupa\u00e7\u00e3o Urbana e Macrodrenagem &#8211; Desafios e Perspectivas\u201d pretende trazer \u00e0 discuss\u00e3o um tema de grande relev\u00e2ncia para a cidade e a popula\u00e7\u00e3o que sofre com as suas consequ\u00eancias, procurando contribuir na busca de alternativas para enfrentar o problema.<\/p>\n<p><strong>Data: 12 de novembro de 2012<\/strong><\/p>\n<p><strong>Local: Sala S\u00e9rgio Vieira de Melo \u2013 C\u00e2mara Municipal de S\u00e3o Paulo<\/strong><\/p>\n<table>\n<tbody>\n<tr>\n<td><strong>Programa<\/strong><\/td>\n<\/tr>\n<tr>\n<td>8:30 h\u2013 credenciamento<br \/>\n9:00h \u2013 abertura<br \/>\n<strong>Tema 1 &#8211; A\u00e7\u00f5es institucionais: pol\u00edtica de drenagem e medidas de combate e preven\u00e7\u00e3o \u00e0s enchentes.<\/strong><br \/>\n9:30h \u2013 representante do DAEE<br \/>\n10:00h \u2013 representante da PMSP<\/td>\n<\/tr>\n<tr>\n<td><strong>10:30h \u2013 10:45h \u2013 Intervalo<\/strong><\/td>\n<\/tr>\n<tr>\n<td><strong>Tema 2 &#8211; A origem e as causas do problema: as formas de ocupa\u00e7\u00e3o do espa\u00e7o urbano, as altera\u00e7\u00f5es do clima, o regime de chuvas nas \u00faltimas d\u00e9cadas e a incid\u00eancia de enchentes.<\/strong><br \/>\n10:45h \u2013 palestrante: Prof. Jurandyr Luciano Sanches Ross \u2013 FFLCH USP\/Departamento de Geografia;<br \/>\n11:15h \u2013 palestrante: Geol. \u00c1lvaro Rodrigues dos Santos \u2013 consultor;<br \/>\n<strong>Perguntas \/ Debates<\/strong><br \/>\n11:45h \u2013 12:15h<\/td>\n<\/tr>\n<tr>\n<td><strong>Almo\u00e7o \u2013 12:15h \u2013 14:00h <\/strong><\/td>\n<\/tr>\n<tr>\n<td><strong>Tema 3 \u2013 Gest\u00e3o das \u00e1guas urbanas e medidas de controle da drenagem urbana.<\/strong><br \/>\n14:00h \u2013 palestrante: Eng. Alu\u00edsio Canholi &#8211; consultor<br \/>\n14:30h \u2013 palestrante: Eng. J\u00falio Cerqueira C\u00e9sar<br \/>\n15:00h \u2013 palestrante: Prof. Paulo Renato Mesquita Pellegrino \u2013 FAUUSP<\/td>\n<\/tr>\n<tr>\n<td><strong>15:30h \u2013 15:45h \u2013 Intervalo<\/strong><\/td>\n<\/tr>\n<tr>\n<td><strong>Tema 4 &#8211; A\u00e7\u00f5es em escala metropolitana: a efic\u00e1cia das medidas j\u00e1 implantadas e planejadas e outras necess\u00e1rias para diminuir o impacto das enchentes na cidade.<\/strong><br \/>\n15:45h \u2013 palestrante: Prof. Ricardo Toledo Silva \u2013 FAUUSP<br \/>\n<strong>Perguntas \/ Debates<\/strong><br \/>\n16:15h \u2013 17:00h<br \/>\n<strong>Encerramento<\/strong><\/td>\n<\/tr>\n<\/tbody>\n<\/table>\n","protected":false},"excerpt":{"rendered":"<p>Um dos maiores problemas enfrentados pela cidade tem sido o das enchentes, principalmente em consequ\u00eancia das formas inadequadas de ocupa\u00e7\u00e3o do espa\u00e7o urbano e, mais recentemente, agravado pelas altera\u00e7\u00f5es clim\u00e1ticas. A preven\u00e7\u00e3o e o controle das enchentes n\u00e3o se restringem a a\u00e7\u00f5es de car\u00e1ter pontual, mas envolvem um conjunto de a\u00e7\u00f5es simult\u00e2neas, cuja implementa\u00e7\u00e3o n\u00e3o [&hellip;]<\/p>\n","protected":false},"author":127,"featured_media":0,"parent":1339,"menu_order":591,"comment_status":"closed","ping_status":"closed","template":"","meta":{"_acf_changed":false,"footnotes":""},"class_list":["post-3213","page","type-page","status-publish","hentry"],"acf":[],"_links":{"self":[{"href":"https:\/\/www.saopaulo.sp.leg.br\/escoladoparlamento\/wp-json\/wp\/v2\/pages\/3213","targetHints":{"allow":["GET"]}}],"collection":[{"href":"https:\/\/www.saopaulo.sp.leg.br\/escoladoparlamento\/wp-json\/wp\/v2\/pages"}],"about":[{"href":"https:\/\/www.saopaulo.sp.leg.br\/escoladoparlamento\/wp-json\/wp\/v2\/types\/page"}],"author":[{"embeddable":true,"href":"https:\/\/www.saopaulo.sp.leg.br\/escoladoparlamento\/wp-json\/wp\/v2\/users\/127"}],"replies":[{"embeddable":true,"href":"https:\/\/www.saopaulo.sp.leg.br\/escoladoparlamento\/wp-json\/wp\/v2\/comments?post=3213"}],"version-history":[{"count":0,"href":"https:\/\/www.saopaulo.sp.leg.br\/escoladoparlamento\/wp-json\/wp\/v2\/pages\/3213\/revisions"}],"up":[{"embeddable":true,"href":"https:\/\/www.saopaulo.sp.leg.br\/escoladoparlamento\/wp-json\/wp\/v2\/pages\/1339"}],"wp:attachment":[{"href":"https:\/\/www.saopaulo.sp.leg.br\/escoladoparlamento\/wp-json\/wp\/v2\/media?parent=3213"}],"curies":[{"name":"wp","href":"https:\/\/api.w.org\/{rel}","templated":true}]}}

Seminário Ocupação Urbana e Macrodrenagem &#8211; Desafios e Perspectivas

<p>Um dos maiores problemas enfrentados pela cidade tem sido o das enchentes, principalmente em consequência das formas inadequadas de ocupação do espaço urbano e, mais recentemente, agravado pelas alterações climáticas.</p>
<p>A prevenção e o controle das enchentes não se restringem a ações de caráter pontual, mas envolvem um conjunto de ações simultâneas, cuja implementação não se restringe aos limites administrativos dos municípios. Além disso, alguns dos mecanismos atualmente adotados acabam produzindo um grande impacto sobre o entorno no qual estão inseridos.</p>
<p>Considera-se, portanto, que a análise da eficácia de tais medidas pode trazer elementos importantes para a reavaliação das soluções que vêm sendo utilizadas na cidade, para combater o problema, dentro de uma visão sistêmica e metropolitana. Por outro lado, o estudo de mecanismos não convencionais de drenagem urbana também pode colaborar na busca de novas alternativas para enfrentar a situação, dentro de padrões de maior sustentabilidade ambiental.</p>
<p>Nesse sentido, o seminário “Ocupação Urbana e Macrodrenagem &#8211; Desafios e Perspectivas” pretende trazer à discussão um tema de grande relevância para a cidade e a população que sofre com as suas consequências, procurando contribuir na busca de alternativas para enfrentar o problema.</p>
<p><strong>Data: 12 de novembro de 2012</strong></p>
<p><strong>Local: Sala Sérgio Vieira de Melo – Câmara Municipal de São Paulo</strong></p>
<table>
<tbody>
<tr>
<td><strong>Programa</strong></td>
</tr>
<tr>
<td>8:30 h– credenciamento<br />
9:00h – abertura<br />
<strong>Tema 1 &#8211; Ações institucionais: política de drenagem e medidas de combate e prevenção às enchentes.</strong><br />
9:30h – representante do DAEE<br />
10:00h – representante da PMSP</td>
</tr>
<tr>
<td><strong>10:30h – 10:45h – Intervalo</strong></td>
</tr>
<tr>
<td><strong>Tema 2 &#8211; A origem e as causas do problema: as formas de ocupação do espaço urbano, as alterações do clima, o regime de chuvas nas últimas décadas e a incidência de enchentes.</strong><br />
10:45h – palestrante: Prof. Jurandyr Luciano Sanches Ross – FFLCH USP/Departamento de Geografia;<br />
11:15h – palestrante: Geol. Álvaro Rodrigues dos Santos – consultor;<br />
<strong>Perguntas / Debates</strong><br />
11:45h – 12:15h</td>
</tr>
<tr>
<td><strong>Almoço – 12:15h – 14:00h </strong></td>
</tr>
<tr>
<td><strong>Tema 3 – Gestão das águas urbanas e medidas de controle da drenagem urbana.</strong><br />
14:00h – palestrante: Eng. Aluísio Canholi &#8211; consultor<br />
14:30h – palestrante: Eng. Júlio Cerqueira César<br />
15:00h – palestrante: Prof. Paulo Renato Mesquita Pellegrino – FAUUSP</td>
</tr>
<tr>
<td><strong>15:30h – 15:45h – Intervalo</strong></td>
</tr>
<tr>
<td><strong>Tema 4 &#8211; Ações em escala metropolitana: a eficácia das medidas já implantadas e planejadas e outras necessárias para diminuir o impacto das enchentes na cidade.</strong><br />
15:45h – palestrante: Prof. Ricardo Toledo Silva – FAUUSP<br />
<strong>Perguntas / Debates</strong><br />
16:15h – 17:00h<br />
<strong>Encerramento</strong></td>
</tr>
</tbody>
</table>

<p>Um dos maiores problemas enfrentados pela cidade tem sido o das enchentes, principalmente em consequência das formas inadequadas de ocupação do espaço urbano e, mais recentemente, agravado pelas alterações climáticas. A prevenção e o controle das enchentes não se restringem a ações de caráter pontual, mas envolvem um conjunto de ações simultâneas, cuja implementação não [&hellip;]</p>
