{"id":3208,"date":"2016-02-25T15:45:39","date_gmt":"2016-02-25T18:45:39","guid":{"rendered":"http:\/\/www.saopaulo.sp.leg.br\/escoladoparlamento\/?page_id=3208"},"modified":"2018-08-09T17:03:28","modified_gmt":"2018-08-09T20:03:28","slug":"1o-congresso-nacional-dos-servidores-dos-legislativos-e-tribunais-de-contas-municipais","status":"publish","type":"page","link":"https:\/\/www.saopaulo.sp.leg.br\/escoladoparlamento\/cursos\/cursos-anteriores\/cursos-realizados-em-2012\/1o-congresso-nacional-dos-servidores-dos-legislativos-e-tribunais-de-contas-municipais\/","title":{"rendered":"1\u00ba Congresso Nacional dos Servidores dos Legislativos e Tribunais de Contas Municipais"},"content":{"rendered":"<p><strong>Dia 23\/05\/2012 \u2013 Sal\u00e3o Nobre Presidente Jo\u00e3o Brasil Vita, 8 \u00ba andar<\/strong><\/p>\n<p><strong><em>20h \u2013 Sess\u00e3o Solene de Abertura\u00a0em comum com o \u201c4\u00ba Encontro Estadual de Agentes P\u00fablicos\u201d <\/em><\/strong><\/p>\n<p>Geraldo Alckmin \u2013 <em>Governador do Estado de S\u00e3o Paulo<\/em><\/p>\n<p>Gilberto Kassab \u2013 <em>Prefeito de S\u00e3o Paulo<\/em><\/p>\n<p>Jos\u00e9 Police Neto \u2013 <em>Presidente da C\u00e2mara de S\u00e3o Paulo<\/em><\/p>\n<p>Sebasti\u00e3o Misiara \u2013 <em>Presidente da Uni\u00e3o dos Veradores do Estado de S\u00e3o Paulo<\/em><\/p>\n<p>Florian Madruga \u2013 <em>Presidente da Associa\u00e7\u00e3o Brasileira das Escolas do Legislativo e de Contas<\/em><\/p>\n<p>Roberto Eduardo Lamari \u2013 <em>Diretor-Presidente da Escola do Parlamento Paulistano<\/em><\/p>\n<p>Renato Martins Costa \u2013 <em>Presidente do Tribunal de Contas do Estado de S\u00e3o Paulo<\/em><\/p>\n<p>Deputado Eduardo Gomes \u2013 <em>1\u00ba Secret\u00e1rio da\u00a0Mesa Diretora da C\u00e2mara Federal<\/em><\/p>\n<p>Deputado Paulo Pereira da Silva\u00a0\u00a0\u2013 <em>Relator dos Planos de Carreira do Legislativo Federal e Tribunal de Contas da Uni\u00e3o<\/em><\/p>\n<p>Edson Sim\u00f5es \u2013 <em>Presidente do Tribunal de Contas do Munic\u00edpio de S\u00e3o Paulo<\/em><\/p>\n<p>Antonio Carlos Fernandes de Lima Jr. \u2013 <em>Presidente do Fenalegis<\/em><\/p>\n<p><strong>Dia 24\/05\/2012 \u2013 Audit\u00f3rio Prestes Maia, 1\u00ba andar\u00a0(Plenarinho)<\/strong><\/p>\n<p><strong>9h<\/strong> \u2013 Credenciamento em comum com o 4\u00ba Encontro Estadual de Agentes P\u00fablicos<\/p>\n<p><em><strong>10h <\/strong>\u2013 Controle Interno no Legislativo e no Executivo <\/em>(Retransmiss\u00e3o \u2013\u00a0em comum com o 4\u00ba Encontro Estadual de Agentes P\u00fablicos)<\/p>\n<p>Dr. \u00a0Sergio Ciquera Rossi<\/p>\n<p><em>Diretor Geral do Tribunal de Contas\u00a0 SP<\/em><\/p>\n<p><em><strong>11h<\/strong> \u2013 <\/em><em>A moderniza\u00e7\u00e3o do Poder Legislativo<\/em><\/p>\n<p>Dr. Haroldo Feitosa Tajra<\/p>\n<p><em>Diretor do Interlegis<\/em><\/p>\n<p><em><strong>12h <\/strong>\u2013 Almo\u00e7o<\/em><\/p>\n<p><em><strong>13h30<\/strong> \u2013 Projetos Jogos Limpos Dentro e Fora dos Est\u00e1dios<\/em><\/p>\n<p>Representante do Instituto ETHOS<\/p>\n<p><em>Painel de Debates sobre Planos de Carreira<\/em><\/p>\n<p>A\u00a0estrutura dos cargos em comiss\u00e3o\/comissionados, efetivos\u00a0com base na emenda 19<\/p>\n<p><em><strong>14h30<\/strong> \u2013 Merecimento, Democracia e Carreiras no Poder Legislativo<\/em><\/p>\n<p>Dr. Leonardo Carreira Assump\u00e7\u00e3o Vieira<\/p>\n<p><em>Mestre em Direito Administrativo pela UFMG<\/em><\/p>\n<p>Dr. Andr\u00e9 Barbi<\/p>\n<p><em>Representante do IGAM<\/em><\/p>\n<p><em><strong>16h30<\/strong> \u2013 1\u00ba Encontro Nacional dos Diretores de C\u00e2maras Municipais<\/em><\/p>\n<p><em><strong>17h30 <\/strong>\u2013 \u00c9tica P\u00fablica no Poder Legislativo<\/em><\/p>\n<p>Prof. Dr. Humberto Dantas<\/p>\n<p><em>Doutor\u00a0em Ci\u00eancias Pol\u00edticas pela USP <\/em><\/p>\n<p><em><strong>18h<\/strong> \u2013 Encerramento<\/em><\/p>\n<p><strong>Dia 25\/05\/2012 \u2013 Plen\u00e1rio 1\u00ba de Maio, 1\u00ba andar \u2013 Com retrasmiss\u00e3o na sala Oscar Pedroso Horta, 1\u00ba subsolo<\/strong><\/p>\n<p><em><strong>9h<\/strong> \u2013 Previd\u00eancia Complementar<\/em><\/p>\n<p>Dr. Del\u00fabio Gomes Pereira\u00a0da Silva<\/p>\n<p><em>Minist\u00e9rio da Previd\u00eancia<\/em><\/p>\n<p><em><strong>10h<\/strong> \u2013 Organiza\u00e7\u00e3o Sindical<\/em><\/p>\n<p>Antonio Carlos Fernandes L. J\u00fanior<\/p>\n<p><em>Presidente da Fenalegis<\/em><\/p>\n<p><em><strong>11h<\/strong> \u2013 Sistema de Gest\u00e3o Fiscal Respons\u00e1vel<\/em><\/p>\n<p>Prof. Moacir Marques da Silva<\/p>\n<p><em>Diretor da Escola de Contas do Tribunal de Contas do Munic\u00edpio de S\u00e3o Paulo<\/em><\/p>\n<p><em><strong>12h30 <\/strong>\u2013 Almo\u00e7o<\/em><\/p>\n<p><em><strong>14h<\/strong> \u2013 Entrosamento Legislativo e Tribunal de Contas<\/em><\/p>\n<p>Dr. Marcelo Henrique Pereira da Silva<\/p>\n<p><em>Vice-presidente da Fenalegis<\/em><\/p>\n<p><em><strong>15h <\/strong>\u2013 A Previd\u00eancia Complementar no Servi\u00e7o P\u00fablico<\/em><\/p>\n<p>Profa. Dra. Lucieni Pereira da Silva<\/p>\n<p><em>Especialista e professora de \u00a0Finan\u00e7as<\/em><\/p>\n<p><em><strong>16h<\/strong> \u2013 Fun\u00e7\u00e3o P\u00fablica \u2013 Quantos dentes tem esse drag\u00e3o?<\/em><\/p>\n<p>Prof. Dr. Luiz Barco<\/p>\n<p><em>Doutor em Ci\u00eancias da Comunica\u00e7\u00e3o pela USP<\/em><\/p>\n<p><em><strong>17h<\/strong> \u2013 Compet\u00eancias e a For\u00e7a do Legislativo Municipal<\/em> (Retransmiss\u00e3o \u2013\u00a0em comum com o 4\u00ba Encontro Estadual de Agentes P\u00fablicos)<\/p>\n<p>Dr. Ives Gandra da Silva Martins<\/p>\n<p><em>Advogado Tributarista, Professor e Jurista <\/em><\/p>\n<p><em><strong>18h<\/strong> \u2013 Encerramento<\/em><em>\u00a0<\/em><\/p>\n<p>Em parceria com UVESP (Uni\u00e3o dos Vereadores do Estado de S\u00e3o Paulo)<\/p>\n<p>Apoio: CMSP, TCM, Escola do Parlamento Paulistano, Escola de Contas P\u00fablicas Eur\u00edpedes Sales, IGAM<\/p>\n<p>Patroc\u00ednio: Caixa Econ\u00f4mica Federal<\/p>\n<p>P\u00fablico-alvo: Servidores de C\u00e2maras e Tribunais de Contas em geral, membros de Sindicatos e Associa\u00e7\u00f5es das 5545 C\u00e2maras Municipais do Brasil<\/p>\n<p><a href=\"http:\/\/www.saopaulo.sp.leg.br\/escoladoparlamento\/wp-content\/uploads\/sites\/5\/2018\/08\/I-Congresso-Nacional-dos-Servidores.jpeg\"><img loading=\"lazy\" decoding=\"async\" class=\"aligncenter size-large wp-image-10241\" src=\"http:\/\/www.saopaulo.sp.leg.br\/escoladoparlamento\/wp-content\/uploads\/sites\/5\/2018\/08\/I-Congresso-Nacional-dos-Servidores-696x1024.jpeg\" alt=\"\" width=\"640\" height=\"942\" srcset=\"https:\/\/www.saopaulo.sp.leg.br\/escoladoparlamento\/wp-content\/uploads\/sites\/5\/2018\/08\/I-Congresso-Nacional-dos-Servidores-696x1024.jpeg 696w, https:\/\/www.saopaulo.sp.leg.br\/escoladoparlamento\/wp-content\/uploads\/sites\/5\/2018\/08\/I-Congresso-Nacional-dos-Servidores-204x300.jpeg 204w, https:\/\/www.saopaulo.sp.leg.br\/escoladoparlamento\/wp-content\/uploads\/sites\/5\/2018\/08\/I-Congresso-Nacional-dos-Servidores-768x1131.jpeg 768w\" sizes=\"auto, (max-width: 640px) 100vw, 640px\" \/><\/a><\/p>\n","protected":false},"excerpt":{"rendered":"<p>Dia 23\/05\/2012 \u2013 Sal\u00e3o Nobre Presidente Jo\u00e3o Brasil Vita, 8 \u00ba andar 20h \u2013 Sess\u00e3o Solene de Abertura\u00a0em comum com o \u201c4\u00ba Encontro Estadual de Agentes P\u00fablicos\u201d Geraldo Alckmin \u2013 Governador do Estado de S\u00e3o Paulo Gilberto Kassab \u2013 Prefeito de S\u00e3o Paulo Jos\u00e9 Police Neto \u2013 Presidente da C\u00e2mara de S\u00e3o Paulo Sebasti\u00e3o Misiara [&hellip;]<\/p>\n","protected":false},"author":127,"featured_media":0,"parent":1339,"menu_order":592,"comment_status":"closed","ping_status":"closed","template":"","meta":{"_acf_changed":false,"footnotes":""},"class_list":["post-3208","page","type-page","status-publish","hentry"],"acf":[],"_links":{"self":[{"href":"https:\/\/www.saopaulo.sp.leg.br\/escoladoparlamento\/wp-json\/wp\/v2\/pages\/3208","targetHints":{"allow":["GET"]}}],"collection":[{"href":"https:\/\/www.saopaulo.sp.leg.br\/escoladoparlamento\/wp-json\/wp\/v2\/pages"}],"about":[{"href":"https:\/\/www.saopaulo.sp.leg.br\/escoladoparlamento\/wp-json\/wp\/v2\/types\/page"}],"author":[{"embeddable":true,"href":"https:\/\/www.saopaulo.sp.leg.br\/escoladoparlamento\/wp-json\/wp\/v2\/users\/127"}],"replies":[{"embeddable":true,"href":"https:\/\/www.saopaulo.sp.leg.br\/escoladoparlamento\/wp-json\/wp\/v2\/comments?post=3208"}],"version-history":[{"count":0,"href":"https:\/\/www.saopaulo.sp.leg.br\/escoladoparlamento\/wp-json\/wp\/v2\/pages\/3208\/revisions"}],"up":[{"embeddable":true,"href":"https:\/\/www.saopaulo.sp.leg.br\/escoladoparlamento\/wp-json\/wp\/v2\/pages\/1339"}],"wp:attachment":[{"href":"https:\/\/www.saopaulo.sp.leg.br\/escoladoparlamento\/wp-json\/wp\/v2\/media?parent=3208"}],"curies":[{"name":"wp","href":"https:\/\/api.w.org\/{rel}","templated":true}]}}

1º Congresso Nacional dos Servidores dos Legislativos e Tribunais de Contas Municipais

<p><strong>Dia 23/05/2012 – Salão Nobre Presidente João Brasil Vita, 8 º andar</strong></p>
<p><strong><em>20h – Sessão Solene de Abertura em comum com o “4º Encontro Estadual de Agentes Públicos” </em></strong></p>
<p>Geraldo Alckmin – <em>Governador do Estado de São Paulo</em></p>
<p>Gilberto Kassab – <em>Prefeito de São Paulo</em></p>
<p>José Police Neto – <em>Presidente da Câmara de São Paulo</em></p>
<p>Sebastião Misiara – <em>Presidente da União dos Veradores do Estado de São Paulo</em></p>
<p>Florian Madruga – <em>Presidente da Associação Brasileira das Escolas do Legislativo e de Contas</em></p>
<p>Roberto Eduardo Lamari – <em>Diretor-Presidente da Escola do Parlamento Paulistano</em></p>
<p>Renato Martins Costa – <em>Presidente do Tribunal de Contas do Estado de São Paulo</em></p>
<p>Deputado Eduardo Gomes – <em>1º Secretário da Mesa Diretora da Câmara Federal</em></p>
<p>Deputado Paulo Pereira da Silva  – <em>Relator dos Planos de Carreira do Legislativo Federal e Tribunal de Contas da União</em></p>
<p>Edson Simões – <em>Presidente do Tribunal de Contas do Município de São Paulo</em></p>
<p>Antonio Carlos Fernandes de Lima Jr. – <em>Presidente do Fenalegis</em></p>
<p><strong>Dia 24/05/2012 – Auditório Prestes Maia, 1º andar (Plenarinho)</strong></p>
<p><strong>9h</strong> – Credenciamento em comum com o 4º Encontro Estadual de Agentes Públicos</p>
<p><em><strong>10h </strong>– Controle Interno no Legislativo e no Executivo </em>(Retransmissão – em comum com o 4º Encontro Estadual de Agentes Públicos)</p>
<p>Dr.  Sergio Ciquera Rossi</p>
<p><em>Diretor Geral do Tribunal de Contas  SP</em></p>
<p><em><strong>11h</strong> – </em><em>A modernização do Poder Legislativo</em></p>
<p>Dr. Haroldo Feitosa Tajra</p>
<p><em>Diretor do Interlegis</em></p>
<p><em><strong>12h </strong>– Almoço</em></p>
<p><em><strong>13h30</strong> – Projetos Jogos Limpos Dentro e Fora dos Estádios</em></p>
<p>Representante do Instituto ETHOS</p>
<p><em>Painel de Debates sobre Planos de Carreira</em></p>
<p>A estrutura dos cargos em comissão/comissionados, efetivos com base na emenda 19</p>
<p><em><strong>14h30</strong> – Merecimento, Democracia e Carreiras no Poder Legislativo</em></p>
<p>Dr. Leonardo Carreira Assumpção Vieira</p>
<p><em>Mestre em Direito Administrativo pela UFMG</em></p>
<p>Dr. André Barbi</p>
<p><em>Representante do IGAM</em></p>
<p><em><strong>16h30</strong> – 1º Encontro Nacional dos Diretores de Câmaras Municipais</em></p>
<p><em><strong>17h30 </strong>– Ética Pública no Poder Legislativo</em></p>
<p>Prof. Dr. Humberto Dantas</p>
<p><em>Doutor em Ciências Políticas pela USP </em></p>
<p><em><strong>18h</strong> – Encerramento</em></p>
<p><strong>Dia 25/05/2012 – Plenário 1º de Maio, 1º andar – Com retrasmissão na sala Oscar Pedroso Horta, 1º subsolo</strong></p>
<p><em><strong>9h</strong> – Previdência Complementar</em></p>
<p>Dr. Delúbio Gomes Pereira da Silva</p>
<p><em>Ministério da Previdência</em></p>
<p><em><strong>10h</strong> – Organização Sindical</em></p>
<p>Antonio Carlos Fernandes L. Júnior</p>
<p><em>Presidente da Fenalegis</em></p>
<p><em><strong>11h</strong> – Sistema de Gestão Fiscal Responsável</em></p>
<p>Prof. Moacir Marques da Silva</p>
<p><em>Diretor da Escola de Contas do Tribunal de Contas do Município de São Paulo</em></p>
<p><em><strong>12h30 </strong>– Almoço</em></p>
<p><em><strong>14h</strong> – Entrosamento Legislativo e Tribunal de Contas</em></p>
<p>Dr. Marcelo Henrique Pereira da Silva</p>
<p><em>Vice-presidente da Fenalegis</em></p>
<p><em><strong>15h </strong>– A Previdência Complementar no Serviço Público</em></p>
<p>Profa. Dra. Lucieni Pereira da Silva</p>
<p><em>Especialista e professora de  Finanças</em></p>
<p><em><strong>16h</strong> – Função Pública – Quantos dentes tem esse dragão?</em></p>
<p>Prof. Dr. Luiz Barco</p>
<p><em>Doutor em Ciências da Comunicação pela USP</em></p>
<p><em><strong>17h</strong> – Competências e a Força do Legislativo Municipal</em> (Retransmissão – em comum com o 4º Encontro Estadual de Agentes Públicos)</p>
<p>Dr. Ives Gandra da Silva Martins</p>
<p><em>Advogado Tributarista, Professor e Jurista </em></p>
<p><em><strong>18h</strong> – Encerramento</em><em> </em></p>
<p>Em parceria com UVESP (União dos Vereadores do Estado de São Paulo)</p>
<p>Apoio: CMSP, TCM, Escola do Parlamento Paulistano, Escola de Contas Públicas Eurípedes Sales, IGAM</p>
<p>Patrocínio: Caixa Econômica Federal</p>
<p>Público-alvo: Servidores de Câmaras e Tribunais de Contas em geral, membros de Sindicatos e Associações das 5545 Câmaras Municipais do Brasil</p>
<p><a href="http://www.saopaulo.sp.leg.br/escoladoparlamento/wp-content/uploads/sites/5/2018/08/I-Congresso-Nacional-dos-Servidores.jpeg"><img loading="lazy" decoding="async" class="aligncenter size-large wp-image-10241" src="http://www.saopaulo.sp.leg.br/escoladoparlamento/wp-content/uploads/sites/5/2018/08/I-Congresso-Nacional-dos-Servidores-696x1024.jpeg" alt="" width="640" height="942" srcset="https://www.saopaulo.sp.leg.br/escoladoparlamento/wp-content/uploads/sites/5/2018/08/I-Congresso-Nacional-dos-Servidores-696x1024.jpeg 696w, https://www.saopaulo.sp.leg.br/escoladoparlamento/wp-content/uploads/sites/5/2018/08/I-Congresso-Nacional-dos-Servidores-204x300.jpeg 204w, https://www.saopaulo.sp.leg.br/escoladoparlamento/wp-content/uploads/sites/5/2018/08/I-Congresso-Nacional-dos-Servidores-768x1131.jpeg 768w" sizes="auto, (max-width: 640px) 100vw, 640px" /></a></p>

<p>Dia 23/05/2012 – Salão Nobre Presidente João Brasil Vita, 8 º andar 20h – Sessão Solene de Abertura em comum com o “4º Encontro Estadual de Agentes Públicos” Geraldo Alckmin – Governador do Estado de São Paulo Gilberto Kassab – Prefeito de São Paulo José Police Neto – Presidente da Câmara de São Paulo Sebastião Misiara [&hellip;]</p>
