{"id":3206,"date":"2016-02-25T15:36:59","date_gmt":"2016-02-25T18:36:59","guid":{"rendered":"http:\/\/www.saopaulo.sp.leg.br\/escoladoparlamento\/?page_id=3206"},"modified":"2016-02-25T15:36:59","modified_gmt":"2016-02-25T18:36:59","slug":"2o-seminario-intersetorialidade-e-politicas-sociais-um-olhar-sobre-a-protecao-especial","status":"publish","type":"page","link":"https:\/\/www.saopaulo.sp.leg.br\/escoladoparlamento\/cursos\/cursos-anteriores\/cursos-realizados-em-2012\/2o-seminario-intersetorialidade-e-politicas-sociais-um-olhar-sobre-a-protecao-especial\/","title":{"rendered":"2\u00ba Semin\u00e1rio Intersetorialidade e Pol\u00edticas Sociais &#8211; Um olhar sobre a prote\u00e7\u00e3o especial"},"content":{"rendered":"<p>16 de maio, 9 horas<\/p>\n<p>Pal\u00e1cio Anchieta, Viaduto Jacare\u00ed, n\u00ba100<\/p>\n<p>Sal\u00e3o Nobre Presidente Jo\u00e3o Brasil Vita, 8\u00ba andar<\/p>\n<p>Palestrante: Profa. Dra. Ada\u00edlza Sposati<\/p>\n<p>Coordenadora do N\u00facleo de Pesquisa em Seguridade e Assist\u00eancia Social da PUC &#8211; SP<\/p>\n<p>Em parceria com\u00a0o FAS (F\u00f3rum da Assist\u00eancia Social da Cidade de S\u00e3o Paulo)<\/p>\n","protected":false},"excerpt":{"rendered":"<p>16 de maio, 9 horas Pal\u00e1cio Anchieta, Viaduto Jacare\u00ed, n\u00ba100 Sal\u00e3o Nobre Presidente Jo\u00e3o Brasil Vita, 8\u00ba andar Palestrante: Profa. Dra. Ada\u00edlza Sposati Coordenadora do N\u00facleo de Pesquisa em Seguridade e Assist\u00eancia Social da PUC &#8211; SP Em parceria com\u00a0o FAS (F\u00f3rum da Assist\u00eancia Social da Cidade de S\u00e3o Paulo)<\/p>\n","protected":false},"author":127,"featured_media":0,"parent":1339,"menu_order":593,"comment_status":"closed","ping_status":"closed","template":"","meta":{"_acf_changed":false,"footnotes":""},"class_list":["post-3206","page","type-page","status-publish","hentry"],"acf":[],"_links":{"self":[{"href":"https:\/\/www.saopaulo.sp.leg.br\/escoladoparlamento\/wp-json\/wp\/v2\/pages\/3206","targetHints":{"allow":["GET"]}}],"collection":[{"href":"https:\/\/www.saopaulo.sp.leg.br\/escoladoparlamento\/wp-json\/wp\/v2\/pages"}],"about":[{"href":"https:\/\/www.saopaulo.sp.leg.br\/escoladoparlamento\/wp-json\/wp\/v2\/types\/page"}],"author":[{"embeddable":true,"href":"https:\/\/www.saopaulo.sp.leg.br\/escoladoparlamento\/wp-json\/wp\/v2\/users\/127"}],"replies":[{"embeddable":true,"href":"https:\/\/www.saopaulo.sp.leg.br\/escoladoparlamento\/wp-json\/wp\/v2\/comments?post=3206"}],"version-history":[{"count":0,"href":"https:\/\/www.saopaulo.sp.leg.br\/escoladoparlamento\/wp-json\/wp\/v2\/pages\/3206\/revisions"}],"up":[{"embeddable":true,"href":"https:\/\/www.saopaulo.sp.leg.br\/escoladoparlamento\/wp-json\/wp\/v2\/pages\/1339"}],"wp:attachment":[{"href":"https:\/\/www.saopaulo.sp.leg.br\/escoladoparlamento\/wp-json\/wp\/v2\/media?parent=3206"}],"curies":[{"name":"wp","href":"https:\/\/api.w.org\/{rel}","templated":true}]}}

2º Seminário Intersetorialidade e Políticas Sociais &#8211; Um olhar sobre a proteção especial

<p>16 de maio, 9 horas</p>
<p>Palácio Anchieta, Viaduto Jacareí, nº100</p>
<p>Salão Nobre Presidente João Brasil Vita, 8º andar</p>
<p>Palestrante: Profa. Dra. Adaílza Sposati</p>
<p>Coordenadora do Núcleo de Pesquisa em Seguridade e Assistência Social da PUC &#8211; SP</p>
<p>Em parceria com o FAS (Fórum da Assistência Social da Cidade de São Paulo)</p>

<p>16 de maio, 9 horas Palácio Anchieta, Viaduto Jacareí, nº100 Salão Nobre Presidente João Brasil Vita, 8º andar Palestrante: Profa. Dra. Adaílza Sposati Coordenadora do Núcleo de Pesquisa em Seguridade e Assistência Social da PUC &#8211; SP Em parceria com o FAS (Fórum da Assistência Social da Cidade de São Paulo)</p>
