{"id":3202,"date":"2016-02-25T15:29:17","date_gmt":"2016-02-25T18:29:17","guid":{"rendered":"http:\/\/www.saopaulo.sp.leg.br\/escoladoparlamento\/?page_id=3202"},"modified":"2018-08-09T16:53:15","modified_gmt":"2018-08-09T19:53:15","slug":"seminario-distritalizacao-de-sao-paulo-os-21-anos-da-divisao-territorial-da-cidade","status":"publish","type":"page","link":"https:\/\/www.saopaulo.sp.leg.br\/escoladoparlamento\/cursos\/cursos-anteriores\/cursos-realizados-em-2012\/seminario-distritalizacao-de-sao-paulo-os-21-anos-da-divisao-territorial-da-cidade\/","title":{"rendered":"Semin\u00e1rio Distritaliza\u00e7\u00e3o de S\u00e3o Paulo \u2013 Os 21 anos da divis\u00e3o territorial da cidade"},"content":{"rendered":"<h2><strong>3 de maio de 2012<\/strong><\/h2>\n<h3>Audit\u00f3rio Prestes Maia, 1\u00ba andar<\/h3>\n<p><strong>PROGRAMA\u00c7\u00c3O:<\/strong><\/p>\n<p><strong>MESA DE ABERTURA<\/strong><\/p>\n<p>Das 9h00 \u00e0s 9h30<\/p>\n<p><strong>MESA 1 \u2013 Cen\u00e1rio hist\u00f3rico da distritaliza\u00e7\u00e3o da cidade de S\u00e3o Paulo (1989 a 2012)<\/strong><\/p>\n<p>Das 9h30 \u00e0s 11h00<\/p>\n<p>CAF\u00c9<\/p>\n<p><strong>MESA 2 \u2013 A distritaliza\u00e7\u00e3o da cidade e seu impacto nos estudos censit\u00e1rios e territoriais (1991\/2000\/2010): aplica\u00e7\u00f5es, limites e potencialidades<\/strong><\/p>\n<p>Das 11h15 \u00e0s 12h45<\/p>\n<p>ALMO\u00c7O<\/p>\n<p><strong>MESA 3 \u2013\u00a0A distritaliza\u00e7\u00e3o da cidade, as pol\u00edticas urbanas e sociais e os servi\u00e7os p\u00fablicos<\/strong><\/p>\n<p>Das 14h00 \u00e0s 15h30<\/p>\n<p><strong>MESA 4 \u2013\u00a0A incorpora\u00e7\u00e3o dos distritos pela cidade de S\u00e3o Paulo: seus significados sociais, pol\u00edticos e econ\u00f4micos<\/strong><\/p>\n<p>Das 15h30 \u00e0s 17h00<\/p>\n","protected":false},"excerpt":{"rendered":"<p>3 de maio de 2012 Audit\u00f3rio Prestes Maia, 1\u00ba andar PROGRAMA\u00c7\u00c3O: MESA DE ABERTURA Das 9h00 \u00e0s 9h30 MESA 1 \u2013 Cen\u00e1rio hist\u00f3rico da distritaliza\u00e7\u00e3o da cidade de S\u00e3o Paulo (1989 a 2012) Das 9h30 \u00e0s 11h00 CAF\u00c9 MESA 2 \u2013 A distritaliza\u00e7\u00e3o da cidade e seu impacto nos estudos censit\u00e1rios e territoriais (1991\/2000\/2010): aplica\u00e7\u00f5es, [&hellip;]<\/p>\n","protected":false},"author":127,"featured_media":0,"parent":1339,"menu_order":594,"comment_status":"closed","ping_status":"closed","template":"","meta":{"_acf_changed":false,"footnotes":""},"class_list":["post-3202","page","type-page","status-publish","hentry"],"acf":[],"_links":{"self":[{"href":"https:\/\/www.saopaulo.sp.leg.br\/escoladoparlamento\/wp-json\/wp\/v2\/pages\/3202","targetHints":{"allow":["GET"]}}],"collection":[{"href":"https:\/\/www.saopaulo.sp.leg.br\/escoladoparlamento\/wp-json\/wp\/v2\/pages"}],"about":[{"href":"https:\/\/www.saopaulo.sp.leg.br\/escoladoparlamento\/wp-json\/wp\/v2\/types\/page"}],"author":[{"embeddable":true,"href":"https:\/\/www.saopaulo.sp.leg.br\/escoladoparlamento\/wp-json\/wp\/v2\/users\/127"}],"replies":[{"embeddable":true,"href":"https:\/\/www.saopaulo.sp.leg.br\/escoladoparlamento\/wp-json\/wp\/v2\/comments?post=3202"}],"version-history":[{"count":0,"href":"https:\/\/www.saopaulo.sp.leg.br\/escoladoparlamento\/wp-json\/wp\/v2\/pages\/3202\/revisions"}],"up":[{"embeddable":true,"href":"https:\/\/www.saopaulo.sp.leg.br\/escoladoparlamento\/wp-json\/wp\/v2\/pages\/1339"}],"wp:attachment":[{"href":"https:\/\/www.saopaulo.sp.leg.br\/escoladoparlamento\/wp-json\/wp\/v2\/media?parent=3202"}],"curies":[{"name":"wp","href":"https:\/\/api.w.org\/{rel}","templated":true}]}}

Seminário Distritalização de São Paulo – Os 21 anos da divisão territorial da cidade

<h2><strong>3 de maio de 2012</strong></h2>
<h3>Auditório Prestes Maia, 1º andar</h3>
<p><strong>PROGRAMAÇÃO:</strong></p>
<p><strong>MESA DE ABERTURA</strong></p>
<p>Das 9h00 às 9h30</p>
<p><strong>MESA 1 – Cenário histórico da distritalização da cidade de São Paulo (1989 a 2012)</strong></p>
<p>Das 9h30 às 11h00</p>
<p>CAFÉ</p>
<p><strong>MESA 2 – A distritalização da cidade e seu impacto nos estudos censitários e territoriais (1991/2000/2010): aplicações, limites e potencialidades</strong></p>
<p>Das 11h15 às 12h45</p>
<p>ALMOÇO</p>
<p><strong>MESA 3 – A distritalização da cidade, as políticas urbanas e sociais e os serviços públicos</strong></p>
<p>Das 14h00 às 15h30</p>
<p><strong>MESA 4 – A incorporação dos distritos pela cidade de São Paulo: seus significados sociais, políticos e econômicos</strong></p>
<p>Das 15h30 às 17h00</p>

<p>3 de maio de 2012 Auditório Prestes Maia, 1º andar PROGRAMAÇÃO: MESA DE ABERTURA Das 9h00 às 9h30 MESA 1 – Cenário histórico da distritalização da cidade de São Paulo (1989 a 2012) Das 9h30 às 11h00 CAFÉ MESA 2 – A distritalização da cidade e seu impacto nos estudos censitários e territoriais (1991/2000/2010): aplicações, [&hellip;]</p>
