{"id":3200,"date":"2016-02-25T15:25:00","date_gmt":"2016-02-25T18:25:00","guid":{"rendered":"http:\/\/www.saopaulo.sp.leg.br\/escoladoparlamento\/?page_id=3200"},"modified":"2016-02-25T15:25:00","modified_gmt":"2016-02-25T18:25:00","slug":"direito-eleitoral-as-resolucoes-do-tse-para-as-eleicoes-de-2012","status":"publish","type":"page","link":"https:\/\/www.saopaulo.sp.leg.br\/escoladoparlamento\/cursos\/cursos-anteriores\/cursos-realizados-em-2012\/direito-eleitoral-as-resolucoes-do-tse-para-as-eleicoes-de-2012\/","title":{"rendered":"Direito Eleitoral \u2013 As Resolu\u00e7\u00f5es do TSE para as Elei\u00e7\u00f5es de 2012"},"content":{"rendered":"<p>&nbsp;<\/p>\n<p>&nbsp;<\/p>\n<p><strong>Programa\u00e7\u00e3o:<\/strong><\/p>\n<table>\n<tbody>\n<tr>\n<td><strong>Data<\/strong><\/td>\n<td><strong>Hora<\/strong><\/td>\n<td><strong>Local<\/strong><\/td>\n<td><strong>Tema<\/strong><\/td>\n<td><strong>Palestrante<\/strong><\/td>\n<\/tr>\n<tr>\n<td><strong>23\/abr<\/strong><\/td>\n<td>9:30h<\/td>\n<td>Sal\u00e3o Nobre<\/td>\n<td>Abertura<\/td>\n<td>Jos\u00e9 Police Neto Presidente da C\u00e2mara Municipal de S\u00e3o Paulo<\/td>\n<\/tr>\n<tr>\n<td><\/td>\n<td>10h &#8211; 11h<\/td>\n<td><\/td>\n<td>As Elei\u00e7\u00f5es de 2012<\/td>\n<td>Des. Walter de Almeida Guilerme, Ex-Presidente do Tribunal Regional Eleitoral de S\u00e3o Paulo<\/td>\n<\/tr>\n<tr>\n<td><\/td>\n<td>11h &#8211; 12:30<\/td>\n<td><\/td>\n<td>Gerenciamento de Presen\u00e7a Digital Pol\u00edtica no Facebook<\/td>\n<td>Ricardo Sangion Growth Manager do Facebook<\/td>\n<\/tr>\n<tr>\n<td><strong>24\/abr<\/strong><\/td>\n<td>10:00 &#8211; 12:30<\/td>\n<td>Prestes Maia<\/td>\n<td>Resolu\u00e7\u00e3o TSE 23.373\u00a0\u2013 Registro de Candidatos e a Lei da Ficha Limpa<\/td>\n<td>Dr. Andr\u00e9 de Carvalho Ramos. Procurador Regional Eleitoral Substituto<\/td>\n<\/tr>\n<tr>\n<td><strong>25\/abr<\/strong><\/td>\n<td>10:00 &#8211; 12:30<\/td>\n<td>Sal\u00e3o Nobre<\/td>\n<td>Resolu\u00e7\u00e3o TSE 23.367 \u2013 Representa\u00e7\u00f5es, reclama\u00e7\u00f5es e pedidos de resposta<\/td>\n<td>Des. Waldir Sebasti\u00e3o de Nuevo Campos Jr. Desembargador lotado na 10\u00aa. C\u00e2mara da Se\u00e7\u00e3o Criminal do Tribunal de Justi\u00e7a do Estado de S\u00e3o Paulo.<\/td>\n<\/tr>\n<tr>\n<td><strong>26\/abr<\/strong><\/td>\n<td>10:00 &#8211; 12:30<\/td>\n<td>Sal\u00e3o Nobre<\/td>\n<td>Resolu\u00e7\u00e3o TSE 23.376 \u2013 Arrecada\u00e7\u00e3o e aplica\u00e7\u00e3o de gastos em campanha e sua presta\u00e7\u00e3o de contas<\/td>\n<td>Dr. Ricardo Vita Porto, Advogado especialista em direito pol\u00edtico eleitoral<\/td>\n<\/tr>\n<tr>\n<td><strong>27\/abr<\/strong><\/td>\n<td>10:00 &#8211; 12:30<\/td>\n<td>Sal\u00e3o Nobre<\/td>\n<td>Resolu\u00e7\u00e3o TSE 23.370 \u2013 Propaganda eleitoral e condutas vedadas<\/td>\n<td>Dr. Geraldo Agosti Filho Membro da Comiss\u00e3o do Senado Federal sobre a Reforma do C\u00f3digo Eleitoral<\/td>\n<\/tr>\n<\/tbody>\n<\/table>\n","protected":false},"excerpt":{"rendered":"<p>&nbsp; &nbsp; Programa\u00e7\u00e3o: Data Hora Local Tema Palestrante 23\/abr 9:30h Sal\u00e3o Nobre Abertura Jos\u00e9 Police Neto Presidente da C\u00e2mara Municipal de S\u00e3o Paulo 10h &#8211; 11h As Elei\u00e7\u00f5es de 2012 Des. Walter de Almeida Guilerme, Ex-Presidente do Tribunal Regional Eleitoral de S\u00e3o Paulo 11h &#8211; 12:30 Gerenciamento de Presen\u00e7a Digital Pol\u00edtica no Facebook Ricardo Sangion [&hellip;]<\/p>\n","protected":false},"author":127,"featured_media":0,"parent":1339,"menu_order":595,"comment_status":"closed","ping_status":"closed","template":"","meta":{"_acf_changed":false,"footnotes":""},"class_list":["post-3200","page","type-page","status-publish","hentry"],"acf":[],"_links":{"self":[{"href":"https:\/\/www.saopaulo.sp.leg.br\/escoladoparlamento\/wp-json\/wp\/v2\/pages\/3200","targetHints":{"allow":["GET"]}}],"collection":[{"href":"https:\/\/www.saopaulo.sp.leg.br\/escoladoparlamento\/wp-json\/wp\/v2\/pages"}],"about":[{"href":"https:\/\/www.saopaulo.sp.leg.br\/escoladoparlamento\/wp-json\/wp\/v2\/types\/page"}],"author":[{"embeddable":true,"href":"https:\/\/www.saopaulo.sp.leg.br\/escoladoparlamento\/wp-json\/wp\/v2\/users\/127"}],"replies":[{"embeddable":true,"href":"https:\/\/www.saopaulo.sp.leg.br\/escoladoparlamento\/wp-json\/wp\/v2\/comments?post=3200"}],"version-history":[{"count":0,"href":"https:\/\/www.saopaulo.sp.leg.br\/escoladoparlamento\/wp-json\/wp\/v2\/pages\/3200\/revisions"}],"up":[{"embeddable":true,"href":"https:\/\/www.saopaulo.sp.leg.br\/escoladoparlamento\/wp-json\/wp\/v2\/pages\/1339"}],"wp:attachment":[{"href":"https:\/\/www.saopaulo.sp.leg.br\/escoladoparlamento\/wp-json\/wp\/v2\/media?parent=3200"}],"curies":[{"name":"wp","href":"https:\/\/api.w.org\/{rel}","templated":true}]}}

Direito Eleitoral – As Resoluções do TSE para as Eleições de 2012

<p>&nbsp;</p>
<p>&nbsp;</p>
<p><strong>Programação:</strong></p>
<table>
<tbody>
<tr>
<td><strong>Data</strong></td>
<td><strong>Hora</strong></td>
<td><strong>Local</strong></td>
<td><strong>Tema</strong></td>
<td><strong>Palestrante</strong></td>
</tr>
<tr>
<td><strong>23/abr</strong></td>
<td>9:30h</td>
<td>Salão Nobre</td>
<td>Abertura</td>
<td>José Police Neto Presidente da Câmara Municipal de São Paulo</td>
</tr>
<tr>
<td></td>
<td>10h &#8211; 11h</td>
<td></td>
<td>As Eleições de 2012</td>
<td>Des. Walter de Almeida Guilerme, Ex-Presidente do Tribunal Regional Eleitoral de São Paulo</td>
</tr>
<tr>
<td></td>
<td>11h &#8211; 12:30</td>
<td></td>
<td>Gerenciamento de Presença Digital Política no Facebook</td>
<td>Ricardo Sangion Growth Manager do Facebook</td>
</tr>
<tr>
<td><strong>24/abr</strong></td>
<td>10:00 &#8211; 12:30</td>
<td>Prestes Maia</td>
<td>Resolução TSE 23.373 – Registro de Candidatos e a Lei da Ficha Limpa</td>
<td>Dr. André de Carvalho Ramos. Procurador Regional Eleitoral Substituto</td>
</tr>
<tr>
<td><strong>25/abr</strong></td>
<td>10:00 &#8211; 12:30</td>
<td>Salão Nobre</td>
<td>Resolução TSE 23.367 – Representações, reclamações e pedidos de resposta</td>
<td>Des. Waldir Sebastião de Nuevo Campos Jr. Desembargador lotado na 10ª. Câmara da Seção Criminal do Tribunal de Justiça do Estado de São Paulo.</td>
</tr>
<tr>
<td><strong>26/abr</strong></td>
<td>10:00 &#8211; 12:30</td>
<td>Salão Nobre</td>
<td>Resolução TSE 23.376 – Arrecadação e aplicação de gastos em campanha e sua prestação de contas</td>
<td>Dr. Ricardo Vita Porto, Advogado especialista em direito político eleitoral</td>
</tr>
<tr>
<td><strong>27/abr</strong></td>
<td>10:00 &#8211; 12:30</td>
<td>Salão Nobre</td>
<td>Resolução TSE 23.370 – Propaganda eleitoral e condutas vedadas</td>
<td>Dr. Geraldo Agosti Filho Membro da Comissão do Senado Federal sobre a Reforma do Código Eleitoral</td>
</tr>
</tbody>
</table>

<p>&nbsp; &nbsp; Programação: Data Hora Local Tema Palestrante 23/abr 9:30h Salão Nobre Abertura José Police Neto Presidente da Câmara Municipal de São Paulo 10h &#8211; 11h As Eleições de 2012 Des. Walter de Almeida Guilerme, Ex-Presidente do Tribunal Regional Eleitoral de São Paulo 11h &#8211; 12:30 Gerenciamento de Presença Digital Política no Facebook Ricardo Sangion [&hellip;]</p>
