{"id":3187,"date":"2016-02-24T18:45:41","date_gmt":"2016-02-24T21:45:41","guid":{"rendered":"http:\/\/www.saopaulo.sp.leg.br\/escoladoparlamento\/?page_id=3187"},"modified":"2016-03-16T11:30:05","modified_gmt":"2016-03-16T14:30:05","slug":"cerimonial-publico-2012","status":"publish","type":"page","link":"https:\/\/www.saopaulo.sp.leg.br\/escoladoparlamento\/cursos\/cursos-anteriores\/cursos-realizados-em-2012\/cerimonial-publico-2012\/","title":{"rendered":"Cerimonial P\u00fablico 2012 1S"},"content":{"rendered":"<p><strong>Objetivo:<\/strong> Orientar sobre protocolo, preced\u00eancia, cerimonial e organiza\u00e7\u00e3o de eventos, no\u00e7\u00f5es de etiqueta, s\u00edmbolos nacionais, dentre outros assuntos, mostrando diversos cases para explicar na pr\u00e1tica como funciona.<\/p>\n<p><strong>P\u00fablico-Alvo:<\/strong> servidores da Casa e do poder p\u00fablico municipal, cidad\u00e3os em geral.<\/p>\n<p><strong>Carga Hor\u00e1ria:<\/strong> 16h<\/p>\n<p><strong>Programa\u00e7\u00e3o:<\/strong><\/p>\n<table>\n<tbody>\n<tr>\n<td><strong>Data<\/strong><\/td>\n<td><strong>Hora<\/strong><\/td>\n<td><strong>Local<\/strong><\/td>\n<td><strong>Palestrante<\/strong><\/td>\n<\/tr>\n<tr>\n<td><strong>01\/06<\/strong><\/td>\n<td>14h \u00e1s 18h<\/td>\n<td rowspan=\"4\">Sala S\u00e9rgio Vieira de Mello<\/td>\n<td rowspan=\"4\">Carlos Koji Takahashi<\/td>\n<\/tr>\n<tr>\n<td><strong>15\/06<\/strong><\/td>\n<td>14h \u00e1s 18h<\/td>\n<\/tr>\n<tr>\n<td><strong>22\/06<\/strong><\/td>\n<td>14h \u00e1s 18h<\/td>\n<\/tr>\n<tr>\n<td><strong>29\/06<\/strong><\/td>\n<td>15h \u00e1s 19h<\/td>\n<\/tr>\n<\/tbody>\n<\/table>\n<p><strong>Conte\u00fado: <\/strong>Cerimonial: Defini\u00e7\u00e3o, Origem e Finalidade; Protocolo: Defini\u00e7\u00e3o e Princ\u00edpio Norteador; Preced\u00eancia: Defini\u00e7\u00e3o, Indica\u00e7\u00e3o de preced\u00eancia em solenidades, Preced\u00eancia Federal, Estadual e Municipal e Estudo da Ordem Geral de Preced\u00eancia; Cerimonial e organiza\u00e7\u00e3o de Eventos: Planejamento, Elabora\u00e7\u00e3o e envio de convites, Mestre de Cerim\u00f4nias, Roteiro, Inaugura\u00e7\u00f5es, Semin\u00e1rios e Assinaturas, Composi\u00e7\u00e3o de Mesa, Cita\u00e7\u00f5es (uso dos pronomes de tratamento) e Fila de cumprimentos; No\u00e7\u00f5es de Etiqueta: Montagem de Mesa, Apresenta\u00e7\u00f5es e Vestimenta; S\u00edmbolos Nacionais: Apresenta\u00e7\u00e3o, Uso e disciplina; Reda\u00e7\u00e3o Protocolar<\/p>\n","protected":false},"excerpt":{"rendered":"<p>Objetivo: Orientar sobre protocolo, preced\u00eancia, cerimonial e organiza\u00e7\u00e3o de eventos, no\u00e7\u00f5es de etiqueta, s\u00edmbolos nacionais, dentre outros assuntos, mostrando diversos cases para explicar na pr\u00e1tica como funciona. P\u00fablico-Alvo: servidores da Casa e do poder p\u00fablico municipal, cidad\u00e3os em geral. Carga Hor\u00e1ria: 16h Programa\u00e7\u00e3o: Data Hora Local Palestrante 01\/06 14h \u00e1s 18h Sala S\u00e9rgio Vieira de [&hellip;]<\/p>\n","protected":false},"author":127,"featured_media":0,"parent":1339,"menu_order":598,"comment_status":"closed","ping_status":"closed","template":"","meta":{"_acf_changed":false,"footnotes":""},"class_list":["post-3187","page","type-page","status-publish","hentry"],"acf":[],"_links":{"self":[{"href":"https:\/\/www.saopaulo.sp.leg.br\/escoladoparlamento\/wp-json\/wp\/v2\/pages\/3187","targetHints":{"allow":["GET"]}}],"collection":[{"href":"https:\/\/www.saopaulo.sp.leg.br\/escoladoparlamento\/wp-json\/wp\/v2\/pages"}],"about":[{"href":"https:\/\/www.saopaulo.sp.leg.br\/escoladoparlamento\/wp-json\/wp\/v2\/types\/page"}],"author":[{"embeddable":true,"href":"https:\/\/www.saopaulo.sp.leg.br\/escoladoparlamento\/wp-json\/wp\/v2\/users\/127"}],"replies":[{"embeddable":true,"href":"https:\/\/www.saopaulo.sp.leg.br\/escoladoparlamento\/wp-json\/wp\/v2\/comments?post=3187"}],"version-history":[{"count":0,"href":"https:\/\/www.saopaulo.sp.leg.br\/escoladoparlamento\/wp-json\/wp\/v2\/pages\/3187\/revisions"}],"up":[{"embeddable":true,"href":"https:\/\/www.saopaulo.sp.leg.br\/escoladoparlamento\/wp-json\/wp\/v2\/pages\/1339"}],"wp:attachment":[{"href":"https:\/\/www.saopaulo.sp.leg.br\/escoladoparlamento\/wp-json\/wp\/v2\/media?parent=3187"}],"curies":[{"name":"wp","href":"https:\/\/api.w.org\/{rel}","templated":true}]}}

Cerimonial Público 2012 1S

<p><strong>Objetivo:</strong> Orientar sobre protocolo, precedência, cerimonial e organização de eventos, noções de etiqueta, símbolos nacionais, dentre outros assuntos, mostrando diversos cases para explicar na prática como funciona.</p>
<p><strong>Público-Alvo:</strong> servidores da Casa e do poder público municipal, cidadãos em geral.</p>
<p><strong>Carga Horária:</strong> 16h</p>
<p><strong>Programação:</strong></p>
<table>
<tbody>
<tr>
<td><strong>Data</strong></td>
<td><strong>Hora</strong></td>
<td><strong>Local</strong></td>
<td><strong>Palestrante</strong></td>
</tr>
<tr>
<td><strong>01/06</strong></td>
<td>14h ás 18h</td>
<td rowspan="4">Sala Sérgio Vieira de Mello</td>
<td rowspan="4">Carlos Koji Takahashi</td>
</tr>
<tr>
<td><strong>15/06</strong></td>
<td>14h ás 18h</td>
</tr>
<tr>
<td><strong>22/06</strong></td>
<td>14h ás 18h</td>
</tr>
<tr>
<td><strong>29/06</strong></td>
<td>15h ás 19h</td>
</tr>
</tbody>
</table>
<p><strong>Conteúdo: </strong>Cerimonial: Definição, Origem e Finalidade; Protocolo: Definição e Princípio Norteador; Precedência: Definição, Indicação de precedência em solenidades, Precedência Federal, Estadual e Municipal e Estudo da Ordem Geral de Precedência; Cerimonial e organização de Eventos: Planejamento, Elaboração e envio de convites, Mestre de Cerimônias, Roteiro, Inaugurações, Seminários e Assinaturas, Composição de Mesa, Citações (uso dos pronomes de tratamento) e Fila de cumprimentos; Noções de Etiqueta: Montagem de Mesa, Apresentações e Vestimenta; Símbolos Nacionais: Apresentação, Uso e disciplina; Redação Protocolar</p>

<p>Objetivo: Orientar sobre protocolo, precedência, cerimonial e organização de eventos, noções de etiqueta, símbolos nacionais, dentre outros assuntos, mostrando diversos cases para explicar na prática como funciona. Público-Alvo: servidores da Casa e do poder público municipal, cidadãos em geral. Carga Horária: 16h Programação: Data Hora Local Palestrante 01/06 14h ás 18h Sala Sérgio Vieira de [&hellip;]</p>
