{"id":3182,"date":"2016-02-24T18:31:40","date_gmt":"2016-02-24T21:31:40","guid":{"rendered":"http:\/\/www.saopaulo.sp.leg.br\/escoladoparlamento\/?page_id=3182"},"modified":"2016-02-24T18:31:40","modified_gmt":"2016-02-24T21:31:40","slug":"oficina-de-capacitacao-na-plataforma-sao-paulo-democratica","status":"publish","type":"page","link":"https:\/\/www.saopaulo.sp.leg.br\/escoladoparlamento\/cursos\/cursos-anteriores\/cursos-realizados-em-2012\/oficina-de-capacitacao-na-plataforma-sao-paulo-democratica\/","title":{"rendered":"Oficina de Capacita\u00e7\u00e3o na Plataforma &#8220;S\u00e3o Paulo Democr\u00e1tica&#8221;"},"content":{"rendered":"<p><strong>Objetivos: <\/strong>Capacitar assessores em t\u00e1ticas para atua\u00e7\u00e3o na web, potencializada e catalisada pela Plataforma S\u00e3o Paulo Democr\u00e1tica. Proporcionar que os assessores obtenham resultados concretos em termos de qualidade e respaldo do processo legislativo e de seus benef\u00edcios para sociedade.<\/p>\n<p><strong>Palestrantes:<\/strong> Rodrigo Bandeira, Henrique Parra Parra e Luciano Frontele<\/p>\n<p><strong>Quando:<\/strong><\/p>\n<p>TURMA 1: 16 e 23 de abril, das 9h \u00e0s 12h<\/p>\n<p>TURMA 2: 20 e 27 de abril, das 14h \u00e0s 17h<\/p>\n<p>SALA OSCAR PEDROSO HORTA, 1\u00ba SUBSOLO DA CMSP, Viaduto Jacare\u00ed, n\u00ba 100, Bela Vista<\/p>\n","protected":false},"excerpt":{"rendered":"<p>Objetivos: Capacitar assessores em t\u00e1ticas para atua\u00e7\u00e3o na web, potencializada e catalisada pela Plataforma S\u00e3o Paulo Democr\u00e1tica. Proporcionar que os assessores obtenham resultados concretos em termos de qualidade e respaldo do processo legislativo e de seus benef\u00edcios para sociedade. Palestrantes: Rodrigo Bandeira, Henrique Parra Parra e Luciano Frontele Quando: TURMA 1: 16 e 23 de [&hellip;]<\/p>\n","protected":false},"author":127,"featured_media":0,"parent":1339,"menu_order":600,"comment_status":"closed","ping_status":"closed","template":"","meta":{"_acf_changed":false,"footnotes":""},"class_list":["post-3182","page","type-page","status-publish","hentry"],"acf":[],"_links":{"self":[{"href":"https:\/\/www.saopaulo.sp.leg.br\/escoladoparlamento\/wp-json\/wp\/v2\/pages\/3182","targetHints":{"allow":["GET"]}}],"collection":[{"href":"https:\/\/www.saopaulo.sp.leg.br\/escoladoparlamento\/wp-json\/wp\/v2\/pages"}],"about":[{"href":"https:\/\/www.saopaulo.sp.leg.br\/escoladoparlamento\/wp-json\/wp\/v2\/types\/page"}],"author":[{"embeddable":true,"href":"https:\/\/www.saopaulo.sp.leg.br\/escoladoparlamento\/wp-json\/wp\/v2\/users\/127"}],"replies":[{"embeddable":true,"href":"https:\/\/www.saopaulo.sp.leg.br\/escoladoparlamento\/wp-json\/wp\/v2\/comments?post=3182"}],"version-history":[{"count":0,"href":"https:\/\/www.saopaulo.sp.leg.br\/escoladoparlamento\/wp-json\/wp\/v2\/pages\/3182\/revisions"}],"up":[{"embeddable":true,"href":"https:\/\/www.saopaulo.sp.leg.br\/escoladoparlamento\/wp-json\/wp\/v2\/pages\/1339"}],"wp:attachment":[{"href":"https:\/\/www.saopaulo.sp.leg.br\/escoladoparlamento\/wp-json\/wp\/v2\/media?parent=3182"}],"curies":[{"name":"wp","href":"https:\/\/api.w.org\/{rel}","templated":true}]}}

Oficina de Capacitação na Plataforma &#8220;São Paulo Democrática&#8221;

<p><strong>Objetivos: </strong>Capacitar assessores em táticas para atuação na web, potencializada e catalisada pela Plataforma São Paulo Democrática. Proporcionar que os assessores obtenham resultados concretos em termos de qualidade e respaldo do processo legislativo e de seus benefícios para sociedade.</p>
<p><strong>Palestrantes:</strong> Rodrigo Bandeira, Henrique Parra Parra e Luciano Frontele</p>
<p><strong>Quando:</strong></p>
<p>TURMA 1: 16 e 23 de abril, das 9h às 12h</p>
<p>TURMA 2: 20 e 27 de abril, das 14h às 17h</p>
<p>SALA OSCAR PEDROSO HORTA, 1º SUBSOLO DA CMSP, Viaduto Jacareí, nº 100, Bela Vista</p>

<p>Objetivos: Capacitar assessores em táticas para atuação na web, potencializada e catalisada pela Plataforma São Paulo Democrática. Proporcionar que os assessores obtenham resultados concretos em termos de qualidade e respaldo do processo legislativo e de seus benefícios para sociedade. Palestrantes: Rodrigo Bandeira, Henrique Parra Parra e Luciano Frontele Quando: TURMA 1: 16 e 23 de [&hellip;]</p>
