{"id":3176,"date":"2016-02-24T18:00:06","date_gmt":"2016-02-24T21:00:06","guid":{"rendered":"http:\/\/www.saopaulo.sp.leg.br\/escoladoparlamento\/?page_id=3176"},"modified":"2016-02-24T18:00:06","modified_gmt":"2016-02-24T21:00:06","slug":"seminario-em-celebracao-ao-dia-internacional-contra-a-corrupcao","status":"publish","type":"page","link":"https:\/\/www.saopaulo.sp.leg.br\/escoladoparlamento\/cursos\/cursos-anteriores\/cursos-realizados-em-2011\/seminario-em-celebracao-ao-dia-internacional-contra-a-corrupcao\/","title":{"rendered":"Semin\u00e1rio em celebra\u00e7\u00e3o ao Dia Internacional contra a Corrup\u00e7\u00e3o"},"content":{"rendered":"<p>A Conven\u00e7\u00e3o das Na\u00e7\u00f5es Unidas contra a Corrup\u00e7\u00e3o foi assinada por diversos pa\u00edses em 09 de dezembro de 2003, na cidade de M\u00e9rida, no M\u00e9xico. A proposta \u00e9 fortalecer a coopera\u00e7\u00e3o com outros pa\u00edses e com organismos internacionais para ampliar a preven\u00e7\u00e3o e o combate \u00e0 corrup\u00e7\u00e3o no mundo todo.<\/p>\n<p>Em refer\u00eancia a essa data, o 09 de dezembro foi ent\u00e3o institu\u00eddo como Dia Internacional contra a Corrup\u00e7\u00e3o. No Brasil, \u00e9 a Controladoria-Geral da Uni\u00e3o (CGU) que acompanha a implementa\u00e7\u00e3o da Conven\u00e7\u00e3o e de outros compromissos internacionais assumidos pelo Pa\u00eds, que tenham como objeto a preven\u00e7\u00e3o e o combate \u00e0 corrup\u00e7\u00e3o; assim, oferece semin\u00e1rio\u00a0de celebra\u00e7\u00e3o sobre o tema, contando com\u00a0o apoio da C\u00e2mara Municipal de S\u00e3o Paulo, por meio da Escola do Parlamento Paulistano.<\/p>\n<p>9h \u2013 Credenciamento<\/p>\n<p>9h30 \u2013 Abertura<\/p>\n<p>10h30 \u2013 Painel \u201cA sociedade no combate \u00e0 corrup\u00e7\u00e3o\u201d<\/p>\n<p>12h30 \u2013 Encerramento<\/p>\n<p>13h \u2013 Coffee Break<\/p>\n<p>A programa\u00e7\u00e3o contempla uma exposi\u00e7\u00e3o sobre as experi\u00eancias de sucesso empreendidas pela sociedade civil no combate \u00e0 corrup\u00e7\u00e3o, contando com a participa\u00e7\u00e3o das entidades: Amigos Associados de Ribeir\u00e3o Bonito \u2013 AMARRIBO, Artigo 19, Instituto Ethos e Movimento de Combate \u00e0 Corrup\u00e7\u00e3o Eleitoral \u2013 MCCE.<\/p>\n<p><strong>Data: 09 de dezembro de 2011<\/strong><\/p>\n<p><strong>Local: C\u00e2mara Municipal de S\u00e3o Paulo \u2013 Pal\u00e1cio Anchieta \u2013 Viaduto Jacare\u00ed, n\u00ba 100, Bela Vista, S\u00e3o Paulo, SP \u2013 Sal\u00e3o Nobre Jo\u00e3o Brasil Vita, 8\u00ba andar<\/strong><\/p>\n","protected":false},"excerpt":{"rendered":"<p>A Conven\u00e7\u00e3o das Na\u00e7\u00f5es Unidas contra a Corrup\u00e7\u00e3o foi assinada por diversos pa\u00edses em 09 de dezembro de 2003, na cidade de M\u00e9rida, no M\u00e9xico. A proposta \u00e9 fortalecer a coopera\u00e7\u00e3o com outros pa\u00edses e com organismos internacionais para ampliar a preven\u00e7\u00e3o e o combate \u00e0 corrup\u00e7\u00e3o no mundo todo. Em refer\u00eancia a essa data, [&hellip;]<\/p>\n","protected":false},"author":127,"featured_media":0,"parent":2592,"menu_order":602,"comment_status":"closed","ping_status":"closed","template":"","meta":{"_acf_changed":false,"footnotes":""},"class_list":["post-3176","page","type-page","status-publish","hentry"],"acf":[],"_links":{"self":[{"href":"https:\/\/www.saopaulo.sp.leg.br\/escoladoparlamento\/wp-json\/wp\/v2\/pages\/3176","targetHints":{"allow":["GET"]}}],"collection":[{"href":"https:\/\/www.saopaulo.sp.leg.br\/escoladoparlamento\/wp-json\/wp\/v2\/pages"}],"about":[{"href":"https:\/\/www.saopaulo.sp.leg.br\/escoladoparlamento\/wp-json\/wp\/v2\/types\/page"}],"author":[{"embeddable":true,"href":"https:\/\/www.saopaulo.sp.leg.br\/escoladoparlamento\/wp-json\/wp\/v2\/users\/127"}],"replies":[{"embeddable":true,"href":"https:\/\/www.saopaulo.sp.leg.br\/escoladoparlamento\/wp-json\/wp\/v2\/comments?post=3176"}],"version-history":[{"count":0,"href":"https:\/\/www.saopaulo.sp.leg.br\/escoladoparlamento\/wp-json\/wp\/v2\/pages\/3176\/revisions"}],"up":[{"embeddable":true,"href":"https:\/\/www.saopaulo.sp.leg.br\/escoladoparlamento\/wp-json\/wp\/v2\/pages\/2592"}],"wp:attachment":[{"href":"https:\/\/www.saopaulo.sp.leg.br\/escoladoparlamento\/wp-json\/wp\/v2\/media?parent=3176"}],"curies":[{"name":"wp","href":"https:\/\/api.w.org\/{rel}","templated":true}]}}

Seminário em celebração ao Dia Internacional contra a Corrupção

<p>A Convenção das Nações Unidas contra a Corrupção foi assinada por diversos países em 09 de dezembro de 2003, na cidade de Mérida, no México. A proposta é fortalecer a cooperação com outros países e com organismos internacionais para ampliar a prevenção e o combate à corrupção no mundo todo.</p>
<p>Em referência a essa data, o 09 de dezembro foi então instituído como Dia Internacional contra a Corrupção. No Brasil, é a Controladoria-Geral da União (CGU) que acompanha a implementação da Convenção e de outros compromissos internacionais assumidos pelo País, que tenham como objeto a prevenção e o combate à corrupção; assim, oferece seminário de celebração sobre o tema, contando com o apoio da Câmara Municipal de São Paulo, por meio da Escola do Parlamento Paulistano.</p>
<p>9h – Credenciamento</p>
<p>9h30 – Abertura</p>
<p>10h30 – Painel “A sociedade no combate à corrupção”</p>
<p>12h30 – Encerramento</p>
<p>13h – Coffee Break</p>
<p>A programação contempla uma exposição sobre as experiências de sucesso empreendidas pela sociedade civil no combate à corrupção, contando com a participação das entidades: Amigos Associados de Ribeirão Bonito – AMARRIBO, Artigo 19, Instituto Ethos e Movimento de Combate à Corrupção Eleitoral – MCCE.</p>
<p><strong>Data: 09 de dezembro de 2011</strong></p>
<p><strong>Local: Câmara Municipal de São Paulo – Palácio Anchieta – Viaduto Jacareí, nº 100, Bela Vista, São Paulo, SP – Salão Nobre João Brasil Vita, 8º andar</strong></p>

<p>A Convenção das Nações Unidas contra a Corrupção foi assinada por diversos países em 09 de dezembro de 2003, na cidade de Mérida, no México. A proposta é fortalecer a cooperação com outros países e com organismos internacionais para ampliar a prevenção e o combate à corrupção no mundo todo. Em referência a essa data, [&hellip;]</p>
