{"id":3165,"date":"2016-02-24T16:17:22","date_gmt":"2016-02-24T19:17:22","guid":{"rendered":"http:\/\/www.saopaulo.sp.leg.br\/escoladoparlamento\/?page_id=3165"},"modified":"2016-02-24T16:32:36","modified_gmt":"2016-02-24T19:32:36","slug":"o-processo-legislativo","status":"publish","type":"page","link":"https:\/\/www.saopaulo.sp.leg.br\/escoladoparlamento\/cursos\/cursos-anteriores\/cursos-realizados-em-2012\/o-processo-legislativo\/","title":{"rendered":"O Processo Legislativo"},"content":{"rendered":"<p>A proposta de curso sobre \u201cProcesso Legislativo\u201d corresponde \u00e0 necessidade de estudo e de divulga\u00e7\u00e3o criteriosa acerca das pr\u00e1ticas \u2013 institucionais, regimentais e pol\u00edticas \u2013 que constituem o objeto pr\u00f3prio do Poder Legislativo, qual seja, a formula\u00e7\u00e3o de mat\u00e9rias atinentes \u00e0 vida social e sua transforma\u00e7\u00e3o em leis, o que exige n\u00e3o apenas o dom\u00ednio t\u00e9cnico do \u201ccomo fazer\u201d, mas tamb\u00e9m o dom\u00ednio da \u201ccoisa\u201d pol\u00edtica.<\/p>\n<p>Desta forma, a presente proposi\u00e7\u00e3o permitir\u00e1, desde que executada, iniciar a\u00e7\u00f5es pedag\u00f3gicas no campo formativo, seja dos Servidores de Gabinetes de Vereadores, seja, tamb\u00e9m, da popula\u00e7\u00e3o interessada; ou ainda,\u00a0iniciar um processo consequente de registro, ac\u00famulo e cr\u00edtica inovadora das pr\u00e1ticas realizadas e de seus fundamentos pol\u00edtico-burocr\u00e1ticos.<\/p>\n<p><strong>Objetivos Gerais : <\/strong>Permitir aos participantes a compreens\u00e3o acerca do funcionamento do Poder Legislativo no \u00e2mbito do Munic\u00edpio de S\u00e3o Paulo. Propiciar aos participantes o conhecimento acerca do processo legislativo, tanto no que diz respeito \u00e0s pr\u00e1ticas procedimentais que lhe s\u00e3o constitutivas, quanto, tamb\u00e9m, nos aspectos relativos \u00e0 pr\u00e1tica pol\u00edtica que o caracteriza.<\/p>\n<p><strong>Objetivos espec\u00edficos: <\/strong>Permitir aos participantes a compreens\u00e3o acerca das fun\u00e7\u00f5es fundamentais da C\u00e2mara Municipal de S\u00e3o Paulo; instrumentalizar os participantes quanto \u00e0 identifica\u00e7\u00e3o das estruturas organizacionais envolvidas no processo legislativo; propiciar ao participante o conhecimento e identifica\u00e7\u00e3o dos dispositivos e instrumentos legais que fundamentam o processo legislativo; desenvolver o conhecimento dos participantes acerca dos documentos, procedimentos e tr\u00e2mites, que constituem o Processo Legislativo; favorecer a compreens\u00e3o acerca das fun\u00e7\u00f5es prec\u00edpuas do agente pol\u00edtico e do agente profissional que presta consultoria e assessoramento.<\/p>\n<p><strong>P\u00fablico-alvo: <\/strong>Funcion\u00e1rios da CMSP; Servidores dos Gabinetes de Vereadores da CMSP; Membros de Organiza\u00e7\u00f5es da Sociedade Civil; Vereadores, funcion\u00e1rios e servidores de C\u00e2maras Municipais que comp\u00f5em o Parlamento.<\/p>\n<p><strong>Coordena\u00e7\u00e3o:<\/strong> Leonardo Barbagallo<\/p>\n<p><strong>Programa:<\/strong><\/p>\n<table>\n<tbody>\n<tr>\n<td><strong>Data<\/strong><\/td>\n<td><strong>Hora<\/strong><\/td>\n<td><strong>Local<\/strong><\/td>\n<td><strong>Tema<\/strong><\/td>\n<td><strong>Palestrante<\/strong><\/td>\n<\/tr>\n<tr>\n<td><strong>13\/08<\/strong><\/td>\n<td>15h-18h<\/td>\n<td>Sala S\u00e9rgio Vieira de Mello<\/td>\n<td>Introdu\u00e7\u00e3o: Sobre as teorias e a realidade brasileira relativamente \u00e0 divis\u00e3o dos Poderes do Estado, enfatizando o Poder Legislativo, suas prerrogativas e fun\u00e7\u00f5es no plano municipal; estrutura organizacional e funcionamento da CMSP, focando a diferencia\u00e7\u00e3o e atribui\u00e7\u00f5es prec\u00edpuas das \u00e1reas administrativas e da \u00e1rea parlamentar.<\/td>\n<td>Allan Rodrigues Dias e Leonardo Barbagallo e Roberto Tadeu Noritomi<\/td>\n<\/tr>\n<tr>\n<td><strong>16\/08<\/strong><\/td>\n<td>15h-18h<\/td>\n<td>Sala S\u00e9rgio Vieira de Mello<\/td>\n<td>A \u00e1rea pol\u00edtica na CMSP Plen\u00e1rio; Comiss\u00f5es, Lideran\u00e7as; Gabinetes de Vereador.<\/td>\n<td>Karen Lima Vieira e Alexandre A. L. da Fonseca<\/td>\n<\/tr>\n<tr>\n<td><strong>17\/08<\/strong><\/td>\n<td>15h-18h<\/td>\n<td>Sala S\u00e9rgio Vieira de Mello<\/td>\n<td>O Processo Legislativo: O Projeto de Lei: Iniciativa e proposi\u00e7\u00e3o do agente pol\u00edtico; sobre as quest\u00f5es e os aspectos relativos \u00e0 constitucionalidade das mat\u00e9rias apresentadas.<\/td>\n<td>Caio M. de Carvalho Giannini e Marcela Falbo Giacaglia<\/td>\n<\/tr>\n<tr>\n<td><strong>20\/08<\/strong><\/td>\n<td>15h-18h<\/td>\n<td>Sala S\u00e9rgio Vieira de Mello<\/td>\n<td>O trabalho das Consultorias: fun\u00e7\u00f5es, atribui\u00e7\u00f5es e fundamentos para a pr\u00e1tica de consultoria<\/td>\n<td>Gilberto Rodrigues Hashimoto e Jos\u00e9 G. Cocco Jr e Simone Fantucci<\/td>\n<\/tr>\n<tr>\n<td><strong>23\/08<\/strong><\/td>\n<td>15h-18h<\/td>\n<td>Sala S\u00e9rgio Vieira de Mello<\/td>\n<td>O trabalho das Consultorias: Projetos de Lei e quest\u00f5es pr\u00f3prias \u00e0 Consultoria de Urbanismo e de Meio-ambiente; projetos de Lei e quest\u00f5es pr\u00f3prias \u00e0 Consultoria da \u00c1rea Social.<\/td>\n<td>Pedro Campones R. Santos e Simone Fantucci<\/td>\n<\/tr>\n<tr>\n<td><strong>24\/08<\/strong><\/td>\n<td>15h-18h<\/td>\n<td>Sala S\u00e9rgio Vieira de Mello<\/td>\n<td>\u00a0O Suporte administrativo: do processo legislativo. Sobre os procedimentos administrativos presentes na consecu\u00e7\u00e3o<\/td>\n<td>Adela Duarte \u00c1lvarez<\/td>\n<\/tr>\n<\/tbody>\n<\/table>\n","protected":false},"excerpt":{"rendered":"<p>A proposta de curso sobre \u201cProcesso Legislativo\u201d corresponde \u00e0 necessidade de estudo e de divulga\u00e7\u00e3o criteriosa acerca das pr\u00e1ticas \u2013 institucionais, regimentais e pol\u00edticas \u2013 que constituem o objeto pr\u00f3prio do Poder Legislativo, qual seja, a formula\u00e7\u00e3o de mat\u00e9rias atinentes \u00e0 vida social e sua transforma\u00e7\u00e3o em leis, o que exige n\u00e3o apenas o dom\u00ednio [&hellip;]<\/p>\n","protected":false},"author":127,"featured_media":0,"parent":1339,"menu_order":605,"comment_status":"closed","ping_status":"closed","template":"","meta":{"_acf_changed":false,"footnotes":""},"class_list":["post-3165","page","type-page","status-publish","hentry"],"acf":[],"_links":{"self":[{"href":"https:\/\/www.saopaulo.sp.leg.br\/escoladoparlamento\/wp-json\/wp\/v2\/pages\/3165","targetHints":{"allow":["GET"]}}],"collection":[{"href":"https:\/\/www.saopaulo.sp.leg.br\/escoladoparlamento\/wp-json\/wp\/v2\/pages"}],"about":[{"href":"https:\/\/www.saopaulo.sp.leg.br\/escoladoparlamento\/wp-json\/wp\/v2\/types\/page"}],"author":[{"embeddable":true,"href":"https:\/\/www.saopaulo.sp.leg.br\/escoladoparlamento\/wp-json\/wp\/v2\/users\/127"}],"replies":[{"embeddable":true,"href":"https:\/\/www.saopaulo.sp.leg.br\/escoladoparlamento\/wp-json\/wp\/v2\/comments?post=3165"}],"version-history":[{"count":0,"href":"https:\/\/www.saopaulo.sp.leg.br\/escoladoparlamento\/wp-json\/wp\/v2\/pages\/3165\/revisions"}],"up":[{"embeddable":true,"href":"https:\/\/www.saopaulo.sp.leg.br\/escoladoparlamento\/wp-json\/wp\/v2\/pages\/1339"}],"wp:attachment":[{"href":"https:\/\/www.saopaulo.sp.leg.br\/escoladoparlamento\/wp-json\/wp\/v2\/media?parent=3165"}],"curies":[{"name":"wp","href":"https:\/\/api.w.org\/{rel}","templated":true}]}}

<p>A proposta de curso sobre “Processo Legislativo” corresponde à necessidade de estudo e de divulgação criteriosa acerca das práticas – institucionais, regimentais e políticas – que constituem o objeto próprio do Poder Legislativo, qual seja, a formulação de matérias atinentes à vida social e sua transformação em leis, o que exige não apenas o domínio técnico do “como fazer”, mas também o domínio da “coisa” política.</p>
<p>Desta forma, a presente proposição permitirá, desde que executada, iniciar ações pedagógicas no campo formativo, seja dos Servidores de Gabinetes de Vereadores, seja, também, da população interessada; ou ainda, iniciar um processo consequente de registro, acúmulo e crítica inovadora das práticas realizadas e de seus fundamentos político-burocráticos.</p>
<p><strong>Objetivos Gerais : </strong>Permitir aos participantes a compreensão acerca do funcionamento do Poder Legislativo no âmbito do Município de São Paulo. Propiciar aos participantes o conhecimento acerca do processo legislativo, tanto no que diz respeito às práticas procedimentais que lhe são constitutivas, quanto, também, nos aspectos relativos à prática política que o caracteriza.</p>
<p><strong>Objetivos específicos: </strong>Permitir aos participantes a compreensão acerca das funções fundamentais da Câmara Municipal de São Paulo; instrumentalizar os participantes quanto à identificação das estruturas organizacionais envolvidas no processo legislativo; propiciar ao participante o conhecimento e identificação dos dispositivos e instrumentos legais que fundamentam o processo legislativo; desenvolver o conhecimento dos participantes acerca dos documentos, procedimentos e trâmites, que constituem o Processo Legislativo; favorecer a compreensão acerca das funções precípuas do agente político e do agente profissional que presta consultoria e assessoramento.</p>
<p><strong>Público-alvo: </strong>Funcionários da CMSP; Servidores dos Gabinetes de Vereadores da CMSP; Membros de Organizações da Sociedade Civil; Vereadores, funcionários e servidores de Câmaras Municipais que compõem o Parlamento.</p>
<p><strong>Coordenação:</strong> Leonardo Barbagallo</p>
<p><strong>Programa:</strong></p>
<table>
<tbody>
<tr>
<td><strong>Data</strong></td>
<td><strong>Hora</strong></td>
<td><strong>Local</strong></td>
<td><strong>Tema</strong></td>
<td><strong>Palestrante</strong></td>
</tr>
<tr>
<td><strong>13/08</strong></td>
<td>15h-18h</td>
<td>Sala Sérgio Vieira de Mello</td>
<td>Introdução: Sobre as teorias e a realidade brasileira relativamente à divisão dos Poderes do Estado, enfatizando o Poder Legislativo, suas prerrogativas e funções no plano municipal; estrutura organizacional e funcionamento da CMSP, focando a diferenciação e atribuições precípuas das áreas administrativas e da área parlamentar.</td>
<td>Allan Rodrigues Dias e Leonardo Barbagallo e Roberto Tadeu Noritomi</td>
</tr>
<tr>
<td><strong>16/08</strong></td>
<td>15h-18h</td>
<td>Sala Sérgio Vieira de Mello</td>
<td>A área política na CMSP Plenário; Comissões, Lideranças; Gabinetes de Vereador.</td>
<td>Karen Lima Vieira e Alexandre A. L. da Fonseca</td>
</tr>
<tr>
<td><strong>17/08</strong></td>
<td>15h-18h</td>
<td>Sala Sérgio Vieira de Mello</td>
<td>O Processo Legislativo: O Projeto de Lei: Iniciativa e proposição do agente político; sobre as questões e os aspectos relativos à constitucionalidade das matérias apresentadas.</td>
<td>Caio M. de Carvalho Giannini e Marcela Falbo Giacaglia</td>
</tr>
<tr>
<td><strong>20/08</strong></td>
<td>15h-18h</td>
<td>Sala Sérgio Vieira de Mello</td>
<td>O trabalho das Consultorias: funções, atribuições e fundamentos para a prática de consultoria</td>
<td>Gilberto Rodrigues Hashimoto e José G. Cocco Jr e Simone Fantucci</td>
</tr>
<tr>
<td><strong>23/08</strong></td>
<td>15h-18h</td>
<td>Sala Sérgio Vieira de Mello</td>
<td>O trabalho das Consultorias: Projetos de Lei e questões próprias à Consultoria de Urbanismo e de Meio-ambiente; projetos de Lei e questões próprias à Consultoria da Área Social.</td>
<td>Pedro Campones R. Santos e Simone Fantucci</td>
</tr>
<tr>
<td><strong>24/08</strong></td>
<td>15h-18h</td>
<td>Sala Sérgio Vieira de Mello</td>
<td> O Suporte administrativo: do processo legislativo. Sobre os procedimentos administrativos presentes na consecução</td>
<td>Adela Duarte Álvarez</td>
</tr>
</tbody>
</table>

<p>A proposta de curso sobre “Processo Legislativo” corresponde à necessidade de estudo e de divulgação criteriosa acerca das práticas – institucionais, regimentais e políticas – que constituem o objeto próprio do Poder Legislativo, qual seja, a formulação de matérias atinentes à vida social e sua transformação em leis, o que exige não apenas o domínio [&hellip;]</p>
