{"id":3163,"date":"2016-02-24T15:15:30","date_gmt":"2016-02-24T18:15:30","guid":{"rendered":"http:\/\/www.saopaulo.sp.leg.br\/escoladoparlamento\/?page_id=3163"},"modified":"2017-03-14T18:14:35","modified_gmt":"2017-03-14T21:14:35","slug":"temas-e-valores-da-primeira-cultura-brasileira","status":"publish","type":"page","link":"https:\/\/www.saopaulo.sp.leg.br\/escoladoparlamento\/cursos\/cursos-anteriores\/cursos-realizados-em-2011\/temas-e-valores-da-primeira-cultura-brasileira\/","title":{"rendered":"Temas e Valores da Primeira Cultura Brasileira"},"content":{"rendered":"<p><strong>Novembro: <\/strong>dia 04, sexta-feira, das 10h30 \u00e0s 13h horas<\/p>\n<p><strong>Sala Ten\u00f3rio de Lima (sala C) \u2013 45 vagas<\/strong><\/p>\n<p><strong>Objetivos:<\/strong> Abordar os contrastes entre a vis\u00e3o de Am\u00e9rica e a vis\u00e3o de Brasil dos primeiros cronistas, ou seja, dos primeiros observadores da realidade f\u00edsica e humana do continente, em compara\u00e7\u00e3o com a vis\u00e3o de autores do s\u00e9culo 18.<\/p>\n<p><strong>Ementa<\/strong>:\u00a0 Valendo-se da experi\u00eancia adquirida em suas respectivas \u00e1reas de estudos, os palestrantes procurar\u00e3o tra\u00e7ar um panorama de nossa primeira forma\u00e7\u00e3o cultural, tratando para tanto de temas relevantes como a difus\u00e3o da l\u00edngua geral, a educa\u00e7\u00e3o pelos cl\u00e1ssicos, o contraste entre a vis\u00e3o de mundo dos fundadores e a dos modernos e a atividade econ\u00f4mica nos dois primeiros s\u00e9culos.<\/p>\n<p><strong><em>10h30 \u00e0s 11h<\/em><\/strong> \u2013 \u201cBrasilica latinitas\u201d<\/p>\n<p><strong>Jos\u00e9 Rodrigues Seabra Filho <\/strong>\u00a0&#8211; Livre-docente pela Universidade de S\u00e3o Paulo, onde atualmente \u00e9 Professor Associado. Sua \u00e1rea de especializa\u00e7\u00e3o \u00e9 Gram\u00e1tica Latina e tradu\u00e7\u00e3o de textos do latim cl\u00e1ssico.<\/p>\n<p><strong><em>11h \u00e0s 11h30<\/em><\/strong> \u2013 \u201cO Brasil sob o signo da sua funda\u00e7\u00e3o e da sua transfigura\u00e7\u00e3o\u201d<\/p>\n<p><strong>Luiz Antonio Lindo <\/strong>&#8211; Doutorado em Letras (Letras Cl\u00e1ssicas) pela Universidade de S\u00e3o Paulo, onde \u00e9 Professor-Doutor na \u00e1rea de Filologia Rom\u00e2nica.<\/p>\n<p><strong><em>11h30 \u00e0s 11h50<\/em><\/strong> \u2013 Caf\u00e9<\/p>\n<p><strong><em>11h50 \u00e0s 12h20<\/em><\/strong> \u2013 \u201cA economia brasileira nos s\u00e9culos XVI e XVII\u201d<\/p>\n<p><strong>M\u00e1rcio Bobik <\/strong>&#8211; Professor Livre-docente do Departamento de Economia da Universidade de S\u00e3o Paulo, Campus de Ribeir\u00e3o Preto. Possui como projetos de pesquisa: Integra\u00e7\u00e3o Econ\u00f4mica Regional na Am\u00e9rica Latina; Economia da Am\u00e9rica Latina; Hist\u00f3ria do Pensamento Econ\u00f4mica da Am\u00e9rica Latina.<\/p>\n<p><strong><em>12h20 \u00e0s 13h<\/em><\/strong> \u2013 Debates<\/p>\n","protected":false},"excerpt":{"rendered":"<p>Novembro: dia 04, sexta-feira, das 10h30 \u00e0s 13h horas Sala Ten\u00f3rio de Lima (sala C) \u2013 45 vagas Objetivos: Abordar os contrastes entre a vis\u00e3o de Am\u00e9rica e a vis\u00e3o de Brasil dos primeiros cronistas, ou seja, dos primeiros observadores da realidade f\u00edsica e humana do continente, em compara\u00e7\u00e3o com a vis\u00e3o de autores do [&hellip;]<\/p>\n","protected":false},"author":127,"featured_media":0,"parent":2592,"menu_order":606,"comment_status":"closed","ping_status":"closed","template":"","meta":{"_acf_changed":false,"footnotes":""},"class_list":["post-3163","page","type-page","status-publish","hentry"],"acf":[],"_links":{"self":[{"href":"https:\/\/www.saopaulo.sp.leg.br\/escoladoparlamento\/wp-json\/wp\/v2\/pages\/3163","targetHints":{"allow":["GET"]}}],"collection":[{"href":"https:\/\/www.saopaulo.sp.leg.br\/escoladoparlamento\/wp-json\/wp\/v2\/pages"}],"about":[{"href":"https:\/\/www.saopaulo.sp.leg.br\/escoladoparlamento\/wp-json\/wp\/v2\/types\/page"}],"author":[{"embeddable":true,"href":"https:\/\/www.saopaulo.sp.leg.br\/escoladoparlamento\/wp-json\/wp\/v2\/users\/127"}],"replies":[{"embeddable":true,"href":"https:\/\/www.saopaulo.sp.leg.br\/escoladoparlamento\/wp-json\/wp\/v2\/comments?post=3163"}],"version-history":[{"count":0,"href":"https:\/\/www.saopaulo.sp.leg.br\/escoladoparlamento\/wp-json\/wp\/v2\/pages\/3163\/revisions"}],"up":[{"embeddable":true,"href":"https:\/\/www.saopaulo.sp.leg.br\/escoladoparlamento\/wp-json\/wp\/v2\/pages\/2592"}],"wp:attachment":[{"href":"https:\/\/www.saopaulo.sp.leg.br\/escoladoparlamento\/wp-json\/wp\/v2\/media?parent=3163"}],"curies":[{"name":"wp","href":"https:\/\/api.w.org\/{rel}","templated":true}]}}

<p><strong>Novembro: </strong>dia 04, sexta-feira, das 10h30 às 13h horas</p>
<p><strong>Sala Tenório de Lima (sala C) – 45 vagas</strong></p>
<p><strong>Objetivos:</strong> Abordar os contrastes entre a visão de América e a visão de Brasil dos primeiros cronistas, ou seja, dos primeiros observadores da realidade física e humana do continente, em comparação com a visão de autores do século 18.</p>
<p><strong>Ementa</strong>:  Valendo-se da experiência adquirida em suas respectivas áreas de estudos, os palestrantes procurarão traçar um panorama de nossa primeira formação cultural, tratando para tanto de temas relevantes como a difusão da língua geral, a educação pelos clássicos, o contraste entre a visão de mundo dos fundadores e a dos modernos e a atividade econômica nos dois primeiros séculos.</p>
<p><strong><em>10h30 às 11h</em></strong> – “Brasilica latinitas”</p>
<p><strong>José Rodrigues Seabra Filho </strong> &#8211; Livre-docente pela Universidade de São Paulo, onde atualmente é Professor Associado. Sua área de especialização é Gramática Latina e tradução de textos do latim clássico.</p>
<p><strong><em>11h às 11h30</em></strong> – “O Brasil sob o signo da sua fundação e da sua transfiguração”</p>
<p><strong>Luiz Antonio Lindo </strong>&#8211; Doutorado em Letras (Letras Clássicas) pela Universidade de São Paulo, onde é Professor-Doutor na área de Filologia Românica.</p>
<p><strong><em>11h30 às 11h50</em></strong> – Café</p>
<p><strong><em>11h50 às 12h20</em></strong> – “A economia brasileira nos séculos XVI e XVII”</p>
<p><strong>Márcio Bobik </strong>&#8211; Professor Livre-docente do Departamento de Economia da Universidade de São Paulo, Campus de Ribeirão Preto. Possui como projetos de pesquisa: Integração Econômica Regional na América Latina; Economia da América Latina; História do Pensamento Econômica da América Latina.</p>
<p><strong><em>12h20 às 13h</em></strong> – Debates</p>

<p>Novembro: dia 04, sexta-feira, das 10h30 às 13h horas Sala Tenório de Lima (sala C) – 45 vagas Objetivos: Abordar os contrastes entre a visão de América e a visão de Brasil dos primeiros cronistas, ou seja, dos primeiros observadores da realidade física e humana do continente, em comparação com a visão de autores do [&hellip;]</p>
