{"id":3079,"date":"2016-02-19T19:15:30","date_gmt":"2016-02-19T21:15:30","guid":{"rendered":"http:\/\/www.saopaulo.sp.leg.br\/escoladoparlamento\/?page_id=3079"},"modified":"2018-03-08T21:29:15","modified_gmt":"2018-03-09T00:29:15","slug":"literatura-paulistana","status":"publish","type":"page","link":"https:\/\/www.saopaulo.sp.leg.br\/escoladoparlamento\/cursos\/cursos-anteriores\/cursos-realizados-em-2014\/literatura-paulistana\/","title":{"rendered":"Literatura Paulistana"},"content":{"rendered":"<p><strong>Data:<\/strong> De 17 a 30 de abril de 2013<\/p>\n<p><strong>Hor\u00e1rio:<\/strong> 19h \u00e0s 21h30<\/p>\n<p><strong>Local:<\/strong> C\u00e2mara Municipal de S\u00e3o Paulo &#8211; Sala Oscar Pedroso Horta \u2013 1\u00ba Subsolo<\/p>\n<p><strong>P\u00fablico-Alvo<\/strong>: Cidad\u00e3os em geral, servidores da Casa e do poder p\u00fablico municipal<\/p>\n<p><strong>Vagas<\/strong>: 60<\/p>\n<p><strong>Carga Hor\u00e1ria:<\/strong>\u00a025h (10 encontros de 2,5h)<\/p>\n<p><strong>Objetivo-Geral<\/strong>: \u00a0Caracterizar os conceitos de literatura-lingu\u00edstica-l\u00edngua-linguagem e o problema de referencialidade liter\u00e1ria. Oferecer no\u00e7\u00e3o das particularidades da hist\u00f3ria de S\u00e3o Paulo e os limites da intera\u00e7\u00e3o literatura-hist\u00f3ria.<\/p>\n<p><strong>Ementa:<\/strong> Abordagem do tema literatura paulistana, identificando os elementos essenciais para o conhecimento da evolu\u00e7\u00e3o da literatura produzida na &#8220;cidade&#8221; de S\u00e3o Paulo, desde seus antecedentes (s\u00e9culo XVI) at\u00e9 \u00e0s manifesta\u00e7\u00f5es na fic\u00e7\u00e3o contempor\u00e2nea (s\u00e9culo XXI). Apresenta\u00e7\u00e3o de textos dos principais autores &#8220;paulistanos&#8221;, colaborando para que, ao final do curso, cada participante possa: ter uma vis\u00e3o de conjunto da literatura paulistana; conhecer a hist\u00f3ria e a cultura paulistanas atrav\u00e9s dos textos; integrar a literatura paulista na sua cultura pessoal.<\/p>\n<p><strong>Professora:<\/strong> Mariana Estevam<\/p>\n<p>Professora de Literaturas Brasileira, Portuguesa, Russa e Canadense, e de L\u00ednguas Portuguesa e Francesa. Graduada em Letras pela USP \u2013 bacharelado pela FFLCH-USP e Licenciatura Plena pela FEUSP. P\u00f3s-graduada em \u00c9tudes Litteraires pela UQ\u00c0M\u00a0 Montreal (Canad\u00e1), e em Humanidades &#8211; Forma\u00e7\u00e3o de Professores do Magist\u00e9rio Superior pelo Instituto Federal S\u00e3o Paulo. Foi professora assistente na UQAM Universidade do Quebec em\u00a0\u00a0Montreal, onde\u00a0\u00a0lecionou portugu\u00eas, literatura e cultura brasileira. Lecionou l\u00edngua francesa para o curso de p\u00f3s-gradua\u00e7\u00e3o do IFSP e no ILP da ALESP. Elaborou e ministrou v\u00e1rios cursos de Literatura Paulista e de Literatura e Pol\u00edtica no Instituto do Legislativo Paulista (ILP) da Assembleia Legislativa do Estado de S\u00e3o Paulo, onde \u00e9 funcion\u00e1ria efetiva.<\/p>\n<p><strong>Programa\u00e7\u00e3o:<\/strong><\/p>\n<table>\n<tbody>\n<tr>\n<td><strong>Data<\/strong><\/td>\n<td><strong>Tema<\/strong><\/td>\n<\/tr>\n<tr>\n<td>17\/04<\/td>\n<td>Palestra Inaugural: \u201c Literatura e seu aprendizado\u201d (Jo\u00e3o Silv\u00e9rio Trevisan)<\/td>\n<\/tr>\n<tr>\n<td>18\/04<\/td>\n<td>\n<ul>\n<li>Apresenta\u00e7\u00e3o do curso<\/li>\n<li>Apresenta\u00e7\u00e3o dos conceitos lingu\u00edsticos de base e das teorias liter\u00e1rias<\/li>\n<li>Primeiro Momento: Colonial &#8211; Literatura de Informa\u00e7\u00e3o<\/li>\n<li>Trecho de A Carta de Caminha (que ser\u00e1 retomado no Modernismo por Oswald de Andrade)<\/li>\n<li>Segundo Momento: Col\u00f4nia \u2013 Bandeirismo \u2013 Literatura Jesu\u00edtica (Catequ\u00e9tica) \u2013 Jos\u00e9 de Anchieta<\/li>\n<\/ul>\n<p>A <em>Arte da Gram\u00e1tica mais Usada na Costa do Brasil<\/em><\/p>\n<ul>\n<li>Greg\u00f3rio de Matos (BA) \u2013 Pe. Vieira<\/li>\n<li>Os Bandeirantes &#8211; Arcadismo (MG)<\/li>\n<\/ul>\n<p>Jos\u00e9 Bonif\u00e1cio de Andrada e Silva, Vila Rica (Cl\u00e1udio Manoel da Costa)<\/p>\n<p><em>As Minas de Prata <\/em>(Jos\u00e9 de Alencar),<\/p>\n<p><em>A Muralha <\/em>(Dinah Silveira de Queiroz)<\/p>\n<p>&nbsp;<\/td>\n<\/tr>\n<tr>\n<td>19\/04<\/td>\n<td>\n<ul>\n<li>Imp\u00e9rio &#8211; Romantismo \u2013 Faculdade de Direito do Largo S\u00e3o Francisco<\/li>\n<\/ul>\n<p>\u00c1lvares de Azedo (<em>Lira dos Vinte Anos<\/em>, <em>Noite na Taverna<\/em> e <em>Mac\u00e1rio<\/em>), Castro Alves (<em>Espumas Flutuantes<\/em>), Fagundes Varela, Bernardo Guimar\u00e3es Jos\u00e9 Bonif\u00e1cio, o Mo\u00e7o, Paulo Eir\u00f3 e outros.<\/td>\n<\/tr>\n<tr>\n<td>22\/04<\/td>\n<td>\n<ul>\n<li>Imp\u00e9rio &#8211; Realismo \u2013 Naturalismo \u2013 Romance<\/li>\n<\/ul>\n<p>J\u00falio Ribeiro, Ingl\u00eas de Sousa<\/p>\n<ul>\n<li>Aboli\u00e7\u00e3o &#8211; Fim do Imp\u00e9rio \u2013 A Queda<\/li>\n<\/ul>\n<\/td>\n<\/tr>\n<tr>\n<td valign=\"top\" width=\"123\">23\/04<\/p>\n<p>&nbsp;<\/td>\n<td>\n<ul>\n<li>Rep\u00fablica \u2013 1\u00aa. Rep\u00fablica \u2013 Pr\u00e9 Modernismo<\/li>\n<\/ul>\n<p>&#8211; A vida no interior de S\u00e3o Paulo:<\/p>\n<p>Monteiro Lobato (<em>Cidades Mortas, Urup\u00eas, Negrinha<\/em>)<\/p>\n<p>Valdomiro (Waldomiro) Silveira (<em>Os Caboclos<\/em>) e Corn\u00e9lio Pires<\/p>\n<p>&#8211; A vida noturna da Capital paulista: Hil\u00e1rio T\u00e1cito (<em>Madame Pommery)<\/em><\/td>\n<\/tr>\n<tr>\n<td width=\"123\">24\/04<\/td>\n<td>\n<ul>\n<li>Rep\u00fablica \u2013 1\u00aa. Rep\u00fablica Modernismo \u2013 1\u00aa. Gera\u00e7\u00e3o<\/li>\n<\/ul>\n<p>A Semana de Arte Moderna (1922)<\/p>\n<p>M\u00e1rio de Andrade, Movimento Antropof\u00e1gico, Oswald de Andrade, Pagu<\/td>\n<\/tr>\n<tr>\n<td>25\/04<\/td>\n<td>\n<ul>\n<li>Rep\u00fablica \u2013 1\u00aa. Rep\u00fablica Modernismo &#8211; 1\u00aa. Gera\u00e7\u00e3o<\/li>\n<\/ul>\n<p>Alc\u00e2ntara Machado <em>(Br\u00e1s, Bexiga e Barra Funda)<\/em><\/p>\n<p>Ju\u00f3 Bananere <em>(La Divina Increnca)<\/em><\/p>\n<p>Guilherme de Almeida, Menotti Del Picchia, S\u00e9rgio Milliet, Cassiano Ricardo<\/td>\n<\/tr>\n<tr>\n<td>26\/04<\/td>\n<td>\n<ul>\n<li>Rep\u00fablica \u2013 2\u00aa. Rep\u00fablica Modernismo &#8211; 2\u00aa. Gera\u00e7\u00e3o e 3\u00aa. Gera\u00e7\u00e3o \u2013 Literatura Contempor\u00e2nea<\/li>\n<\/ul>\n<p>D\u00e9cio Pignatari, Antonio C\u00e2ndido, Hilda Hilst, Paulo Bomfim, Lygia Fagundes Telles (<em>As Meninas<\/em>, <em>Venha ver o p\u00f4r do sol<\/em>, <em>Antes do Baile Verde<\/em>, <em>Semin\u00e1rio dos Ratos<\/em>)<\/td>\n<\/tr>\n<tr>\n<td>29\/04<\/p>\n<p>&nbsp;<\/td>\n<td>\n<ul>\n<li>Literatura Contempor\u00e2nea<\/li>\n<\/ul>\n<p>&#8211; \u201cLiteratura Marginal\u201d<\/p>\n<p>Jo\u00e3o Ant\u00f4nio<\/p>\n<p>Reginaldo Ferreira da Silva &#8211; Ferr\u00e9z<\/p>\n<p>&#8211; Outros autores (por ordem alfab\u00e9tica): Adoniram Barbosa, Alexandre Heredia, Alfredo Bosi, Augusto de Campos, Haroldo de Campos, Helena Silveira, Ign\u00e1cio de Loyola Brand\u00e3o, Jos\u00e9 Miguel Wisnik, Louren\u00e7o Diaf\u00e9ria, Lu\u00eds Tatit, Jos\u00e9 Miguel Wisnik, Marcos Rey Or\u00edgenes Lessa, Paulo Vanzolini, etc.<\/p>\n<p>&nbsp;<\/td>\n<\/tr>\n<tr>\n<td>30\/04<\/td>\n<td>\n<ul>\n<li>Outras artes paulistas ligadas \u00e0 literatura paulista:<\/li>\n<\/ul>\n<p>M\u00fasica cl\u00e1ssica: Carlos Gomes, Guiomar Novaes, Madalena<\/p>\n<p>Tagliaferro<\/p>\n<p>Orquestra: Orquestra Sinf\u00f4nica do Estado de S\u00e3o Paulo<\/p>\n<p>Compositores e Cantores: Luiz Tatit, Jos\u00e9 Miguel Wisnik, Arnaldo Antunes, Paulo Vanzolini, Dem\u00f4nios da Garoa, Adoniran Barbosa, Rita Lee, Renato Teixeira, Itamar Assump\u00e7\u00e3o<\/p>\n<p>M\u00fasica sertaneja: M\u00e1rio Zan, Corn\u00e9lio Pires, Tonico e Tinoco e Alvarenga e Ranchinho<\/p>\n<p>Choro: Zequinha de Abreu<\/p>\n<p>Violonista: Garoto (An\u00edbal Augusto Sardinha) e Canhoto (Am\u00e9rico Giacomino)<\/p>\n<p>Escultura: Victor Brecheret<\/p>\n<p>Pintura: Di Cavalcanti, Vicente do R\u00eago, Anita Malfatti, Lasar Segall, Tarsilla do Amaral e Ismael Nery.<\/td>\n<\/tr>\n<\/tbody>\n<\/table>\n","protected":false},"excerpt":{"rendered":"<p>Data: De 17 a 30 de abril de 2013 Hor\u00e1rio: 19h \u00e0s 21h30 Local: C\u00e2mara Municipal de S\u00e3o Paulo &#8211; Sala Oscar Pedroso Horta \u2013 1\u00ba Subsolo P\u00fablico-Alvo: Cidad\u00e3os em geral, servidores da Casa e do poder p\u00fablico municipal Vagas: 60 Carga Hor\u00e1ria:\u00a025h (10 encontros de 2,5h) Objetivo-Geral: \u00a0Caracterizar os conceitos de literatura-lingu\u00edstica-l\u00edngua-linguagem e o [&hellip;]<\/p>\n","protected":false},"author":127,"featured_media":0,"parent":1334,"menu_order":617,"comment_status":"closed","ping_status":"closed","template":"","meta":{"_acf_changed":false,"footnotes":""},"class_list":["post-3079","page","type-page","status-publish","hentry"],"acf":[],"_links":{"self":[{"href":"https:\/\/www.saopaulo.sp.leg.br\/escoladoparlamento\/wp-json\/wp\/v2\/pages\/3079","targetHints":{"allow":["GET"]}}],"collection":[{"href":"https:\/\/www.saopaulo.sp.leg.br\/escoladoparlamento\/wp-json\/wp\/v2\/pages"}],"about":[{"href":"https:\/\/www.saopaulo.sp.leg.br\/escoladoparlamento\/wp-json\/wp\/v2\/types\/page"}],"author":[{"embeddable":true,"href":"https:\/\/www.saopaulo.sp.leg.br\/escoladoparlamento\/wp-json\/wp\/v2\/users\/127"}],"replies":[{"embeddable":true,"href":"https:\/\/www.saopaulo.sp.leg.br\/escoladoparlamento\/wp-json\/wp\/v2\/comments?post=3079"}],"version-history":[{"count":0,"href":"https:\/\/www.saopaulo.sp.leg.br\/escoladoparlamento\/wp-json\/wp\/v2\/pages\/3079\/revisions"}],"up":[{"embeddable":true,"href":"https:\/\/www.saopaulo.sp.leg.br\/escoladoparlamento\/wp-json\/wp\/v2\/pages\/1334"}],"wp:attachment":[{"href":"https:\/\/www.saopaulo.sp.leg.br\/escoladoparlamento\/wp-json\/wp\/v2\/media?parent=3079"}],"curies":[{"name":"wp","href":"https:\/\/api.w.org\/{rel}","templated":true}]}}