{"id":29984,"date":"2026-02-27T12:15:13","date_gmt":"2026-02-27T15:15:13","guid":{"rendered":"https:\/\/www.saopaulo.sp.leg.br\/escoladoparlamento\/?page_id=29984"},"modified":"2026-03-30T15:20:57","modified_gmt":"2026-03-30T18:20:57","slug":"o-orcamento-da-cidade-em-nossas-maos-imersao-em-tecnologia-da-informacao-e-ia","status":"publish","type":"page","link":"https:\/\/www.saopaulo.sp.leg.br\/escoladoparlamento\/cursos\/cursos-anteriores\/cursos-realizados-em-2026\/o-orcamento-da-cidade-em-nossas-maos-imersao-em-tecnologia-da-informacao-e-ia\/","title":{"rendered":"O Or\u00e7amento da Cidade em Nossas M\u00e3os &#8211; Imers\u00e3o em Tecnologia da Informa\u00e7\u00e3o e IA"},"content":{"rendered":"<h2 id=\"contexto-e-justificativa\" class=\"mb-2 mt-4 [.has-inline-images_&amp;]:clear-end font-editorial font-bold text-base first:mt-0\">Contexto e justificativa<\/h2>\n<p class=\"my-2 [&amp;+p]:mt-4 [&amp;_strong:has(+br)]:inline-block [&amp;_strong:has(+br)]:pb-2\">A crescente disponibilidade de dados abertos sobre o or\u00e7amento municipal de S\u00e3o Paulo cria novas possibilidades para o controle social, mas tamb\u00e9m imp\u00f5e o desafio de lidar com bases volumosas e complexas, em formatos t\u00e9cnicos e pouco amig\u00e1veis ao p\u00fablico em geral. Ao mesmo tempo, ferramentas de Tecnologia da Informa\u00e7\u00e3o e de Intelig\u00eancia Artificial ampliam a capacidade de leitura, sistematiza\u00e7\u00e3o e an\u00e1lise desses dados, bem como de leis, decretos e documentos oficiais que regulam o ciclo or\u00e7ament\u00e1rio.<\/p>\n<p class=\"my-2 [&amp;+p]:mt-4 [&amp;_strong:has(+br)]:inline-block [&amp;_strong:has(+br)]:pb-2\">Neste cen\u00e1rio, torna-se fundamental oferecer um espa\u00e7o formativo que una fundamentos de or\u00e7amento p\u00fablico, pr\u00e1ticas de extra\u00e7\u00e3o e visualiza\u00e7\u00e3o de dados e o uso respons\u00e1vel de IA generativa no apoio \u00e0 participa\u00e7\u00e3o e ao controle social do or\u00e7amento paulistano.<\/p>\n<p>Com esse objetivo, a Escola do Parlamento, juntamente com organiza\u00e7\u00f5es sociais e com o apoio da EACH-USP, organizou uma s\u00e9rie de encontros presenciais voltados \u00e0 reflex\u00e3o e ao aprendizado coletivo sobre o tema. Este curso \u00e9 parte do processo formativo iniciado nas duas edi\u00e7\u00f5es do curso &#8220;O Or\u00e7amento da Cidade em Nossas M\u00e3os&#8221;, ofertados no in\u00edcio deste ano, introduzindo os participantes ao universo or\u00e7ament\u00e1rio paulistano. Nesta edi\u00e7\u00e3o, avan\u00e7amos com foco em Tecnologia da Informa\u00e7\u00e3o e IA, ampliando as ferramentas para um controle social mais qualificado.<\/p>\n<h2 id=\"objetivos\" class=\"mb-2 mt-4 [.has-inline-images_&amp;]:clear-end font-editorial font-bold text-base first:mt-0\">Objetivos<\/h2>\n<ul class=\"marker:text-quiet list-disc\">\n<li class=\"py-0 my-0 prose-p:pt-0 prose-p:mb-2 prose-p:my-0 [&amp;&gt;p]:pt-0 [&amp;&gt;p]:mb-2 [&amp;&gt;p]:my-0\">\n<p class=\"my-2 [&amp;+p]:mt-4 [&amp;_strong:has(+br)]:inline-block [&amp;_strong:has(+br)]:pb-2\">Desenvolver compet\u00eancias para localizar, extrair e organizar dados reais do or\u00e7amento municipal em portais oficiais de transpar\u00eancia.<span class=\"inline-flex\" aria-label=\"O Or\u00e7amento da Cidade em Nossas M\u00e3os \u2013 2\u00aa Edi\u00e7\u00e3o\" data-state=\"closed\">\u200b<\/span><\/p>\n<\/li>\n<li class=\"py-0 my-0 prose-p:pt-0 prose-p:mb-2 prose-p:my-0 [&amp;&gt;p]:pt-0 [&amp;&gt;p]:mb-2 [&amp;&gt;p]:my-0\">\n<p class=\"my-2 [&amp;+p]:mt-4 [&amp;_strong:has(+br)]:inline-block [&amp;_strong:has(+br)]:pb-2\">Capacitar para a constru\u00e7\u00e3o de visualiza\u00e7\u00f5es e gr\u00e1ficos simples que apoiem a compreens\u00e3o e a comunica\u00e7\u00e3o de informa\u00e7\u00f5es or\u00e7ament\u00e1rias.<span class=\"inline-flex\" aria-label=\"O Or\u00e7amento da Cidade em Nossas M\u00e3os \u2013 2\u00aa Edi\u00e7\u00e3o\" data-state=\"closed\">\u200b<\/span><\/p>\n<\/li>\n<li class=\"py-0 my-0 prose-p:pt-0 prose-p:mb-2 prose-p:my-0 [&amp;&gt;p]:pt-0 [&amp;&gt;p]:mb-2 [&amp;&gt;p]:my-0\">\n<p class=\"my-2 [&amp;+p]:mt-4 [&amp;_strong:has(+br)]:inline-block [&amp;_strong:has(+br)]:pb-2\">Introduzir o uso de ferramentas de IA como apoio \u00e0 leitura, s\u00edntese e interpreta\u00e7\u00e3o de normas, leis e documentos or\u00e7ament\u00e1rios.<span class=\"inline-flex\" aria-label=\"O Or\u00e7amento da Cidade em Nossas M\u00e3os \u2013 2\u00aa Edi\u00e7\u00e3o\" data-state=\"closed\">\u200b<\/span><\/p>\n<\/li>\n<li class=\"py-0 my-0 prose-p:pt-0 prose-p:mb-2 prose-p:my-0 [&amp;&gt;p]:pt-0 [&amp;&gt;p]:mb-2 [&amp;&gt;p]:my-0\">\n<p class=\"my-2 [&amp;+p]:mt-4 [&amp;_strong:has(+br)]:inline-block [&amp;_strong:has(+br)]:pb-2\">Fortalecer a atua\u00e7\u00e3o de cidad\u00e3os, coletivos, organiza\u00e7\u00f5es e conselhos de participa\u00e7\u00e3o no controle social do or\u00e7amento<\/p>\n<\/li>\n<\/ul>\n<h2>P\u00fablico-alvo<\/h2>\n<p><b><\/b>Participantes das duas edi\u00e7\u00f5es do curso introdut\u00f3rio &#8220;O Or\u00e7amento da Cidade em Nossas M\u00e3os&#8221;.<\/p>\n<p>&nbsp;<\/p>\n<p>&#x1f4c6; Data: 02 a 06 de mar\u00e7o de 2026<br \/>\n&#x1f55f; Hor\u00e1rio: 18h30 \u00e0s 20h30<br \/>\n&#x1f4cc;Local: C\u00e2mara Municipal, 13\u00ba Andar &#8211; Viaduto Jacare\u00ed, 100 &#8211; Bela Vista, S\u00e3o Paulo &#8211; SP, 01319-900<\/p>\n","protected":false},"excerpt":{"rendered":"<p>Contexto e justificativa A crescente disponibilidade de dados abertos sobre o or\u00e7amento municipal de S\u00e3o Paulo cria novas possibilidades para o controle social, mas tamb\u00e9m imp\u00f5e o desafio de lidar com bases volumosas e complexas, em formatos t\u00e9cnicos e pouco amig\u00e1veis ao p\u00fablico em geral. Ao mesmo tempo, ferramentas de Tecnologia da Informa\u00e7\u00e3o e de [&hellip;]<\/p>\n","protected":false},"author":731,"featured_media":0,"parent":29942,"menu_order":3,"comment_status":"closed","ping_status":"closed","template":"","meta":{"_acf_changed":false,"footnotes":""},"class_list":["post-29984","page","type-page","status-publish","hentry"],"acf":[],"_links":{"self":[{"href":"https:\/\/www.saopaulo.sp.leg.br\/escoladoparlamento\/wp-json\/wp\/v2\/pages\/29984","targetHints":{"allow":["GET"]}}],"collection":[{"href":"https:\/\/www.saopaulo.sp.leg.br\/escoladoparlamento\/wp-json\/wp\/v2\/pages"}],"about":[{"href":"https:\/\/www.saopaulo.sp.leg.br\/escoladoparlamento\/wp-json\/wp\/v2\/types\/page"}],"author":[{"embeddable":true,"href":"https:\/\/www.saopaulo.sp.leg.br\/escoladoparlamento\/wp-json\/wp\/v2\/users\/731"}],"replies":[{"embeddable":true,"href":"https:\/\/www.saopaulo.sp.leg.br\/escoladoparlamento\/wp-json\/wp\/v2\/comments?post=29984"}],"version-history":[{"count":2,"href":"https:\/\/www.saopaulo.sp.leg.br\/escoladoparlamento\/wp-json\/wp\/v2\/pages\/29984\/revisions"}],"predecessor-version":[{"id":29986,"href":"https:\/\/www.saopaulo.sp.leg.br\/escoladoparlamento\/wp-json\/wp\/v2\/pages\/29984\/revisions\/29986"}],"up":[{"embeddable":true,"href":"https:\/\/www.saopaulo.sp.leg.br\/escoladoparlamento\/wp-json\/wp\/v2\/pages\/29942"}],"wp:attachment":[{"href":"https:\/\/www.saopaulo.sp.leg.br\/escoladoparlamento\/wp-json\/wp\/v2\/media?parent=29984"}],"curies":[{"name":"wp","href":"https:\/\/api.w.org\/{rel}","templated":true}]}}

O Orçamento da Cidade em Nossas Mãos &#8211; Imersão em Tecnologia da Informação e IA

<h2 id="contexto-e-justificativa" class="mb-2 mt-4 [.has-inline-images_&amp;]:clear-end font-editorial font-bold text-base first:mt-0">Contexto e justificativa</h2>
<p class="my-2 [&amp;+p]:mt-4 [&amp;_strong:has(+br)]:inline-block [&amp;_strong:has(+br)]:pb-2">A crescente disponibilidade de dados abertos sobre o orçamento municipal de São Paulo cria novas possibilidades para o controle social, mas também impõe o desafio de lidar com bases volumosas e complexas, em formatos técnicos e pouco amigáveis ao público em geral. Ao mesmo tempo, ferramentas de Tecnologia da Informação e de Inteligência Artificial ampliam a capacidade de leitura, sistematização e análise desses dados, bem como de leis, decretos e documentos oficiais que regulam o ciclo orçamentário.</p>
<p class="my-2 [&amp;+p]:mt-4 [&amp;_strong:has(+br)]:inline-block [&amp;_strong:has(+br)]:pb-2">Neste cenário, torna-se fundamental oferecer um espaço formativo que una fundamentos de orçamento público, práticas de extração e visualização de dados e o uso responsável de IA generativa no apoio à participação e ao controle social do orçamento paulistano.</p>
<p>Com esse objetivo, a Escola do Parlamento, juntamente com organizações sociais e com o apoio da EACH-USP, organizou uma série de encontros presenciais voltados à reflexão e ao aprendizado coletivo sobre o tema. Este curso é parte do processo formativo iniciado nas duas edições do curso &#8220;O Orçamento da Cidade em Nossas Mãos&#8221;, ofertados no início deste ano, introduzindo os participantes ao universo orçamentário paulistano. Nesta edição, avançamos com foco em Tecnologia da Informação e IA, ampliando as ferramentas para um controle social mais qualificado.</p>
<h2 id="objetivos" class="mb-2 mt-4 [.has-inline-images_&amp;]:clear-end font-editorial font-bold text-base first:mt-0">Objetivos</h2>
<ul class="marker:text-quiet list-disc">
<li class="py-0 my-0 prose-p:pt-0 prose-p:mb-2 prose-p:my-0 [&amp;&gt;p]:pt-0 [&amp;&gt;p]:mb-2 [&amp;&gt;p]:my-0">
<p class="my-2 [&amp;+p]:mt-4 [&amp;_strong:has(+br)]:inline-block [&amp;_strong:has(+br)]:pb-2">Desenvolver competências para localizar, extrair e organizar dados reais do orçamento municipal em portais oficiais de transparência.<span class="inline-flex" aria-label="O Orçamento da Cidade em Nossas Mãos – 2ª Edição" data-state="closed">​</span></p>
</li>
<li class="py-0 my-0 prose-p:pt-0 prose-p:mb-2 prose-p:my-0 [&amp;&gt;p]:pt-0 [&amp;&gt;p]:mb-2 [&amp;&gt;p]:my-0">
<p class="my-2 [&amp;+p]:mt-4 [&amp;_strong:has(+br)]:inline-block [&amp;_strong:has(+br)]:pb-2">Capacitar para a construção de visualizações e gráficos simples que apoiem a compreensão e a comunicação de informações orçamentárias.<span class="inline-flex" aria-label="O Orçamento da Cidade em Nossas Mãos – 2ª Edição" data-state="closed">​</span></p>
</li>
<li class="py-0 my-0 prose-p:pt-0 prose-p:mb-2 prose-p:my-0 [&amp;&gt;p]:pt-0 [&amp;&gt;p]:mb-2 [&amp;&gt;p]:my-0">
<p class="my-2 [&amp;+p]:mt-4 [&amp;_strong:has(+br)]:inline-block [&amp;_strong:has(+br)]:pb-2">Introduzir o uso de ferramentas de IA como apoio à leitura, síntese e interpretação de normas, leis e documentos orçamentários.<span class="inline-flex" aria-label="O Orçamento da Cidade em Nossas Mãos – 2ª Edição" data-state="closed">​</span></p>
</li>
<li class="py-0 my-0 prose-p:pt-0 prose-p:mb-2 prose-p:my-0 [&amp;&gt;p]:pt-0 [&amp;&gt;p]:mb-2 [&amp;&gt;p]:my-0">
<p class="my-2 [&amp;+p]:mt-4 [&amp;_strong:has(+br)]:inline-block [&amp;_strong:has(+br)]:pb-2">Fortalecer a atuação de cidadãos, coletivos, organizações e conselhos de participação no controle social do orçamento</p>
</li>
</ul>
<h2>Público-alvo</h2>
<p><b></b>Participantes das duas edições do curso introdutório &#8220;O Orçamento da Cidade em Nossas Mãos&#8221;.</p>
<p>&nbsp;</p>
<p>&#x1f4c6; Data: 02 a 06 de março de 2026<br />
&#x1f55f; Horário: 18h30 às 20h30<br />
&#x1f4cc;Local: Câmara Municipal, 13º Andar &#8211; Viaduto Jacareí, 100 &#8211; Bela Vista, São Paulo &#8211; SP, 01319-900</p>

<p>Contexto e justificativa A crescente disponibilidade de dados abertos sobre o orçamento municipal de São Paulo cria novas possibilidades para o controle social, mas também impõe o desafio de lidar com bases volumosas e complexas, em formatos técnicos e pouco amigáveis ao público em geral. Ao mesmo tempo, ferramentas de Tecnologia da Informação e de [&hellip;]</p>
