{"id":29958,"date":"2026-02-12T13:30:08","date_gmt":"2026-02-12T16:30:08","guid":{"rendered":"https:\/\/www.saopaulo.sp.leg.br\/escoladoparlamento\/?page_id=29958"},"modified":"2026-03-30T15:19:11","modified_gmt":"2026-03-30T18:19:11","slug":"seminario-memoria-e-democracia-a-preservacao-da-memoria-como-ferramenta-para-o-fortalecimento-da-democracia-no-parlamento-municipal","status":"publish","type":"page","link":"https:\/\/www.saopaulo.sp.leg.br\/escoladoparlamento\/cursos\/cursos-anteriores\/cursos-realizados-em-2026\/seminario-memoria-e-democracia-a-preservacao-da-memoria-como-ferramenta-para-o-fortalecimento-da-democracia-no-parlamento-municipal\/","title":{"rendered":"Semin\u00e1rio &#8220;Mem\u00f3ria e Democracia &#8211;  A preserva\u00e7\u00e3o da mem\u00f3ria como ferramenta para o fortalecimento da democracia no parlamento municipal&#8221;"},"content":{"rendered":"<p>A preserva\u00e7\u00e3o da mem\u00f3ria institucional \u00e9 um instrumento estrat\u00e9gico para o fortalecimento da democracia, especialmente em espa\u00e7os de representa\u00e7\u00e3o pol\u00edtica como a C\u00e2mara Municipal de S\u00e3o Paulo. O registro e a difus\u00e3o das trajet\u00f3rias parlamentares e das respostas institucionais a per\u00edodos de autoritarismo permitem a melhor compreens\u00e3o do papel do Legislativo pela sociedade.<\/p>\n<p>O Semin\u00e1rio &#8220;Mem\u00f3ria e Democracia&#8221; prop\u00f5e refletir sobre a atua\u00e7\u00e3o do parlamento paulistano e sua contribui\u00e7\u00e3o para a defesa do Estado de Direito e a promo\u00e7\u00e3o da cultura democr\u00e1tica. A partir de depoimentos de ex-vereadores, apresentados no <strong>document\u00e1rio \u201cOf\u00edcio: Vereador\u201d<\/strong>, pretende-se aproximar parlamentares, pesquisadores e cidad\u00e3os da hist\u00f3ria pol\u00edtica da cidade, estimulando o debate sobre passado, presente e futuro da democracia local.<\/p>\n<p>O document\u00e1rio \u00e9 uma produ\u00e7\u00e3o da Rede C\u00e2mara, em parceria com a TV Cultura, baseado nas entrevistas do programa \u201c<a href=\"https:\/\/www.saopaulo.sp.leg.br\/redecamara\/programas\/vossa-excelencia-a-memoria\/\">Vossa Excel\u00eancia, a Mem\u00f3ria<\/a>\u201d, que resgata hist\u00f3rias vividas no Parlamento paulistano em diferentes momentos, por meio de entrevistas com ex-vereadores.<\/p>\n<p>Durante o evento, o p\u00fablico ter\u00e1 acesso \u00e0 <strong>exposi\u00e7\u00e3o de fotos hist\u00f3ricas da C\u00e2mara Municipal de S\u00e3o Paulo<\/strong>, que ser\u00e1 disponibilizada no hall do 1\u00ba andar, sob curadoria do Centro de Mem\u00f3ria da CMSP.<\/p>\n<p><strong>OBJETIVOS<\/strong><\/p>\n<ul>\n<li>Apresentar o document\u00e1rio &#8220;Of\u00edcio: Vereador&#8221; como recurso pedag\u00f3gico para a compreens\u00e3o do trabalho legislativo e de sua evolu\u00e7\u00e3o hist\u00f3rica.<\/li>\n<li>Evidenciar o papel de vereadores\/as na hist\u00f3ria pol\u00edtica brasileira, em especial durante o per\u00edodo da ditadura militar e na campanha das Diretas J\u00e1.<\/li>\n<li>Ressaltar a mem\u00f3ria institucional da C\u00e2mara Municipal de S\u00e3o Paulo como instrumento de educa\u00e7\u00e3o para a cidadania e para a democracia.<\/li>\n<li>Apresentar o trabalho do Centro de Mem\u00f3ria da C\u00e2mara Municipal de S\u00e3o Paulo, fortalecendo sua fun\u00e7\u00e3o como espa\u00e7o de preserva\u00e7\u00e3o e difus\u00e3o da mem\u00f3ria institucional do legislativo paulistano.<\/li>\n<li>Estimular o di\u00e1logo entre parlamentares, pesquisadores e sociedade civil sobre os desafios contempor\u00e2neos da democracia no \u00e2mbito municipal.<\/li>\n<\/ul>\n<p>&nbsp;<\/p>\n<p><strong>Data: <\/strong>23\/03<\/p>\n<p><strong>Hor\u00e1rio: <\/strong>14h \u00e0s 17h<\/p>\n<p><strong>Local:<\/strong> Plen\u00e1rio 1\u00ba de Maio &#8211; 1\u00ba andar &#8211; C\u00e2mara Municipal de S\u00e3o Paulo<\/p>\n<p><strong>Vagas:<\/strong> 156 vagas<\/p>\n<p><strong>Carga Hor\u00e1ria:<\/strong> 3 horas<\/p>\n<p><a href=\"https:\/\/www.youtube.com\/watch?v=KVCbOxx6Sos\"><b>REVEJA O SEMIN\u00c1RIO AQUI<\/b><\/a><\/p>\n<p><strong>P\u00daBLICO-ALVO<\/strong><\/p>\n<p>Vereadores\/as, assessores\/as, pesquisadores\/as, estudantes universit\u00e1rios e de ensino m\u00e9dio interessados em temas de democracia e institui\u00e7\u00f5es pol\u00edticas, servidores p\u00fablicos e cidad\u00e3os em geral.<\/p>\n<p>&nbsp;<\/p>\n<p><strong>PALESTRANTES<\/strong><\/p>\n<p><strong>Ricardo Teixeira<\/strong><\/p>\n<p>Presidente da C\u00e2mara Municipal de S\u00e3o Paulo<\/p>\n<p><strong>Walter Feldman<\/strong><\/p>\n<p>M\u00e9dico formado pela Escola Paulista de Medicina (atual Unifesp), vereador de S\u00e3o Paulo (1983-1992), ex-deputado estadual, ex-presidente da Assembleia Legislativa de S\u00e3o Paulo e ex-deputado federal. Atuou como secret\u00e1rio municipal e acompanhou agendas democr\u00e1ticas como a campanha das Diretas J\u00e1.<\/p>\n<p><strong>Jos\u00e9 D\u2019Amico<\/strong><\/p>\n<p>Curador da mem\u00f3ria institucional do Tribunal Regional Eleitoral de S\u00e3o Paulo (TRE-SP), membro titular do Instituto Hist\u00f3rico e Geogr\u00e1fico de S\u00e3o Paulo, membro do Conselho de Orienta\u00e7\u00e3o Art\u00edstica de Casas-Museus Liter\u00e1rios de S\u00e3o Paulo da Secretaria de Estado da Cultura.<\/p>\n<p><strong>Ubirajara de Farias Prestes Filho (Mediador)<\/strong><\/p>\n<p>Historiador, doutor em Hist\u00f3ria Social pela USP e consultor t\u00e9cnico legislativo na Secretaria de Documenta\u00e7\u00e3o da CMSP. Respons\u00e1vel por pesquisas sobre a hist\u00f3ria do Legislativo paulistano e co-coordenador do Centro de Mem\u00f3ria da Casa.<\/p>\n<p>&nbsp;<\/p>\n<p><strong>\u00a0<\/strong><strong>PROGRAMA\u00c7\u00c3O<\/strong><\/p>\n<p><strong>14h &#8211; 15h &#8211; Mesa de Abertura \u201cMem\u00f3ria e democracia no parlamento municipal:\u00a0 trajet\u00f3ria, desafios e perspectivas\u201d<\/strong><\/p>\n<p>Ricardo Teixeira, Walter Feldman, Jos\u00e9 D\u2019Amico. Media\u00e7\u00e3o: Ubirajara Prestes<\/p>\n<p><strong>15h &#8211; 16h &#8211; Exibi\u00e7\u00e3o do document\u00e1rio &#8220;Of\u00edcio: Vereador&#8221;<\/strong><\/p>\n<p>Document\u00e1rio com entrevistas de ex-vereadores sobre momentos hist\u00f3ricos da C\u00e2mara<\/p>\n<p><strong>16h &#8211; 17h &#8211; Debate e sess\u00e3o de perguntas <\/strong><\/p>\n<p>&nbsp;<\/p>\n<p>&nbsp;<\/p>\n","protected":false},"excerpt":{"rendered":"<p>A preserva\u00e7\u00e3o da mem\u00f3ria institucional \u00e9 um instrumento estrat\u00e9gico para o fortalecimento da democracia, especialmente em espa\u00e7os de representa\u00e7\u00e3o pol\u00edtica como a C\u00e2mara Municipal de S\u00e3o Paulo. O registro e a difus\u00e3o das trajet\u00f3rias parlamentares e das respostas institucionais a per\u00edodos de autoritarismo permitem a melhor compreens\u00e3o do papel do Legislativo pela sociedade. O Semin\u00e1rio [&hellip;]<\/p>\n","protected":false},"author":731,"featured_media":0,"parent":29942,"menu_order":4,"comment_status":"closed","ping_status":"closed","template":"","meta":{"_acf_changed":false,"footnotes":""},"class_list":["post-29958","page","type-page","status-publish","hentry"],"acf":[],"_links":{"self":[{"href":"https:\/\/www.saopaulo.sp.leg.br\/escoladoparlamento\/wp-json\/wp\/v2\/pages\/29958","targetHints":{"allow":["GET"]}}],"collection":[{"href":"https:\/\/www.saopaulo.sp.leg.br\/escoladoparlamento\/wp-json\/wp\/v2\/pages"}],"about":[{"href":"https:\/\/www.saopaulo.sp.leg.br\/escoladoparlamento\/wp-json\/wp\/v2\/types\/page"}],"author":[{"embeddable":true,"href":"https:\/\/www.saopaulo.sp.leg.br\/escoladoparlamento\/wp-json\/wp\/v2\/users\/731"}],"replies":[{"embeddable":true,"href":"https:\/\/www.saopaulo.sp.leg.br\/escoladoparlamento\/wp-json\/wp\/v2\/comments?post=29958"}],"version-history":[{"count":5,"href":"https:\/\/www.saopaulo.sp.leg.br\/escoladoparlamento\/wp-json\/wp\/v2\/pages\/29958\/revisions"}],"predecessor-version":[{"id":30010,"href":"https:\/\/www.saopaulo.sp.leg.br\/escoladoparlamento\/wp-json\/wp\/v2\/pages\/29958\/revisions\/30010"}],"up":[{"embeddable":true,"href":"https:\/\/www.saopaulo.sp.leg.br\/escoladoparlamento\/wp-json\/wp\/v2\/pages\/29942"}],"wp:attachment":[{"href":"https:\/\/www.saopaulo.sp.leg.br\/escoladoparlamento\/wp-json\/wp\/v2\/media?parent=29958"}],"curies":[{"name":"wp","href":"https:\/\/api.w.org\/{rel}","templated":true}]}}