{"id":29954,"date":"2026-02-11T17:52:35","date_gmt":"2026-02-11T20:52:35","guid":{"rendered":"https:\/\/www.saopaulo.sp.leg.br\/escoladoparlamento\/?page_id=29954"},"modified":"2026-03-17T13:15:00","modified_gmt":"2026-03-17T16:15:00","slug":"oficinas-preparacao-camara-na-rua","status":"publish","type":"page","link":"https:\/\/www.saopaulo.sp.leg.br\/escoladoparlamento\/credenciamento\/editais-anteriores\/oficinas-preparacao-camara-na-rua\/","title":{"rendered":"Oficinas de Prepara\u00e7\u00e3o para Participa\u00e7\u00e3o Qualificada no Projeto C\u00e2mara na Rua"},"content":{"rendered":"<h2><a href=\"http:\/\/www.saopaulo.sp.leg.br\/escoladoparlamento\/wp-content\/uploads\/sites\/5\/2026\/03\/EDITAL.EP01.2026.RESULTADO.DEFINITIVO.pdf\">Resultado Definitivo do Edital EP 01\/2026<\/a><\/h2>\n<h2><a href=\"http:\/\/www.saopaulo.sp.leg.br\/escoladoparlamento\/wp-content\/uploads\/sites\/5\/2026\/03\/EDITAL.EP01.2026.CONVOCACAO.pdf\">Convoca\u00e7\u00e3o da Candidata em Primeiro Lugar<\/a><\/h2>\n<p>===========================<\/p>\n<p data-start=\"286\" data-end=\"568\">A <span class=\"hover:entity-accent entity-underline inline cursor-pointer align-baseline\"><span class=\"whitespace-normal\">Escola do Parlamento da C\u00e2mara Municipal de S\u00e3o Paulo<\/span><\/span> torna p\u00fablico o <strong data-start=\"342\" data-end=\"363\">Edital EP 01\/2026<\/strong> para credenciamento de profissionais interessados em atuar, de forma remunerada, nas <strong data-start=\"449\" data-end=\"530\">Oficinas de Prepara\u00e7\u00e3o para Participa\u00e7\u00e3o Qualificada no Projeto C\u00e2mara na Rua<\/strong>, com carga hor\u00e1ria total de 24 horas.<\/p>\n<p data-start=\"570\" data-end=\"751\"><strong><span style=\"color: #ff0000\"><em>(O descritivo abaixo \u00e9 um resumo e n\u00e3o substitui nem suplanta as orienta\u00e7\u00f5es previstas no Edital publicado no Di\u00e1rio Oficial da Cidade de S\u00e3o Paulo e no site da Escola do Parlamento.)<\/em><\/span><\/strong><\/p>\n<h3 data-start=\"758\" data-end=\"779\">Sobre a atividade<\/h3>\n<p data-start=\"781\" data-end=\"918\">As oficinas integram a estrat\u00e9gia de fortalecimento da participa\u00e7\u00e3o cidad\u00e3 no projeto C\u00e2mara na Rua, promovido pela Escola do Parlamento.<\/p>\n<p data-start=\"920\" data-end=\"1154\">A proposta consiste em qualificar a rela\u00e7\u00e3o entre cidad\u00e3os e o Poder Legislativo municipal, criando espa\u00e7os de escuta, organiza\u00e7\u00e3o coletiva de demandas e educa\u00e7\u00e3o pol\u00edtica. A atividade articula forma\u00e7\u00e3o te\u00f3rica e pr\u00e1tica, com foco em:<\/p>\n<ul data-start=\"1156\" data-end=\"1538\">\n<li data-start=\"1156\" data-end=\"1206\">\n<p data-start=\"1158\" data-end=\"1206\">Democracia representativa e participa\u00e7\u00e3o cidad\u00e3;<\/p>\n<\/li>\n<li data-start=\"1207\" data-end=\"1285\">\n<p data-start=\"1209\" data-end=\"1285\">Funcionamento do Poder Executivo e do Poder Legislativo no \u00e2mbito municipal;<\/p>\n<\/li>\n<li data-start=\"1286\" data-end=\"1337\">\n<p data-start=\"1288\" data-end=\"1337\">Identifica\u00e7\u00e3o e organiza\u00e7\u00e3o de demandas p\u00fablicas;<\/p>\n<\/li>\n<li data-start=\"1338\" data-end=\"1401\">\n<p data-start=\"1340\" data-end=\"1401\">Tradu\u00e7\u00e3o de demandas territoriais em linguagem institucional;<\/p>\n<\/li>\n<li data-start=\"1402\" data-end=\"1472\">\n<p data-start=\"1404\" data-end=\"1472\">Uso da Carta de Servi\u00e7os e refer\u00eancias da Lei Org\u00e2nica do Munic\u00edpio;<\/p>\n<\/li>\n<li data-start=\"1473\" data-end=\"1538\">\n<p data-start=\"1475\" data-end=\"1538\">Sistematiza\u00e7\u00e3o e registro t\u00e9cnico dos processos participativos.<\/p>\n<\/li>\n<\/ul>\n<p data-start=\"1540\" data-end=\"1615\">A carga hor\u00e1ria total ser\u00e1 de <strong data-start=\"1570\" data-end=\"1582\">24 horas<\/strong>, distribu\u00eddas da seguinte forma:<\/p>\n<ul data-start=\"1617\" data-end=\"1888\">\n<li data-start=\"1617\" data-end=\"1708\">\n<p data-start=\"1619\" data-end=\"1708\"><strong data-start=\"1619\" data-end=\"1645\">4 oficinas presenciais<\/strong> de 3 horas cada (12h) \u2013 regime de Facilitador de Aprendizagem;<\/p>\n<\/li>\n<li data-start=\"1709\" data-end=\"1777\">\n<p data-start=\"1711\" data-end=\"1777\"><strong data-start=\"1711\" data-end=\"1749\">4 avalia\u00e7\u00f5es e relat\u00f3rios t\u00e9cnicos<\/strong> (8h) \u2013 regime de Avaliador;<\/p>\n<\/li>\n<li data-start=\"1778\" data-end=\"1888\">\n<p data-start=\"1780\" data-end=\"1888\"><strong data-start=\"1780\" data-end=\"1806\">4 grava\u00e7\u00f5es de podcast<\/strong> vinculadas ao projeto C\u00e2mara na Rua (4h) \u2013 regime de Facilitador de Aprendizagem.<\/p>\n<\/li>\n<\/ul>\n<p data-start=\"1890\" data-end=\"1986\">O profissional contratado cumprir\u00e1 <strong data-start=\"1925\" data-end=\"1985\">16h como Facilitador de Aprendizagem e 8h como Avaliador<\/strong>.<\/p>\n<p data-start=\"1988\" data-end=\"2131\">As oficinas ocorrer\u00e3o presencialmente no primeiro semestre de 2026, em datas e locais a serem definidos em conjunto com a Escola do Parlamento.<\/p>\n<h3 data-start=\"2138\" data-end=\"2181\"><\/h3>\n<h3 data-start=\"2138\" data-end=\"2181\">Quem pode participar do credenciamento?<\/h3>\n<p data-start=\"2183\" data-end=\"2253\">Podem se inscrever profissionais que atendam aos seguintes requisitos:<\/p>\n<ul data-start=\"2255\" data-end=\"2705\">\n<li data-start=\"2255\" data-end=\"2311\">\n<p data-start=\"2257\" data-end=\"2311\">Gradua\u00e7\u00e3o completa reconhecida pelo MEC (obrigat\u00f3rio);<\/p>\n<\/li>\n<li data-start=\"2312\" data-end=\"2426\">\n<p data-start=\"2314\" data-end=\"2426\">Experi\u00eancia comprovada na condu\u00e7\u00e3o de oficinas, processos participativos, educa\u00e7\u00e3o cidad\u00e3 ou media\u00e7\u00e3o de grupos;<\/p>\n<\/li>\n<li data-start=\"2427\" data-end=\"2590\">\n<p data-start=\"2429\" data-end=\"2590\">Experi\u00eancia institucional em projetos de participa\u00e7\u00e3o social ou educa\u00e7\u00e3o pol\u00edtica junto a \u00f3rg\u00e3os p\u00fablicos, escolas de governo ou organiza\u00e7\u00f5es da sociedade civil;<\/p>\n<\/li>\n<li data-start=\"2591\" data-end=\"2705\">\n<p data-start=\"2593\" data-end=\"2705\">Produ\u00e7\u00e3o t\u00e9cnica, acad\u00eamica ou metodol\u00f3gica relacionada a participa\u00e7\u00e3o social, democracia ou pol\u00edticas p\u00fablicas.<\/p>\n<\/li>\n<\/ul>\n<h3 data-start=\"2712\" data-end=\"2754\"><\/h3>\n<h3 data-start=\"2712\" data-end=\"2754\">Documentos obrigat\u00f3rios para inscri\u00e7\u00e3o<\/h3>\n<p data-start=\"2756\" data-end=\"2818\">Os interessados dever\u00e3o anexar, exclusivamente em formato PDF:<\/p>\n<ul data-start=\"2820\" data-end=\"3119\">\n<li data-start=\"2820\" data-end=\"2839\">\n<p data-start=\"2822\" data-end=\"2839\">Curriculum vitae;<\/p>\n<\/li>\n<li data-start=\"2840\" data-end=\"2878\">\n<p data-start=\"2842\" data-end=\"2878\">Documento de identifica\u00e7\u00e3o com foto;<\/p>\n<\/li>\n<li data-start=\"2879\" data-end=\"2933\">\n<p data-start=\"2881\" data-end=\"2933\">CPF (caso n\u00e3o conste no documento de identifica\u00e7\u00e3o);<\/p>\n<\/li>\n<li data-start=\"2934\" data-end=\"2957\">\n<p data-start=\"2936\" data-end=\"2957\">Diploma de gradua\u00e7\u00e3o;<\/p>\n<\/li>\n<li data-start=\"2958\" data-end=\"2995\">\n<p data-start=\"2960\" data-end=\"2995\">Comprovante de endere\u00e7o atualizado;<\/p>\n<\/li>\n<li data-start=\"2996\" data-end=\"3045\">\n<p data-start=\"2998\" data-end=\"3045\">Declara\u00e7\u00e3o de autenticidade (modelo do edital);<\/p>\n<\/li>\n<li data-start=\"3046\" data-end=\"3119\">\n<p data-start=\"3048\" data-end=\"3119\">Documentos comprobat\u00f3rios de titula\u00e7\u00e3o, experi\u00eancia e produ\u00e7\u00e3o t\u00e9cnica.<\/p>\n<\/li>\n<\/ul>\n<p data-start=\"3121\" data-end=\"3191\">Inscri\u00e7\u00f5es com documenta\u00e7\u00e3o incompleta ou ileg\u00edvel ser\u00e3o inabilitadas.<\/p>\n<h3 data-start=\"3198\" data-end=\"3211\"><\/h3>\n<h3 data-start=\"3198\" data-end=\"3211\">Avalia\u00e7\u00e3o<\/h3>\n<p data-start=\"3213\" data-end=\"3325\">Os candidatos ser\u00e3o avaliados pela Comiss\u00e3o de Avalia\u00e7\u00e3o e Credenciamento da Escola do Parlamento, considerando:<\/p>\n<ul data-start=\"3327\" data-end=\"3481\">\n<li data-start=\"3327\" data-end=\"3366\">\n<p data-start=\"3329\" data-end=\"3366\"><strong data-start=\"3329\" data-end=\"3349\">Perfil acad\u00eamico<\/strong> (at\u00e9 20 pontos);<\/p>\n<\/li>\n<li data-start=\"3367\" data-end=\"3414\">\n<p data-start=\"3369\" data-end=\"3414\"><strong data-start=\"3369\" data-end=\"3397\">Experi\u00eancia profissional<\/strong> (at\u00e9 80 pontos);<\/p>\n<\/li>\n<li data-start=\"3415\" data-end=\"3481\">\n<p data-start=\"3417\" data-end=\"3481\"><strong data-start=\"3417\" data-end=\"3464\">Produ\u00e7\u00e3o t\u00e9cnica, acad\u00eamica ou metodol\u00f3gica<\/strong> (at\u00e9 40 pontos).<\/p>\n<\/li>\n<\/ul>\n<p data-start=\"3483\" data-end=\"3535\">Pontua\u00e7\u00e3o m\u00ednima para credenciamento: <strong data-start=\"3521\" data-end=\"3534\">50 pontos<\/strong>.<\/p>\n<p data-start=\"3537\" data-end=\"3718\">Os candidatos que atingirem a pontua\u00e7\u00e3o m\u00ednima compor\u00e3o o rol de credenciados por at\u00e9 2 anos, podendo ser convocados conforme a necessidade institucional e a ordem de classifica\u00e7\u00e3o.<\/p>\n<h3 data-start=\"3725\" data-end=\"3740\"><\/h3>\n<h3 data-start=\"3725\" data-end=\"3740\">Remunera\u00e7\u00e3o<\/h3>\n<p data-start=\"3742\" data-end=\"3957\">Os valores de hora-aula variam conforme a titula\u00e7\u00e3o do profissional (Gradua\u00e7\u00e3o, Especializa\u00e7\u00e3o, Mestrado ou Doutorado), nos termos do edital, tanto para o regime de Facilitador de Aprendizagem quanto para Avaliador.<\/p>\n<h3 data-start=\"3964\" data-end=\"3978\"><\/h3>\n<h3 data-start=\"3964\" data-end=\"3978\">Cronograma<\/h3>\n<ul data-start=\"3980\" data-end=\"4235\">\n<li data-start=\"3980\" data-end=\"4020\">\n<p data-start=\"3982\" data-end=\"4020\"><strong data-start=\"3982\" data-end=\"4007\">Publica\u00e7\u00e3o do Edital:<\/strong> 12\/02\/2026<\/p>\n<\/li>\n<li data-start=\"4021\" data-end=\"4095\">\n<p data-start=\"4023\" data-end=\"4095\"><strong data-start=\"4023\" data-end=\"4048\">Per\u00edodo de Inscri\u00e7\u00e3o:<\/strong> das 10h de 13\/02\/2026 \u00e0s 23h59 de 24\/02\/2026<\/p>\n<\/li>\n<li data-start=\"4096\" data-end=\"4153\">\n<p data-start=\"4098\" data-end=\"4153\"><strong data-start=\"4098\" data-end=\"4140\">Publica\u00e7\u00e3o das inscri\u00e7\u00f5es habilitadas:<\/strong> 27\/02\/2026<\/p>\n<\/li>\n<li data-start=\"4154\" data-end=\"4194\">\n<p data-start=\"4156\" data-end=\"4194\"><strong data-start=\"4156\" data-end=\"4181\">Resultado preliminar:<\/strong> 11\/03\/2026<\/p>\n<\/li>\n<li data-start=\"4195\" data-end=\"4235\">\n<p data-start=\"4197\" data-end=\"4235\"><strong data-start=\"4197\" data-end=\"4222\">Resultado definitivo:<\/strong> 16\/03\/2026<\/p>\n<\/li>\n<\/ul>\n<p>&nbsp;<\/p>\n<h3 style=\"font-weight: 400\"><strong>Como se inscrever<\/strong><\/h3>\n<p style=\"font-weight: 400\">As inscri\u00e7\u00f5es s\u00e3o <strong>gratuitas<\/strong> e dever\u00e3o ser realizadas exclusivamente online, por meio do formul\u00e1rio eletr\u00f4nico dispon\u00edvel aqui: <a href=\"https:\/\/forms.gle\/5xXbZe8YZetBBvRv5\"><strong>Clique aqui<\/strong><\/a><br \/>\nNo ato da inscri\u00e7\u00e3o, o candidato dever\u00e1 anexar todos os documentos exigidos em formato PDF. Inscri\u00e7\u00f5es fora do prazo ou incompletas ser\u00e3o indeferidas.<\/p>\n<h3 style=\"font-weight: 400\"><strong><br \/>\nDocumenta\u00e7\u00e3o<\/strong><\/h3>\n<p style=\"font-weight: 400\"><strong>Edital completo: <a href=\"https:\/\/diariooficial.prefeitura.sp.gov.br\/md_epubli_visualizar.php?JTFSThYwp2DaTxS8UpwHWLyNG7GtbAtf5e68-uag_bA5TdZ6FFtLyf47Mwoe6RWvRfCInvg3L2Hc1KRV0xHWCQ\">Publica\u00e7\u00e3o em formato SEI<\/a><\/strong><strong>\u00a0<\/strong><br \/>\n<strong>Anexo II: <a href=\"http:\/\/www.saopaulo.sp.leg.br\/escoladoparlamento\/wp-content\/uploads\/sites\/5\/2026\/02\/Anexo-II-Declaracao-de-autenticidade_2026.docx\">Clique aqui<\/a><\/strong><br \/>\n<strong>Declara\u00e7\u00e3o EPC_01\/EP : <a href=\"http:\/\/www.saopaulo.sp.leg.br\/escoladoparlamento\/wp-content\/uploads\/sites\/5\/2026\/02\/Declaracao_OPPQ_01_EP.docx\">Clique aqui<\/a><\/strong><br \/>\n<strong>Declara\u00e7\u00e3o EPC_02\/EP :<\/strong> <strong> <a href=\"http:\/\/www.saopaulo.sp.leg.br\/escoladoparlamento\/wp-content\/uploads\/sites\/5\/2026\/02\/Declaracao_OPPQ_02_EP.docx\">Clique aqui<\/a><\/strong><\/p>\n<h3>Publica\u00e7\u00f5es<\/h3>\n<p><strong>Resultado Preliminar de Habilita\u00e7\u00e3o dos Candidatos (27\/02\/2026)<\/strong> &#8211; <strong><span style=\"color: #ff0000\"><a style=\"color: #ff0000\" href=\"https:\/\/diariooficial.prefeitura.sp.gov.br\/md_epubli_visualizar.php?DeFSXKclUmAlfPR087EffVObjez2u1g4Wz-V725xNdXwm3kMNIE6rF4axJuDUut3EyCoFBPv1mjo6EVF7TsOHirinn9eXFnSlT_HK67Mbwgot01B9iftJiIZJkgIdZU6\"><span style=\"color: #0000ff\">Clique aqui<\/span><\/a><br \/>\n<\/span>Resultado Preliminar de Credenciamento dos Candidatos (11\/03\/2026)<\/strong> &#8211; <a href=\"https:\/\/diariooficial.prefeitura.sp.gov.br\/md_epubli_visualizar.php?oJy0nLZQ4rr7fElmXrInrAUzm7i9-quYOBFBv9CfMvRcabzslxt_ps0RKU4aOdEw3NBJcxp_YEz16ccfUvoD3CM1lqDsDSyCK-v0Yblc3VW_IHuC18uapNrXLIqpnAv_\"><span style=\"color: #ff0000\"><strong><span style=\"color: #0000ff\">Clique aqui<\/span><\/strong><\/span><\/a><br \/>\n<strong>Retifica\u00e7\u00e3o do Resultado Preliminar de Credenciamento &#8211; (12\/03\/2026)<\/strong> &#8211;\u00a0<span style=\"color: #0000ff\"><a style=\"color: #0000ff\" href=\"https:\/\/diariooficial.prefeitura.sp.gov.br\/md_epubli_visualizar.php?0s8Z98K8YOcHYwa55cqOMbVgCj0_EN51PSr6gOHhxiKHkLE2VzexnWV_6XIwk8CUN7dHm6L7hRww9c9T_bTngHErcHiBmHJAO9PA7ZRfc1MpoYg00F2XfMBX-AF0t7k2\"><strong>Clique aqui<\/strong><\/a><\/span><br \/>\n<strong>Resultado Definitivo de Credenciamento dos Candidatos (17\/03\/2026)<\/strong> &#8211;\u00a0<a href=\"https:\/\/diariooficial.prefeitura.sp.gov.br\/md_epubli_visualizar.php?VCH9XvRNC9Rtqfxrbgyl9oE78i7qpqO2v2saiitMIexspFjn5hDNvNmLtKiFwpZQ569Nhhaf7DwrOaoOQLZyJpXYnDyNFLL6mh2Xj5NKDBW9jv2LRXS07V-IzShKo3Eq\"><strong><span style=\"color: #ff0000\"><span style=\"color: #0000ff\">Clique aqui<\/span><\/span><\/strong><\/a><br \/>\n<strong>Convoca\u00e7\u00e3o da Primeira Credenciada nos termos do edital (17\/03\/2026)<\/strong> &#8211;\u00a0<span style=\"color: #0000ff\"><a style=\"color: #0000ff\" href=\"https:\/\/diariooficial.prefeitura.sp.gov.br\/md_epubli_visualizar.php?rPb7gFTikM7Cq_Ekpxwz-xZIo0px61ZtUFeOeSWMhRMqysP4fDNdizrrMwxeSoXtTCoELHAGDf24hkDUuKYuX0atbms4hhO_6ncZpHyMS7prxmOckvhzQ_LIJXFJNIwo\"><strong>Clique aqui<\/strong><\/a><\/span><\/p>\n<h3><strong>Recursos<\/strong><\/h3>\n<p><strong>Para entrar com recurso contra n\u00e3o-habilita\u00e7\u00e3o de sua inscri\u00e7\u00e3o:<\/strong> <a href=\"https:\/\/forms.gle\/XgDZ9CcU69RCZBS18\"><strong><span style=\"color: #ff0000\"><span style=\"color: #0000ff\">Clique aqui (prazo encerrado)<\/span><\/span><\/strong><\/a><br \/>\n<strong>Para entrar com recurso o resultado preliminar de credenciamento de sua inscri\u00e7\u00e3o:<\/strong> <a href=\"https:\/\/forms.gle\/vK9yB2hbjoFTznub7\"><strong><span style=\"color: #ff0000\"><span style=\"color: #0000ff\">Clique aqui (prazo encerrado)<\/span><\/span><\/strong><\/a><\/p>\n<h3 style=\"font-weight: 400\"><strong>D\u00favidas<\/strong><\/h3>\n<p style=\"font-weight: 400\">D\u00favidas e pedidos de esclarecimento dever\u00e3o ser enviados exclusivamente para o e-mail: <strong>atendimento.ep@saopaulo.sp.leg.br<\/strong><\/p>\n","protected":false},"excerpt":{"rendered":"<p>Resultado Definitivo do Edital EP 01\/2026 Convoca\u00e7\u00e3o da Candidata em Primeiro Lugar =========================== A Escola do Parlamento da C\u00e2mara Municipal de S\u00e3o Paulo torna p\u00fablico o Edital EP 01\/2026 para credenciamento de profissionais interessados em atuar, de forma remunerada, nas Oficinas de Prepara\u00e7\u00e3o para Participa\u00e7\u00e3o Qualificada no Projeto C\u00e2mara na Rua, com carga hor\u00e1ria total [&hellip;]<\/p>\n","protected":false},"author":297,"featured_media":0,"parent":2870,"menu_order":19,"comment_status":"closed","ping_status":"closed","template":"","meta":{"_acf_changed":false,"footnotes":""},"class_list":["post-29954","page","type-page","status-publish","hentry"],"acf":[],"_links":{"self":[{"href":"https:\/\/www.saopaulo.sp.leg.br\/escoladoparlamento\/wp-json\/wp\/v2\/pages\/29954","targetHints":{"allow":["GET"]}}],"collection":[{"href":"https:\/\/www.saopaulo.sp.leg.br\/escoladoparlamento\/wp-json\/wp\/v2\/pages"}],"about":[{"href":"https:\/\/www.saopaulo.sp.leg.br\/escoladoparlamento\/wp-json\/wp\/v2\/types\/page"}],"author":[{"embeddable":true,"href":"https:\/\/www.saopaulo.sp.leg.br\/escoladoparlamento\/wp-json\/wp\/v2\/users\/297"}],"replies":[{"embeddable":true,"href":"https:\/\/www.saopaulo.sp.leg.br\/escoladoparlamento\/wp-json\/wp\/v2\/comments?post=29954"}],"version-history":[{"count":5,"href":"https:\/\/www.saopaulo.sp.leg.br\/escoladoparlamento\/wp-json\/wp\/v2\/pages\/29954\/revisions"}],"predecessor-version":[{"id":29965,"href":"https:\/\/www.saopaulo.sp.leg.br\/escoladoparlamento\/wp-json\/wp\/v2\/pages\/29954\/revisions\/29965"}],"up":[{"embeddable":true,"href":"https:\/\/www.saopaulo.sp.leg.br\/escoladoparlamento\/wp-json\/wp\/v2\/pages\/2870"}],"wp:attachment":[{"href":"https:\/\/www.saopaulo.sp.leg.br\/escoladoparlamento\/wp-json\/wp\/v2\/media?parent=29954"}],"curies":[{"name":"wp","href":"https:\/\/api.w.org\/{rel}","templated":true}]}}