{"id":29932,"date":"2026-01-05T17:24:03","date_gmt":"2026-01-05T20:24:03","guid":{"rendered":"https:\/\/www.saopaulo.sp.leg.br\/escoladoparlamento\/?page_id=29932"},"modified":"2026-01-05T17:24:03","modified_gmt":"2026-01-05T20:24:03","slug":"programa-jovem-monitor-cultural-pjmc-edicao-2026","status":"publish","type":"page","link":"https:\/\/www.saopaulo.sp.leg.br\/escoladoparlamento\/cursos\/em-andamento\/programa-jovem-monitor-cultural-pjmc-edicao-2026\/","title":{"rendered":"Programa Jovem Monitor Cultural (PJMC) &#8211; Edi\u00e7\u00e3o 2026"},"content":{"rendered":"<p><img decoding=\"async\" class=\"alignright\" src=\"http:\/\/www.saopaulo.sp.leg.br\/escoladoparlamento\/wp-content\/uploads\/sites\/5\/2025\/03\/cropped-LOGO-SITE-5-1.png\" \/>O Programa Jovem Monitor Cultural, de responsabilidade da <span class=\"x1lliihq x1plvlek xryxfnj x1n2onr6 x1ji0vk5 x18bv5gf x193iq5w xeuugli x1fj9vlw x13faqbe x1vvkbs x1s928wv xhkezso x1gmr53x x1cpjm7i x1fgarty x1943h6x x1i0vuye xvs91rp x1s688f x5n08af x10wh9bi x1wdrske x8viiok x18hxmgj\" dir=\"auto\">Supervis\u00e3o de Forma\u00e7\u00e3o Cultural da <span class=\"_ap3a _aaco _aacu _aacx _aad7 _aade\" dir=\"auto\">Secretaria Municipal de Cultura e Economia Criativa de S\u00e3o Paulo<\/span> (SMC-SP)<\/span>, \u00e9 voltado para as juventudes paulistanas. O PJMC objetiva, a partir da intera\u00e7\u00e3o entre a comunidade e os espa\u00e7os culturais da SMC, estimular, por meio de atividades culturais, a inser\u00e7\u00e3o socioecon\u00f4mica e desenvolver a forma\u00e7\u00e3o e a experimenta\u00e7\u00e3o profissional, bem como facilitar a continuidade dos estudos de jovens de baixa renda, com ensino m\u00e9dio completo e que residam na cidade de S\u00e3o Paulo.<\/p>\n<p class=\"has-text-align-justify\">O Programa foi iniciado em 2008, focado na forma\u00e7\u00e3o de jovens de 18 a 29 anos para atua\u00e7\u00e3o em equipamentos\/departamentos culturais. No ano seguinte, foi institu\u00edda a <em>Lei 14.968\/09<\/em>, posteriormente regulamentada pelo<em> Decreto 51.121\/09<\/em>, que criou regras e procedimentos do programa.<\/p>\n<p class=\"has-text-align-justify\">Desde ent\u00e3o, o programa ganhou propor\u00e7\u00f5es e alcance cada vez maiores, tornando-se a maior pol\u00edtica p\u00fablica de forma\u00e7\u00e3o cultural da juventude da Am\u00e9rica Latina.<\/p>\n<p>Em 2013, passou a ser executado por meio de conv\u00eanio e se expandiu para outros espa\u00e7os culturais da SMC, como teatros, bibliotecas, casas de cultura, museus, centros culturais, entre outros. Jovens de todas as regi\u00f5es de S\u00e3o Paulo, do centro \u00e0s periferias, passaram a atuar em equipamentos da Prefeitura. Em 2022, a Associa\u00e7\u00e3o Educacional Maria do Carmo (AEMC) foi escolhida como Institui\u00e7\u00e3o Parceira.<\/p>\n<p>No ano de 2026, temos um total de <strong>421<\/strong> jovens monitores culturais no Programa: <span data-olk-copy-source=\"MessageBody\">256<\/span> jovens continu\u00edstas (segundo ano de forma\u00e7\u00e3o no Programa) e <span data-olk-copy-source=\"MessageBody\">165<\/span> jovens ingressantes. Em parceria com a SMC, a Escola do Parlamento disponibiliza audit\u00f3rios para realiza\u00e7\u00e3o das atividades e oferece apoio \u00e0s necessidades dos realizadores.<\/p>\n<p><strong>Inscri\u00e7\u00f5es ENCERRADAS<\/strong><\/p>\n<p>S\u00e3o preenchidas por chamamento via edital e s\u00e3o de responsabilidade da Secretaria Municipal de Cultura.<\/p>\n","protected":false},"excerpt":{"rendered":"<p>O Programa Jovem Monitor Cultural, de responsabilidade da Supervis\u00e3o de Forma\u00e7\u00e3o Cultural da Secretaria Municipal de Cultura e Economia Criativa de S\u00e3o Paulo (SMC-SP), \u00e9 voltado para as juventudes paulistanas. O PJMC objetiva, a partir da intera\u00e7\u00e3o entre a comunidade e os espa\u00e7os culturais da SMC, estimular, por meio de atividades culturais, a inser\u00e7\u00e3o socioecon\u00f4mica [&hellip;]<\/p>\n","protected":false},"author":745,"featured_media":0,"parent":699,"menu_order":28,"comment_status":"closed","ping_status":"closed","template":"","meta":{"_acf_changed":false,"footnotes":""},"class_list":["post-29932","page","type-page","status-publish","hentry"],"acf":[],"_links":{"self":[{"href":"https:\/\/www.saopaulo.sp.leg.br\/escoladoparlamento\/wp-json\/wp\/v2\/pages\/29932","targetHints":{"allow":["GET"]}}],"collection":[{"href":"https:\/\/www.saopaulo.sp.leg.br\/escoladoparlamento\/wp-json\/wp\/v2\/pages"}],"about":[{"href":"https:\/\/www.saopaulo.sp.leg.br\/escoladoparlamento\/wp-json\/wp\/v2\/types\/page"}],"author":[{"embeddable":true,"href":"https:\/\/www.saopaulo.sp.leg.br\/escoladoparlamento\/wp-json\/wp\/v2\/users\/745"}],"replies":[{"embeddable":true,"href":"https:\/\/www.saopaulo.sp.leg.br\/escoladoparlamento\/wp-json\/wp\/v2\/comments?post=29932"}],"version-history":[{"count":1,"href":"https:\/\/www.saopaulo.sp.leg.br\/escoladoparlamento\/wp-json\/wp\/v2\/pages\/29932\/revisions"}],"predecessor-version":[{"id":29933,"href":"https:\/\/www.saopaulo.sp.leg.br\/escoladoparlamento\/wp-json\/wp\/v2\/pages\/29932\/revisions\/29933"}],"up":[{"embeddable":true,"href":"https:\/\/www.saopaulo.sp.leg.br\/escoladoparlamento\/wp-json\/wp\/v2\/pages\/699"}],"wp:attachment":[{"href":"https:\/\/www.saopaulo.sp.leg.br\/escoladoparlamento\/wp-json\/wp\/v2\/media?parent=29932"}],"curies":[{"name":"wp","href":"https:\/\/api.w.org\/{rel}","templated":true}]}}