{"id":29901,"date":"2025-12-08T18:26:18","date_gmt":"2025-12-08T21:26:18","guid":{"rendered":"https:\/\/www.saopaulo.sp.leg.br\/escoladoparlamento\/?page_id=29901"},"modified":"2025-12-19T13:52:13","modified_gmt":"2025-12-19T16:52:13","slug":"oficina-analise-de-dados-com-inteligencia-artificial-na-gestao-publica-programa-de-metas","status":"publish","type":"page","link":"https:\/\/www.saopaulo.sp.leg.br\/escoladoparlamento\/cursos\/cursos-anteriores\/cursos-realizados-em-2025\/oficina-analise-de-dados-com-inteligencia-artificial-na-gestao-publica-programa-de-metas\/","title":{"rendered":"Oficina: An\u00e1lise de Dados com Intelig\u00eancia Artificial na Gest\u00e3o P\u00fablica: Programa de Metas"},"content":{"rendered":"<h3>REVEJA A OFICINA <a href=\"https:\/\/www.youtube.com\/live\/3SlAPlnY10U?si=5PPZncUo_8t1cEAW\">CLICANDO AQUI<\/a><\/h3>\n<h3>Oficina online: An\u00e1lise de Dados com Intelig\u00eancia Artificial na Gest\u00e3o P\u00fablica: Programa de Metas<\/h3>\n<p>Em parceria com Agente de Governo Aberto, da Prefeitura de S\u00e3o Paulo.<\/p>\n<p><strong>Contexto: <\/strong>Nesta oficina ser\u00e1 demonstrado como a tecnologia pode ser uma aliada nas tomadas de decis\u00f5es pol\u00edticas por meio de exemplos reais. Ser\u00e3o expostas situa\u00e7\u00f5es com dados estruturados e n\u00e3o estruturados da gest\u00e3o municipal, com o foco nas sugest\u00f5es de propostas enviadas pelos cidad\u00e3os para o Plano Plurianual (PPA) 2026-2029, durante a consulta p\u00fablica do <em>Programa de Metas<\/em> no site <em>Participe Mais<\/em> da prefeitura.<\/p>\n<p><strong>Data:<\/strong>\u00a0 15 de dezembro de 2025<\/p>\n<p><strong>Local:<\/strong> ONLINE<\/p>\n<p><strong><br \/>\n<\/strong><strong>Programa\u00e7\u00e3o:<\/strong><\/p>\n<ul>\n<li>Conceitos de Governo Aberto<\/li>\n<li>O Problema na Pr\u00e1tica: A Consulta P\u00fablica do Or\u00e7amento 2025<\/li>\n<li>Apresenta\u00e7\u00e3o do <em>Participe Mais<\/em>, das consultas p\u00fablicas e Programa de Metas.<\/li>\n<li>Navega\u00e7\u00e3o pela consulta p\u00fablica do Programa de Metas para demonstrar o volume e a complexidade das contribui\u00e7\u00f5es recebidas.<\/li>\n<li>Desafio operacional e anal\u00edtico devido ao alto volume de dados<\/li>\n<li>Exposi\u00e7\u00e3o de propostas reais, selecionadas com base no interesse dos participantes presentes, para ilustrar a diversidade das demandas.<\/li>\n<li>Estudo de Caso Pr\u00e1tico<\/li>\n<li>Apresenta\u00e7\u00e3o da Metodologia: Demonstra\u00e7\u00e3o da solu\u00e7\u00e3o com exposi\u00e7\u00e3o de trechos de c\u00f3digo e explica\u00e7\u00e3o das tecnologias utilizadas: Python, Pandas, Google Gemini.<\/li>\n<li>Discuss\u00e3o sobre os desafios reais encontrados, como a alta quantidade de dados, a otimiza\u00e7\u00e3o do tempo de an\u00e1lise e os ajustes necess\u00e1rios nos comandos para a Intelig\u00eancia Artificial.<\/li>\n<li>Exibi\u00e7\u00e3o dos relat\u00f3rios e pain\u00e9is visuais gerados pela an\u00e1lise, destacando: ranking dos temas mais recorrentes; participa\u00e7\u00e3o em cada distrito e subprefeitura<\/li>\n<li>Outras poss\u00edveis aplica\u00e7\u00f5es da ferramenta<\/li>\n<\/ul>\n<p><strong>P\u00fablico-Alvo:<\/strong><\/p>\n<p>T\u00e9cnicos e gestores municipais, pesquisadores acad\u00eamicos, sociedade civil organizada, representantes de associa\u00e7\u00f5es de bairro, parlamentares e assessorias.<\/p>\n<p><strong>Vagas:<\/strong> 100<\/p>\n<p><strong>Carga Hor\u00e1ria:<\/strong> 2h30<\/p>\n<p><strong>Palestrante:<\/strong><\/p>\n<p><strong>Carolina Borges<\/strong> \u00e9 formada em Ci\u00eancia da Computa\u00e7\u00e3o, com p\u00f3s-gradua\u00e7\u00e3o em Gest\u00e3o e Controle Social das Pol\u00edticas P\u00fablicas pela Escola de Contas do Tribunal de Contas do Munic\u00edpio de S\u00e3o Paulo. Tem experi\u00eancias profissionais, acad\u00eamicas e volunt\u00e1rias sobre controle social das pol\u00edticas p\u00fablicas, tecnologia e comunica\u00e7\u00e3o. Mantenedora do movimento chamado Ocupa M\u00e3e, que desde 2018 incentiva m\u00e3es e crian\u00e7as a participarem de espa\u00e7os pol\u00edticos como conselhos, audi\u00eancias e consultas p\u00fablicas. Integrante do 3\u00b0 F\u00f3rum de Gest\u00e3o Compartilhada e oficineira pelo edital Agente de Governo Aberto da Prefeitura de S\u00e3o Paulo nos anos de 2024, 2021 e 2020.<br \/>\nEm 2024, foi reconhecida com o Selo de Direitos Humanos e Diversidade na categoria Crian\u00e7as e Adolescentes pela Prefeitura de S\u00e3o Paulo, devido a atividades relacionadas com cidadania para m\u00e3es, crian\u00e7as e jovens. Obteve o segundo lugar no hackathon do Governo Federal sobre licita\u00e7\u00f5es p\u00fablicas, e o segundo lugar na Hackatona promovida pela Ag\u00eancia S\u00e3o Paulo de Desenvolvimento da prefeitura de S\u00e3o Paulo sobre a tem\u00e1tica da mulher e economia do cuidado, ambos em 2022. Em maio de 2025, elaborou uma ferramenta que classifica as propostas para o Programa de Metas em categorias e as ordena por assunto e quantidade de apoios, facilitando a divulga\u00e7\u00e3o das propostas para a popula\u00e7\u00e3o. Na elabora\u00e7\u00e3o da ferramenta, foram usados conhecimentos em dados abertos, intelig\u00eancia artificial e gest\u00e3o p\u00fablica.<\/p>\n<p>&nbsp;<\/p>\n<p><strong>Inscri\u00e7\u00f5es: <\/strong>ENCERRADAS<\/p>\n<p>&nbsp;<\/p>\n","protected":false},"excerpt":{"rendered":"<p>REVEJA A OFICINA CLICANDO AQUI Oficina online: An\u00e1lise de Dados com Intelig\u00eancia Artificial na Gest\u00e3o P\u00fablica: Programa de Metas Em parceria com Agente de Governo Aberto, da Prefeitura de S\u00e3o Paulo. Contexto: Nesta oficina ser\u00e1 demonstrado como a tecnologia pode ser uma aliada nas tomadas de decis\u00f5es pol\u00edticas por meio de exemplos reais. Ser\u00e3o expostas [&hellip;]<\/p>\n","protected":false},"author":731,"featured_media":0,"parent":29358,"menu_order":9,"comment_status":"closed","ping_status":"closed","template":"","meta":{"_acf_changed":false,"footnotes":""},"class_list":["post-29901","page","type-page","status-publish","hentry"],"acf":[],"_links":{"self":[{"href":"https:\/\/www.saopaulo.sp.leg.br\/escoladoparlamento\/wp-json\/wp\/v2\/pages\/29901","targetHints":{"allow":["GET"]}}],"collection":[{"href":"https:\/\/www.saopaulo.sp.leg.br\/escoladoparlamento\/wp-json\/wp\/v2\/pages"}],"about":[{"href":"https:\/\/www.saopaulo.sp.leg.br\/escoladoparlamento\/wp-json\/wp\/v2\/types\/page"}],"author":[{"embeddable":true,"href":"https:\/\/www.saopaulo.sp.leg.br\/escoladoparlamento\/wp-json\/wp\/v2\/users\/731"}],"replies":[{"embeddable":true,"href":"https:\/\/www.saopaulo.sp.leg.br\/escoladoparlamento\/wp-json\/wp\/v2\/comments?post=29901"}],"version-history":[{"count":5,"href":"https:\/\/www.saopaulo.sp.leg.br\/escoladoparlamento\/wp-json\/wp\/v2\/pages\/29901\/revisions"}],"predecessor-version":[{"id":29931,"href":"https:\/\/www.saopaulo.sp.leg.br\/escoladoparlamento\/wp-json\/wp\/v2\/pages\/29901\/revisions\/29931"}],"up":[{"embeddable":true,"href":"https:\/\/www.saopaulo.sp.leg.br\/escoladoparlamento\/wp-json\/wp\/v2\/pages\/29358"}],"wp:attachment":[{"href":"https:\/\/www.saopaulo.sp.leg.br\/escoladoparlamento\/wp-json\/wp\/v2\/media?parent=29901"}],"curies":[{"name":"wp","href":"https:\/\/api.w.org\/{rel}","templated":true}]}}

Oficina: Análise de Dados com Inteligência Artificial na Gestão Pública: Programa de Metas

<h3>REVEJA A OFICINA <a href="https://www.youtube.com/live/3SlAPlnY10U?si=5PPZncUo_8t1cEAW">CLICANDO AQUI</a></h3>
<h3>Oficina online: Análise de Dados com Inteligência Artificial na Gestão Pública: Programa de Metas</h3>
<p>Em parceria com Agente de Governo Aberto, da Prefeitura de São Paulo.</p>
<p><strong>Contexto: </strong>Nesta oficina será demonstrado como a tecnologia pode ser uma aliada nas tomadas de decisões políticas por meio de exemplos reais. Serão expostas situações com dados estruturados e não estruturados da gestão municipal, com o foco nas sugestões de propostas enviadas pelos cidadãos para o Plano Plurianual (PPA) 2026-2029, durante a consulta pública do <em>Programa de Metas</em> no site <em>Participe Mais</em> da prefeitura.</p>
<p><strong>Data:</strong>  15 de dezembro de 2025</p>
<p><strong>Local:</strong> ONLINE</p>
<p><strong><br />
</strong><strong>Programação:</strong></p>
<ul>
<li>Conceitos de Governo Aberto</li>
<li>O Problema na Prática: A Consulta Pública do Orçamento 2025</li>
<li>Apresentação do <em>Participe Mais</em>, das consultas públicas e Programa de Metas.</li>
<li>Navegação pela consulta pública do Programa de Metas para demonstrar o volume e a complexidade das contribuições recebidas.</li>
<li>Desafio operacional e analítico devido ao alto volume de dados</li>
<li>Exposição de propostas reais, selecionadas com base no interesse dos participantes presentes, para ilustrar a diversidade das demandas.</li>
<li>Estudo de Caso Prático</li>
<li>Apresentação da Metodologia: Demonstração da solução com exposição de trechos de código e explicação das tecnologias utilizadas: Python, Pandas, Google Gemini.</li>
<li>Discussão sobre os desafios reais encontrados, como a alta quantidade de dados, a otimização do tempo de análise e os ajustes necessários nos comandos para a Inteligência Artificial.</li>
<li>Exibição dos relatórios e painéis visuais gerados pela análise, destacando: ranking dos temas mais recorrentes; participação em cada distrito e subprefeitura</li>
<li>Outras possíveis aplicações da ferramenta</li>
</ul>
<p><strong>Público-Alvo:</strong></p>
<p>Técnicos e gestores municipais, pesquisadores acadêmicos, sociedade civil organizada, representantes de associações de bairro, parlamentares e assessorias.</p>
<p><strong>Vagas:</strong> 100</p>
<p><strong>Carga Horária:</strong> 2h30</p>
<p><strong>Palestrante:</strong></p>
<p><strong>Carolina Borges</strong> é formada em Ciência da Computação, com pós-graduação em Gestão e Controle Social das Políticas Públicas pela Escola de Contas do Tribunal de Contas do Município de São Paulo. Tem experiências profissionais, acadêmicas e voluntárias sobre controle social das políticas públicas, tecnologia e comunicação. Mantenedora do movimento chamado Ocupa Mãe, que desde 2018 incentiva mães e crianças a participarem de espaços políticos como conselhos, audiências e consultas públicas. Integrante do 3° Fórum de Gestão Compartilhada e oficineira pelo edital Agente de Governo Aberto da Prefeitura de São Paulo nos anos de 2024, 2021 e 2020.<br />
Em 2024, foi reconhecida com o Selo de Direitos Humanos e Diversidade na categoria Crianças e Adolescentes pela Prefeitura de São Paulo, devido a atividades relacionadas com cidadania para mães, crianças e jovens. Obteve o segundo lugar no hackathon do Governo Federal sobre licitações públicas, e o segundo lugar na Hackatona promovida pela Agência São Paulo de Desenvolvimento da prefeitura de São Paulo sobre a temática da mulher e economia do cuidado, ambos em 2022. Em maio de 2025, elaborou uma ferramenta que classifica as propostas para o Programa de Metas em categorias e as ordena por assunto e quantidade de apoios, facilitando a divulgação das propostas para a população. Na elaboração da ferramenta, foram usados conhecimentos em dados abertos, inteligência artificial e gestão pública.</p>
<p>&nbsp;</p>
<p><strong>Inscrições: </strong>ENCERRADAS</p>
<p>&nbsp;</p>

<p>REVEJA A OFICINA CLICANDO AQUI Oficina online: Análise de Dados com Inteligência Artificial na Gestão Pública: Programa de Metas Em parceria com Agente de Governo Aberto, da Prefeitura de São Paulo. Contexto: Nesta oficina será demonstrado como a tecnologia pode ser uma aliada nas tomadas de decisões políticas por meio de exemplos reais. Serão expostas [&hellip;]</p>
